{"id":54,"date":"2015-03-02T23:35:59","date_gmt":"2015-03-02T23:35:59","guid":{"rendered":"http:\/\/www.fafich.ufmg.br\/dcs\/?page_id=54"},"modified":"2018-08-22T11:59:54","modified_gmt":"2018-08-22T11:59:54","slug":"memoria","status":"publish","type":"page","link":"http:\/\/www.fafich.ufmg.br\/dcs\/?page_id=54","title":{"rendered":"Mem\u00f3ria"},"content":{"rendered":"<p><a href=\"http:\/\/www.fafich.ufmg.br\/dcs\/wp-content\/uploads\/2015\/03\/memoria.jpg\"><img loading=\"lazy\" class=\"aligncenter  wp-image-344\" src=\"http:\/\/www.fafich.ufmg.br\/dcs\/wp-content\/uploads\/2015\/03\/memoria-1024x453.jpg\" alt=\"memoria\" width=\"623\" height=\"275\" srcset=\"http:\/\/www.fafich.ufmg.br\/dcs\/wp-content\/uploads\/2015\/03\/memoria-1024x453.jpg 1024w, http:\/\/www.fafich.ufmg.br\/dcs\/wp-content\/uploads\/2015\/03\/memoria-300x133.jpg 300w, http:\/\/www.fafich.ufmg.br\/dcs\/wp-content\/uploads\/2015\/03\/memoria.jpg 1042w\" sizes=\"(max-width: 623px) 100vw, 623px\" \/><\/a><\/p>\n<p><span style=\"color: #000000;\">O Projeto Mem\u00f3ria do Curso e do Departamento de Comunica\u00e7\u00e3o Social da UFMG organiza-se em torno da proposta de constitui\u00e7\u00e3o de um acervo relacionado \u00e0 trajet\u00f3ria da institui\u00e7\u00e3o.<\/span><\/p>\n<p><span style=\"color: #000000;\">As primeiras a\u00e7\u00f5es do Projeto foram realizadas no ambiente de ensino, combinando \u00a0as necessidades dos alunos em aprimorar a pr\u00e1tica do instrumental jornal\u00edstico \u00a0com a urg\u00eancia de se salvar da indig\u00eancia completa a mem\u00f3ria do curso e do departamento de Comunica\u00e7\u00e3o Social. Elas consistiram em entrevistas com fundadores e alunos das primeiras turmas do Curso e foram realizadas por alunos matriculados no Laborat\u00f3rio de Entrevistas,\u00a0 pr\u00e1tica de ensino, que foi coordenada pelos jornalistas Cl\u00e1udia Gra\u00e7a da Fonseca\u00a0 e Enderson d\u2019Assump\u00e7\u00e3o Cunha.<\/span><\/p>\n<p><span style=\"color: #000000;\">Paralelamente, foi desenvolvido um segundo conjunto de a\u00e7\u00f5es, coordenados pelo professor Delfim Afonso J\u00fanior e pelo bibliotec\u00e1rio e editor de imagens , L\u00facio Rodrigues de Melo. Elas foram agrupadas sob o nome Acervo 50 e tinham como objetivo a recupera\u00e7\u00e3o, tratamento e indexa\u00e7\u00e3o de material audiovisual produzido e utilizado por alunos, t\u00e9cnicos e docentes ao longo da trajet\u00f3ria da institui\u00e7\u00e3o.<\/span><\/p>\n<p><span style=\"color: #000000;\">Neste espa\u00e7o, reunimos parte do acervo coletado nestas entrevistas, doado por entrevistados ou recuperado nas depend\u00eancias da Fafich. <\/span><\/p>\n<p><span style=\"color: #000000;\">Banco de Imagens do\u00a0<span style=\"color: #800000;\"><a style=\"color: #800000;\" href=\"https:\/\/www.flickr.com\/photos\/com50anos\/sets\/\" target=\"_blank\"><span style=\"text-decoration: underline;\">Flickr 1<\/span><\/a><\/span><\/span><\/p>\n<p><span style=\"color: #000000;\">Banco de Imagens do <a href=\"https:\/\/www.flickr.com\/photos\/com50anosparte2\/\" target=\"_blank\"><span style=\"text-decoration: underline; color: #800000;\">Flickr 2<\/span><\/a><\/span><\/p>\n<p><span style=\"color: #000000;\"><span style=\"text-decoration: underline;\"><span style=\"color: #800000;\"><a style=\"color: #800000; text-decoration: underline;\" href=\"https:\/\/www.youtube.com\/user\/com50anos\" target=\"_blank\">Canal do YouTube<\/a><\/span><\/span> e outros v\u00eddeos do\u00a0<span style=\"text-decoration: underline;\"><span style=\"color: #800000;\"><a style=\"color: #800000; text-decoration: underline;\" href=\"http:\/\/www.fafich.ufmg.br\/dcs\/memoria\/outros-videos-no-youtube\/\">YouTube<\/a><\/span><\/span><\/span><\/p>\n<p><a href=\"https:\/\/www.facebook.com\/com50anos\" target=\"_blank\"><span style=\"text-decoration: underline;\"><span style=\"color: #800000; text-decoration: underline;\">Facebook<\/span><\/span><\/a><\/p>\n<p><a href=\"https:\/\/com50anos.wordpress.com\/\" target=\"_blank\"><span style=\"text-decoration: underline;\"><span style=\"color: #800000; text-decoration: underline;\">Blog 50 anos<\/span><\/span><\/a><\/p>\n","protected":false},"excerpt":{"rendered":"<p>O Projeto Mem\u00f3ria do Curso e do Departamento de Comunica\u00e7\u00e3o Social da UFMG organiza-se em torno da proposta de constitui\u00e7\u00e3o de um acervo relacionado \u00e0 trajet\u00f3ria da institui\u00e7\u00e3o. As primeiras a\u00e7\u00f5es do Projeto foram realizadas no ambiente de ensino, combinando \u00a0as necessidades dos alunos em aprimorar a pr\u00e1tica do instrumental jornal\u00edstico \u00a0com a urg\u00eancia de [&hellip;]<\/p>\n","protected":false},"author":1,"featured_media":0,"parent":0,"menu_order":0,"comment_status":"open","ping_status":"open","template":"","meta":[],"_links":{"self":[{"href":"http:\/\/www.fafich.ufmg.br\/dcs\/index.php?rest_route=\/wp\/v2\/pages\/54"}],"collection":[{"href":"http:\/\/www.fafich.ufmg.br\/dcs\/index.php?rest_route=\/wp\/v2\/pages"}],"about":[{"href":"http:\/\/www.fafich.ufmg.br\/dcs\/index.php?rest_route=\/wp\/v2\/types\/page"}],"author":[{"embeddable":true,"href":"http:\/\/www.fafich.ufmg.br\/dcs\/index.php?rest_route=\/wp\/v2\/users\/1"}],"replies":[{"embeddable":true,"href":"http:\/\/www.fafich.ufmg.br\/dcs\/index.php?rest_route=%2Fwp%2Fv2%2Fcomments&post=54"}],"version-history":[{"count":17,"href":"http:\/\/www.fafich.ufmg.br\/dcs\/index.php?rest_route=\/wp\/v2\/pages\/54\/revisions"}],"predecessor-version":[{"id":1365,"href":"http:\/\/www.fafich.ufmg.br\/dcs\/index.php?rest_route=\/wp\/v2\/pages\/54\/revisions\/1365"}],"wp:attachment":[{"href":"http:\/\/www.fafich.ufmg.br\/dcs\/index.php?rest_route=%2Fwp%2Fv2%2Fmedia&parent=54"}],"curies":[{"name":"wp","href":"https:\/\/api.w.org\/{rel}","templated":true}]}}