{"id":5030,"date":"2025-01-03T09:17:55","date_gmt":"2025-01-03T12:17:55","guid":{"rendered":"https:\/\/www.fafich.ufmg.br\/pospsicologia\/?page_id=5030"},"modified":"2026-02-06T11:39:25","modified_gmt":"2026-02-06T14:39:25","slug":"bolsas-2025","status":"publish","type":"page","link":"http:\/\/www.fafich.ufmg.br\/pospsicologia\/bolsas-2025\/","title":{"rendered":"Bolsas 2025"},"content":{"rendered":"\n<h3 class=\"wp-block-heading\"><strong>Abaixo, informa\u00e7\u00f5es sobre a sele\u00e7\u00e3o de bolsas 2025<\/strong><\/h3>\n\n\n\n<h3 class=\"wp-block-heading\"><strong><mark style=\"background-color:rgba(0, 0, 0, 0)\" class=\"has-inline-color has-vivid-red-color\">Leia com aten\u00e7\u00e3o\u00a0todos os documentos.<\/mark><\/strong><\/h3>\n\n\n\n<h3 class=\"wp-block-heading\"><strong>A documenta\u00e7\u00e3o deve ser enviada para\u00a0<mark style=\"background-color:rgba(0, 0, 0, 0)\" class=\"has-inline-color has-vivid-cyan-blue-color\">bolsasppgpsicologiaufmg@gmail.com<\/mark><\/strong><\/h3>\n","protected":false},"excerpt":{"rendered":"<p>Abaixo, informa\u00e7\u00f5es sobre a sele\u00e7\u00e3o de bolsas 2025 Leia com aten\u00e7\u00e3o\u00a0todos os documentos. A documenta\u00e7\u00e3o deve ser enviada para\u00a0bolsasppgpsicologiaufmg@gmail.com<\/p>\n","protected":false},"author":2,"featured_media":0,"parent":0,"menu_order":0,"comment_status":"closed","ping_status":"closed","template":"","meta":{"footnotes":""},"_links":{"self":[{"href":"http:\/\/www.fafich.ufmg.br\/pospsicologia\/wp-json\/wp\/v2\/pages\/5030"}],"collection":[{"href":"http:\/\/www.fafich.ufmg.br\/pospsicologia\/wp-json\/wp\/v2\/pages"}],"about":[{"href":"http:\/\/www.fafich.ufmg.br\/pospsicologia\/wp-json\/wp\/v2\/types\/page"}],"author":[{"embeddable":true,"href":"http:\/\/www.fafich.ufmg.br\/pospsicologia\/wp-json\/wp\/v2\/users\/2"}],"replies":[{"embeddable":true,"href":"http:\/\/www.fafich.ufmg.br\/pospsicologia\/wp-json\/wp\/v2\/comments?post=5030"}],"version-history":[{"count":4,"href":"http:\/\/www.fafich.ufmg.br\/pospsicologia\/wp-json\/wp\/v2\/pages\/5030\/revisions"}],"predecessor-version":[{"id":5034,"href":"http:\/\/www.fafich.ufmg.br\/pospsicologia\/wp-json\/wp\/v2\/pages\/5030\/revisions\/5034"}],"wp:attachment":[{"href":"http:\/\/www.fafich.ufmg.br\/pospsicologia\/wp-json\/wp\/v2\/media?parent=5030"}],"curies":[{"name":"wp","href":"https:\/\/api.w.org\/{rel}","templated":true}]}}