{"id":6,"date":"2022-10-30T00:31:49","date_gmt":"2022-10-30T03:31:49","guid":{"rendered":"http:\/\/localhost\/?page_id=6"},"modified":"2022-11-05T19:16:51","modified_gmt":"2022-11-05T22:16:51","slug":"quem-somos","status":"publish","type":"page","link":"https:\/\/www.fafich.ufmg.br\/cem\/quem-somos\/","title":{"rendered":"Quem somos"},"content":{"rendered":"\n<p>O Centro de Estudos Mineiros &#8211; CEM -, fundado em 1957, \u00e9 um \u00f3rg\u00e3o complementar vinculado \u00e0 Faculdade de Filosofia e Ci\u00eancias Humanas da Universidade Federal de Minas Gerais. <\/p>\n\n\n\n<p>O CEM promove e coordena trabalhos de pesquisa referentes \u00e0 Minas Gerais, nos seus aspectos econ\u00f4micos, pol\u00edticos, sociais, culturais, hist\u00f3ricos e outros. <\/p>\n\n\n\n<p>Como parte das suas atribui\u00e7\u00f5es, o CEM disponibiliza, neste site, publica\u00e7\u00f5es dos trabalhos de pesquisa, bancos de dados e listagens, resultados dos projetos vinculados ao CEM, para uso p\u00fablico.<\/p>\n","protected":false},"excerpt":{"rendered":"<p>O Centro de Estudos Mineiros &#8211; CEM -, fundado em 1957, \u00e9 um \u00f3rg\u00e3o complementar vinculado \u00e0 Faculdade de Filosofia e Ci\u00eancias Humanas da Universidade Federal de Minas Gerais. O CEM promove e coordena trabalhos de pesquisa referentes \u00e0 Minas Gerais, nos seus aspectos econ\u00f4micos, pol\u00edticos, sociais, culturais, hist\u00f3ricos e outros. Como parte das suas &#8230; <a title=\"Quem somos\" class=\"read-more\" href=\"https:\/\/www.fafich.ufmg.br\/cem\/quem-somos\/\" aria-label=\"More on Quem somos\">Ler mais<\/a><\/p>\n","protected":false},"author":1,"featured_media":0,"parent":0,"menu_order":0,"comment_status":"closed","ping_status":"closed","template":"","meta":{"ub_ctt_via":""},"featured_image_src":null,"_links":{"self":[{"href":"https:\/\/www.fafich.ufmg.br\/cem\/wp-json\/wp\/v2\/pages\/6"}],"collection":[{"href":"https:\/\/www.fafich.ufmg.br\/cem\/wp-json\/wp\/v2\/pages"}],"about":[{"href":"https:\/\/www.fafich.ufmg.br\/cem\/wp-json\/wp\/v2\/types\/page"}],"author":[{"embeddable":true,"href":"https:\/\/www.fafich.ufmg.br\/cem\/wp-json\/wp\/v2\/users\/1"}],"replies":[{"embeddable":true,"href":"https:\/\/www.fafich.ufmg.br\/cem\/wp-json\/wp\/v2\/comments?post=6"}],"version-history":[{"count":2,"href":"https:\/\/www.fafich.ufmg.br\/cem\/wp-json\/wp\/v2\/pages\/6\/revisions"}],"predecessor-version":[{"id":88,"href":"https:\/\/www.fafich.ufmg.br\/cem\/wp-json\/wp\/v2\/pages\/6\/revisions\/88"}],"wp:attachment":[{"href":"https:\/\/www.fafich.ufmg.br\/cem\/wp-json\/wp\/v2\/media?parent=6"}],"curies":[{"name":"wp","href":"https:\/\/api.w.org\/{rel}","templated":true}]}}

<p>O Centro de Estudos Mineiros &#8211; CEM -, fundado em 1957, é um órgão complementar vinculado à Faculdade de Filosofia e Ciências Humanas da Universidade Federal de Minas Gerais. </p>



<p>O CEM promove e coordena trabalhos de pesquisa referentes à Minas Gerais, nos seus aspectos econômicos, políticos, sociais, culturais, históricos e outros. </p>



<p>Como parte das suas atribuições, o CEM disponibiliza, neste site, publicações dos trabalhos de pesquisa, bancos de dados e listagens, resultados dos projetos vinculados ao CEM, para uso público.</p>

<p>O Centro de Estudos Mineiros &#8211; CEM -, fundado em 1957, é um órgão complementar vinculado à Faculdade de Filosofia e Ciências Humanas da Universidade Federal de Minas Gerais. O CEM promove e coordena trabalhos de pesquisa referentes à Minas Gerais, nos seus aspectos econômicos, políticos, sociais, culturais, históricos e outros. Como parte das suas &#8230; <a title="Quem somos" class="read-more" href="https://www.fafich.ufmg.br/cem/quem-somos/" aria-label="More on Quem somos">Ler mais</a></p>
