{"id":153,"date":"2024-08-02T15:16:52","date_gmt":"2024-08-02T18:16:52","guid":{"rendered":"http:\/\/localhost\/incubadora\/institucional\/?page_id=153"},"modified":"2025-08-08T07:27:49","modified_gmt":"2025-08-08T10:27:49","slug":"apresentacao","status":"publish","type":"page","link":"https:\/\/www.fafich.ufmg.br\/cich\/?page_id=153","title":{"rendered":"Apresenta\u00e7\u00e3o"},"content":{"rendered":"\n<p>O Ciclo Introdut\u00f3rio \u00e0s Ci\u00eancias Humanas foi criado em decis\u00e3o tomada pela Congrega\u00e7\u00e3o da FAFICH, em 12 de junho de 2000, em substitui\u00e7\u00e3o ao Primeiro Ciclo da \u00c1rea de Ci\u00eancias Sociais (Ciclo B\u00e1sico). Seu papel principal, de acordo com o processo de flexibiliza\u00e7\u00e3o curricular em curso na UFMG, \u00e9 oferecer disciplinas de car\u00e1ter introdut\u00f3rio nas \u00e1reas de Ci\u00eancia Pol\u00edtica, Sociologia, Hist\u00f3ria, Filosofia e Comunica\u00e7\u00e3o Social aos alunos de cursos da universidade em seu conjunto.<\/p>\n\n\n\n<p>O objetivo \u00e9 fornecer aos alunos das v\u00e1rias \u00e1reas do conhecimento da UFMG conte\u00fados que venham a contribuir para sua forma\u00e7\u00e3o human\u00edstica, ampliando assim seus horizontes sobre os v\u00e1rios planos da vida cultural, social, econ\u00f4mica, pol\u00edtica, hist\u00f3rica, midi\u00e1tica, bem como, temas que viabilizem a reflex\u00e3o sobre os v\u00e1rios dilemas que se colocam no plano \u00e9tico e cient\u00edfico.<\/p>\n\n\n\n<div style=\"height:50px\" aria-hidden=\"true\" class=\"wp-block-spacer\"><\/div>\n\n\n\n<h2 class=\"wp-block-heading\" style=\"font-size:24px\">Disciplinas ofertadas pelo CICH<\/h2>\n\n\n\n<div style=\"height:25px\" aria-hidden=\"true\" class=\"wp-block-spacer\"><\/div>\n\n\n\n<p><strong>Departamento de Comunica\u00e7\u00e3o<\/strong><br>COM089 \u2013 Comunica\u00e7\u00e3o e Movimento Sociais<br>COM090 \u2013 O Discurso Midi\u00e1tico e a Vida Social<\/p>\n\n\n\n<p><strong>Departamento de Ci\u00eancia Pol\u00edtica<\/strong><br>DCP021 \u2013 Introdu\u00e7\u00e3o \u00e0 Teoria Democr\u00e1tica<br>DCP023 \u2013 Estado Moderno e Capitalismo<\/p>\n\n\n\n<p><strong>Departamento de Filosofia<\/strong><br>FIL028 \u2013 Introdu\u00e7\u00e3o \u00e0 Filosofia: \u00c9tica<br>FIL029 \u2013 Introdu\u00e7\u00e3o \u00e0 Filosofia: Filosofia da Ci\u00eancia e Epistemologia<br>FIL030 \u2013 Introdu\u00e7\u00e3o \u00e0 Filosofia: Est\u00e9tica<\/p>\n\n\n\n<p><strong>Departamento de Hist\u00f3ria<\/strong><br>HIS039 \u2013 Introdu\u00e7\u00e3o \u00e0 Hist\u00f3ria da Cultura<br>HIS040 \u2013 T\u00f3picos em Hist\u00f3ria do Brasil<br>HIS239 \u2013 T\u00f3picos em Hist\u00f3ria da Ci\u00eancia<\/p>\n\n\n\n<p><strong>Departamento de Sociologia<\/strong><br>SOA046 \u2013 Abordagens Tem\u00e1ticas em Sociologia<br>SOA048 \u2013 Fundamentos de An\u00e1lise Sociol\u00f3gica<br>SOA050 \u2013 Modernidade e Mudan\u00e7a Social<\/p>\n\n\n\n<div style=\"height:50px\" aria-hidden=\"true\" class=\"wp-block-spacer\"><\/div>\n\n\n\n<h2 class=\"wp-block-heading\" id=\"contato\" style=\"font-size:24px\">Equipe e contato<\/h2>\n\n\n\n<div style=\"height:25px\" aria-hidden=\"true\" class=\"wp-block-spacer\"><\/div>\n\n\n\n<p><strong>Coordena\u00e7\u00e3o:<\/strong> Prof. Eduardo Meira Zauli<br><strong>Secretaria:<\/strong> Cristiane Resende Assun\u00e7\u00e3o Ventura<\/p>\n\n\n\n<p><strong>E-mail para informa\u00e7\u00f5es e\/ou solicita\u00e7\u00f5es:<\/strong> cich@fafich.ufmg.br<br><strong>Telefone de atendimento:<\/strong> +55 31 3409-5057 <\/p>\n\n\n\n<p><\/p>\n","protected":false},"excerpt":{"rendered":"<p>O Ciclo Introdut\u00f3rio \u00e0s Ci\u00eancias Humanas foi criado em decis\u00e3o tomada pela Congrega\u00e7\u00e3o da FAFICH, em 12 de junho de 2000, em substitui\u00e7\u00e3o ao Primeiro Ciclo da \u00c1rea de Ci\u00eancias Sociais (Ciclo B\u00e1sico). Seu papel principal, de acordo com o processo de flexibiliza\u00e7\u00e3o curricular em curso na UFMG, \u00e9 oferecer disciplinas de car\u00e1ter introdut\u00f3rio nas [&hellip;]<\/p>\n","protected":false},"author":1,"featured_media":0,"parent":0,"menu_order":0,"comment_status":"closed","ping_status":"closed","template":"","meta":{"_acf_changed":false,"footnotes":""},"class_list":["post-153","page","type-page","status-publish","hentry"],"acf":[],"meta_box":[],"_links":{"self":[{"href":"https:\/\/www.fafich.ufmg.br\/cich\/index.php?rest_route=\/wp\/v2\/pages\/153","targetHints":{"allow":["GET"]}}],"collection":[{"href":"https:\/\/www.fafich.ufmg.br\/cich\/index.php?rest_route=\/wp\/v2\/pages"}],"about":[{"href":"https:\/\/www.fafich.ufmg.br\/cich\/index.php?rest_route=\/wp\/v2\/types\/page"}],"author":[{"embeddable":true,"href":"https:\/\/www.fafich.ufmg.br\/cich\/index.php?rest_route=\/wp\/v2\/users\/1"}],"replies":[{"embeddable":true,"href":"https:\/\/www.fafich.ufmg.br\/cich\/index.php?rest_route=%2Fwp%2Fv2%2Fcomments&post=153"}],"version-history":[{"count":2,"href":"https:\/\/www.fafich.ufmg.br\/cich\/index.php?rest_route=\/wp\/v2\/pages\/153\/revisions"}],"predecessor-version":[{"id":1316,"href":"https:\/\/www.fafich.ufmg.br\/cich\/index.php?rest_route=\/wp\/v2\/pages\/153\/revisions\/1316"}],"wp:attachment":[{"href":"https:\/\/www.fafich.ufmg.br\/cich\/index.php?rest_route=%2Fwp%2Fv2%2Fmedia&parent=153"}],"curies":[{"name":"wp","href":"https:\/\/api.w.org\/{rel}","templated":true}]}}