{"id":1880,"date":"2024-04-22T09:32:25","date_gmt":"2024-04-22T12:32:25","guid":{"rendered":"https:\/\/www.fafich.ufmg.br\/colcs\/?page_id=1880"},"modified":"2024-06-04T16:50:54","modified_gmt":"2024-06-04T19:50:54","slug":"sobre-o-curso","status":"publish","type":"page","link":"https:\/\/www.fafich.ufmg.br\/colcs\/sobre-o-curso\/","title":{"rendered":"Sobre o curso"},"content":{"rendered":"<h3><strong>SOBRE O CURSO E SUAS DISCIPLINAS:\u00a0<\/strong><\/h3>\n<p>O curso de Ci\u00eancias Sociais engloba tr\u00eas \u00e1reas do conhecimento interconectadas: Antropologia, Ci\u00eancia Pol\u00edtica e Sociologia. No in\u00edcio do curso, os alunos t\u00eam forma\u00e7\u00e3o te\u00f3rica nessas tr\u00eas \u00e1reas, com quatro disciplinas obrigat\u00f3rias de cada uma. Al\u00e9m disso, h\u00e1 tr\u00eas disciplinas de metodologia obrigat\u00f3rias, e disciplinas introdut\u00f3rias de \u00e1reas afins (filosofia, demografia, economia e estat\u00edstica). A segunda metade do curso \u00e9 bastante flexibilizada e os alunos podem escolher as disciplinas que mais lhes interessam, de um leque de optativas variadas oferecidas a cada semestre. Parte das optativas podem ser cursada por meio da participa\u00e7\u00e3o em congressos, inicia\u00e7\u00f5es cient\u00edficas e com protagonismo social, como participa\u00e7\u00e3o em organiza\u00e7\u00f5es n\u00e3o governamentais.<\/p>\n<p>A partir do segundo semestre, o discente escolhe entre o bacharelado e a licenciatura.\u00a0 As disciplinas espec\u00edficas da licenciatura s\u00e3o ofertadas pela Faculdade de Educa\u00e7\u00e3o (FAE) e envolvem estudos em did\u00e1tica, laborat\u00f3rios de ensino e est\u00e1gios em escolas, que fomenta desde a gradua\u00e7\u00e3o, a pr\u00e1tica de sala de aula, como no programa de resid\u00eancia pedag\u00f3gica, pelo qual os estudantes acompanham por um ano e meio a rotina de ensino em escolas.<\/p>\n<p>&nbsp;<\/p>\n<h3><strong>DIFERENCIAL DO CURSO NA UFMG:<\/strong><\/h3>\n<p>O curso de Ci\u00eancias Sociais da UFMG \u00e9 um dos mais tradicionais no Brasil. Ele oferece uma s\u00f3lida forma\u00e7\u00e3o, tanto te\u00f3rica quanto metodol\u00f3gica \u2013 com destaque para a metodologia, que tende a ser mais aprofundada em nosso curso do que em outras universidades. A diversidade de grupos e laborat\u00f3rios de pesquisa permite que o aluno tenha contato com subcampos variados desde a gradua\u00e7\u00e3o, dentre os quais: estudos de g\u00eanero, religi\u00f5es, ci\u00eancias, pol\u00edticas p\u00fablicas, comportamento eleitoral, seguran\u00e7a p\u00fablica\u2026 Al\u00e9m disso, o curso de ci\u00eancias sociais na UFMG possui uma proximidade grande com as \u00e1reas da demografia, da arqueologia, da gest\u00e3o p\u00fablica e das ci\u00eancias socioambientais, algo que n\u00e3o est\u00e1 presente na maioria das universidades do pa\u00eds.<\/p>\n<p>&nbsp;<\/p>\n<h3><strong>\u00c1REAS DE ATUA\u00c7\u00c3O DO PROFISSIONAL FORMADO NA UFMG:\u00a0<\/strong><\/h3>\n<p>A op\u00e7\u00e3o pelo bacharelado permite trabalhar em organiza\u00e7\u00f5es que lidam com o planejamento urbano, consultoria ambiental e pol\u00edticas p\u00fablicas, em secretarias, funda\u00e7\u00f5es e autarquias. O campo de trabalho abrange atividades em empresas de pesquisas eleitorais, assessorias parlamentares, an\u00e1lise de comportamento de consumidores, pesquisa de opini\u00e3o e an\u00e1lise de dados qualitativos e quantitativos, al\u00e9m de empregos em organiza\u00e7\u00f5es n\u00e3o governamentais e junto a grupos marginalizados da sociedade. A trajet\u00f3ria acad\u00eamica \u00e9 tamb\u00e9m atrativa para muitos egressos do curso.<\/p>\n<p>A licenciatura em Ci\u00eancias Sociais est\u00e1 voltada, principalmente, para o ensino de sociologia na educa\u00e7\u00e3o b\u00e1sica. Por\u00e9m, h\u00e1 egressos tamb\u00e9m que decidem pela carreira acad\u00eamica e a doc\u00eancia no ensino superior, fazendo a forma\u00e7\u00e3o complementar em n\u00edvel de p\u00f3s-gradua\u00e7\u00e3o para isso. A forma\u00e7\u00e3o em licenciatura tamb\u00e9m permite trabalhar nas mesmas \u00e1reas abertas pelo bacharelado, acima listadas.<\/p>\n<p>&nbsp;<\/p>\n<h3><strong>DURA\u00c7\u00c3O:\u00a0<\/strong><\/h3>\n<p>8 semestres para bacharelado e 10 semestres para licenciatura<\/p>\n<p>&nbsp;<\/p>\n<h3><strong>FORMA DE INGRESSO:<\/strong><\/h3>\n<p>O curso oferece 80 vagas por ano, 40 no primeiro semestre letivo e 40 no segundo. Metade do total de vagas \u00e9 reservado para a\u00e7\u00f5es afirmativas e metade para ampla concorr\u00eancia. A sele\u00e7\u00e3o para as vagas ocorre por meio do Sistema de Sele\u00e7\u00e3o Unificada (Sisu), que utiliza notas do Exame Nacional do Ensino M\u00e9dio (Enem). Mais informa\u00e7\u00f5es em <a href=\"https:\/\/www.ufmg.br\/sisu\/\" target=\"_blank\" rel=\"noopener\">Sisu UFMG<\/a>.<\/p>\n<p>&nbsp;<\/p>\n<p>&nbsp;<\/p>\n<p><a href=\"https:\/\/www.fafich.ufmg.br\/colcs\/colegiado\/\">Colegiado do curso<\/a><\/p>\n<p><a href=\"https:\/\/www.fafich.ufmg.br\/colcs\/nde\/\">N\u00facleo Docente Estruturante<\/a><\/p>\n<p><a href=\"https:\/\/www.fafich.ufmg.br\/colcs\/atas\/\">Atas de reuni\u00f5es<\/a><\/p>\n<p><a href=\"https:\/\/www.fafich.ufmg.br\/colcs\/laboratorios\/\">Laborat\u00f3rios e Grupos de Pesquisa<\/a><\/p>\n","protected":false},"excerpt":{"rendered":"<p>SOBRE O CURSO E SUAS DISCIPLINAS:\u00a0 O curso de Ci\u00eancias Sociais engloba tr\u00eas \u00e1reas do conhecimento interconectadas: Antropologia, Ci\u00eancia Pol\u00edtica e Sociologia. No in\u00edcio do curso, os alunos t\u00eam forma\u00e7\u00e3o te\u00f3rica nessas tr\u00eas \u00e1reas, com quatro disciplinas obrigat\u00f3rias de cada uma. Al\u00e9m disso, h\u00e1 tr\u00eas disciplinas de metodologia obrigat\u00f3rias, e disciplinas introdut\u00f3rias de \u00e1reas afins [&hellip;]<\/p>\n","protected":false},"author":1,"featured_media":0,"parent":0,"menu_order":0,"comment_status":"closed","ping_status":"closed","template":"","meta":[],"_links":{"self":[{"href":"https:\/\/www.fafich.ufmg.br\/colcs\/wp-json\/wp\/v2\/pages\/1880"}],"collection":[{"href":"https:\/\/www.fafich.ufmg.br\/colcs\/wp-json\/wp\/v2\/pages"}],"about":[{"href":"https:\/\/www.fafich.ufmg.br\/colcs\/wp-json\/wp\/v2\/types\/page"}],"author":[{"embeddable":true,"href":"https:\/\/www.fafich.ufmg.br\/colcs\/wp-json\/wp\/v2\/users\/1"}],"replies":[{"embeddable":true,"href":"https:\/\/www.fafich.ufmg.br\/colcs\/wp-json\/wp\/v2\/comments?post=1880"}],"version-history":[{"count":6,"href":"https:\/\/www.fafich.ufmg.br\/colcs\/wp-json\/wp\/v2\/pages\/1880\/revisions"}],"predecessor-version":[{"id":2112,"href":"https:\/\/www.fafich.ufmg.br\/colcs\/wp-json\/wp\/v2\/pages\/1880\/revisions\/2112"}],"wp:attachment":[{"href":"https:\/\/www.fafich.ufmg.br\/colcs\/wp-json\/wp\/v2\/media?parent=1880"}],"curies":[{"name":"wp","href":"https:\/\/api.w.org\/{rel}","templated":true}]}}