{"id":1910,"date":"2024-04-22T09:50:58","date_gmt":"2024-04-22T12:50:58","guid":{"rendered":"https:\/\/www.fafich.ufmg.br\/colcs\/?page_id=1910"},"modified":"2025-03-31T11:25:58","modified_gmt":"2025-03-31T14:25:58","slug":"aproveitamento-de-estudos","status":"publish","type":"page","link":"https:\/\/www.fafich.ufmg.br\/colcs\/aproveitamento-de-estudos\/","title":{"rendered":"Aproveitamento de estudos"},"content":{"rendered":"<div>\n<div class=\"post-content entry-content\">\n<p>Para requisitar o aproveitamento de estudos de disciplinas cursadas em outras institui\u00e7\u00f5es <em>anteriormente a seu ingresso na UFMG<\/em>, siga os seguintes passos:<\/p>\n<p>1) Leia atentamente a <a href=\"https:\/\/www.fafich.ufmg.br\/colcs\/wp-content\/uploads\/2024\/04\/Resolucao-APROVEITAMENO-DE-ESTUDOS-06-2019.pdf\">resolu\u00e7\u00e3o vigente<\/a> sobre o assunto.<\/p>\n<p>2) Baixe e preencha o <a href=\"https:\/\/www.fafich.ufmg.br\/colcs\/wp-content\/uploads\/2019\/09\/formulario-Aproveitamento-de-estudos.pdf\">formul\u00e1rio<\/a>. Um para cada disciplina para a qual pretende pedir aproveitamento.<\/p>\n<p>3) Junte a cada formul\u00e1rio a <em>ementa oficial<\/em> da disciplina cursada e o <em>hist\u00f3rico escolar<\/em> da institui\u00e7\u00e3o em que conste a aprova\u00e7\u00e3o nela.<\/p>\n<p>4) Entregue essa documenta\u00e7\u00e3o <em>em m\u00e3os <\/em>para a secretaria do colegiado, seguindo o <a href=\"https:\/\/www.fafich.ufmg.br\/colcs\/calendario\/\">calend\u00e1rio<\/a> e o\u00a0<a href=\"https:\/\/www.fafich.ufmg.br\/colcs\/contato\/\">hor\u00e1rio de atendimento<\/a> do semestre.<\/p>\n<p>5) O colegiado avaliar\u00e1 seus pedidos e os deferir\u00e1 ou indeferir\u00e1 at\u00e9 o final do semestre.<em><br \/>\n<\/em><\/p>\n<\/div>\n<div class=\"post-content entry-content\">\n<p>&nbsp;<\/p>\n<p>ATEN\u00c7\u00c3O: o discente tem <em>at\u00e9 dois semestres<\/em> ap\u00f3s seu ingresso na UFMG para fazer a solicita\u00e7\u00e3o.<\/p>\n<p>ATEN\u00c7\u00c3O: \u00e9 necess\u00e1rio ter cursado a disciplina <em>antes<\/em> do ingresso na UFMG.<\/p>\n<p>ATEN\u00c7\u00c3O: n\u00e3o \u00e9 poss\u00edvel pedir aproveitamento para uma disciplina na qual o discente j\u00e1 foi reprovado dentro da UFMG.<\/p>\n<\/div>\n<\/div>\n","protected":false},"excerpt":{"rendered":"<p>Para requisitar o aproveitamento de estudos de disciplinas cursadas em outras institui\u00e7\u00f5es anteriormente a seu ingresso na UFMG, siga os seguintes passos: 1) Leia atentamente a resolu\u00e7\u00e3o vigente sobre o assunto. 2) Baixe e preencha o formul\u00e1rio. Um para cada disciplina para a qual pretende pedir aproveitamento. 3) Junte a cada formul\u00e1rio a ementa oficial [&hellip;]<\/p>\n","protected":false},"author":1,"featured_media":0,"parent":0,"menu_order":0,"comment_status":"closed","ping_status":"closed","template":"","meta":[],"_links":{"self":[{"href":"https:\/\/www.fafich.ufmg.br\/colcs\/wp-json\/wp\/v2\/pages\/1910"}],"collection":[{"href":"https:\/\/www.fafich.ufmg.br\/colcs\/wp-json\/wp\/v2\/pages"}],"about":[{"href":"https:\/\/www.fafich.ufmg.br\/colcs\/wp-json\/wp\/v2\/types\/page"}],"author":[{"embeddable":true,"href":"https:\/\/www.fafich.ufmg.br\/colcs\/wp-json\/wp\/v2\/users\/1"}],"replies":[{"embeddable":true,"href":"https:\/\/www.fafich.ufmg.br\/colcs\/wp-json\/wp\/v2\/comments?post=1910"}],"version-history":[{"count":9,"href":"https:\/\/www.fafich.ufmg.br\/colcs\/wp-json\/wp\/v2\/pages\/1910\/revisions"}],"predecessor-version":[{"id":2326,"href":"https:\/\/www.fafich.ufmg.br\/colcs\/wp-json\/wp\/v2\/pages\/1910\/revisions\/2326"}],"wp:attachment":[{"href":"https:\/\/www.fafich.ufmg.br\/colcs\/wp-json\/wp\/v2\/media?parent=1910"}],"curies":[{"name":"wp","href":"https:\/\/api.w.org\/{rel}","templated":true}]}}