{"id":914,"date":"2019-08-29T09:55:01","date_gmt":"2019-08-29T12:55:01","guid":{"rendered":"http:\/\/www.fafich.ufmg.br\/colcs\/?page_id=914"},"modified":"2024-04-26T10:58:50","modified_gmt":"2024-04-26T13:58:50","slug":"licenciatura","status":"publish","type":"page","link":"https:\/\/www.fafich.ufmg.br\/colcs\/licenciatura\/","title":{"rendered":"Licenciatura"},"content":{"rendered":"<h3><a href=\"https:\/\/www.fafich.ufmg.br\/colcs\/wp-content\/uploads\/2024\/04\/grade-LICENCIATURA-20117x.pdf\">Matriz Curricular<\/a><\/h3>\n<p>&nbsp;<\/p>\n<div class=\"drop\">\n<p>1\u00ba per\u00edodo:<\/p>\n<ol class=\"drop__list drop__list--depth-2\">\n<li class=\"drop__list-item\"><a class=\"drop__link drop__link--underlined\" href=\"https:\/\/ufmg.br\/cursos\/graduacao\/2384\/91208\/62625\">DCP029-DIG &#8211; POLITICA I<\/a><\/li>\n<li class=\"drop__list-item\"><a class=\"drop__link drop__link--underlined\" href=\"https:\/\/ufmg.br\/cursos\/graduacao\/2384\/91208\/62096\">ECN140-DIG &#8211; INTRODU\u00c7\u00c3O \u00c0 ECONOMIA<\/a><\/li>\n<li class=\"drop__list-item\"><a class=\"drop__link drop__link--underlined\" href=\"https:\/\/ufmg.br\/cursos\/graduacao\/2384\/91208\/61384\">FIL035-DIG &#8211; INTRODUCAO A FILOSOFIA: FILOSOFIA DAS CIENCIAS SOCIAIS<\/a><\/li>\n<li class=\"drop__list-item\"><a class=\"drop__link drop__link--underlined\" href=\"https:\/\/ufmg.br\/cursos\/graduacao\/2384\/91208\/62626\">SOA030-DIG &#8211; ANTROPOLOGIA I<\/a><\/li>\n<li class=\"drop__list-item\"><a class=\"drop__link drop__link--underlined\" href=\"https:\/\/ufmg.br\/cursos\/graduacao\/2384\/91208\/62627\">SOA069-DIG &#8211; SOCIOLOGIA I<\/a><\/li>\n<\/ol>\n<p>&nbsp;<\/p>\n<p>2\u00ba per\u00edodo:<\/p>\n<ol class=\"drop__list drop__list--depth-2\">\n<li class=\"drop__list-item\"><a class=\"drop__link drop__link--underlined\" href=\"https:\/\/ufmg.br\/cursos\/graduacao\/2384\/91208\/62628\">DCP006-DIG &#8211; POLITICA II<\/a><\/li>\n<li><a class=\"drop__link drop__link--underlined\" href=\"https:\/\/ufmg.br\/cursos\/graduacao\/2384\/91208\/62629\">EST057-DIG &#8211; INTRODUCAO A ESTATISTICA<\/a><\/li>\n<li class=\"drop__list-item\"><a class=\"drop__link drop__link--underlined\" href=\"https:\/\/ufmg.br\/cursos\/graduacao\/2384\/91208\/62630\">POP005-DIG &#8211; INTRODU\u00c7\u00c3O \u00c0 DEMOGRAFIA<\/a><\/li>\n<li class=\"drop__list-item\"><a class=\"drop__link drop__link--underlined\" href=\"https:\/\/ufmg.br\/cursos\/graduacao\/2384\/91208\/62631\">SOA002-DIG &#8211; SOCIOLOGIA II<\/a><\/li>\n<li class=\"drop__list-item\"><a class=\"drop__link drop__link--underlined\" href=\"https:\/\/ufmg.br\/cursos\/graduacao\/2384\/91208\/62632\">SOA023-DIG &#8211; ANTROPOLOGIA II<\/a><\/li>\n<\/ol>\n<p>&nbsp;<\/p>\n<p>3\u00ba per\u00edodo:<\/p>\n<ol class=\"drop__list drop__list--depth-2\">\n<li class=\"drop__list-item\"><a class=\"drop__link drop__link--underlined\" href=\"https:\/\/ufmg.br\/cursos\/graduacao\/2384\/91208\/62633\">DCP007-DIG &#8211; POLITICA III<\/a><\/li>\n<li class=\"drop__list-item\"><a class=\"drop__link drop__link--underlined\" href=\"https:\/\/ufmg.br\/cursos\/graduacao\/2384\/91208\/62634\">SOA024-DIG &#8211; METODOLOGIA I<\/a><\/li>\n<li class=\"drop__list-item\"><a class=\"drop__link drop__link--underlined\" href=\"https:\/\/ufmg.br\/cursos\/graduacao\/2384\/91208\/62635\">SOA025-DIG &#8211; ANTROPOLOGIA III<\/a><\/li>\n<li class=\"drop__list-item\"><a class=\"drop__link drop__link--underlined\" href=\"https:\/\/ufmg.br\/cursos\/graduacao\/2384\/91208\/62636\">SOA036-DIG &#8211; SOCIOLOGIA III<\/a><\/li>\n<li>MTE101-DIG &#8211; DID\u00c1TICA DE LICENCIATURA<\/li>\n<li>ESPA\u00c7O PARA OPTATIVAS<\/li>\n<\/ol>\n<p>&nbsp;<\/p>\n<p>4\u00ba per\u00edodo:<\/p>\n<ol class=\"drop__list drop__list--depth-2\">\n<li class=\"drop__list-item\"><a class=\"drop__link drop__link--underlined\" href=\"https:\/\/ufmg.br\/cursos\/graduacao\/2384\/91208\/62637\">DCP024-DIG &#8211; SEMINARIOS TEMATICOS DE POLITICA<\/a><\/li>\n<li class=\"drop__list-item\"><a class=\"drop__link drop__link--underlined\" href=\"https:\/\/ufmg.br\/cursos\/graduacao\/2384\/91208\/62638\">SOA007-DIG &#8211; ANTROPOLOGIA IV<\/a><\/li>\n<li class=\"drop__list-item\"><a class=\"drop__link drop__link--underlined\" href=\"https:\/\/ufmg.br\/cursos\/graduacao\/2384\/91208\/62639\">SOA026-DIG &#8211; METODOLOGIA II<\/a><\/li>\n<li class=\"drop__list-item\"><a class=\"drop__link drop__link--underlined\" href=\"https:\/\/ufmg.br\/cursos\/graduacao\/2384\/91208\/62640\">SOA051-DIG &#8211; SEMINARIOS TEMATICOS DE SOCIOLOGIA<\/a><\/li>\n<li>ESPA\u00c7O PARA OPTATIVAS<\/li>\n<\/ol>\n<p>&nbsp;<\/p>\n<p>5\u00ba per\u00edodo:<\/p>\n<ol class=\"drop__list drop__list--depth-2\">\n<li class=\"drop__list-item\"><a class=\"drop__link drop__link--underlined\" href=\"https:\/\/ufmg.br\/cursos\/graduacao\/2384\/91208\/62641\">SOA027-DIG &#8211; METODOLOGIA III<\/a><\/li>\n<li><a href=\"https:\/\/ufmg.br\/cursos\/graduacao\/2384\/91208\/58963\">LET223-DIG &#8211; FUNDAMENTOS DE LIBRAS<\/a><\/li>\n<li>SOA052-DIG &#8211; LABORATORIO DE ENSINO DE SOCIOLOGIA I<\/li>\n<li>ESPA\u00c7O PARA OPTATIVAS<\/li>\n<\/ol>\n<p>&nbsp;<\/p>\n<p>6\u00ba per\u00edodo:<\/p>\n<ol class=\"drop__list drop__list--depth-2\">\n<li>SOA081-DIG &#8211; ELABORACAO PROGRAMA SOCIOLOGIA NIV MEDIO<\/li>\n<li>SOA053-DIG &#8211; LABORATORIO DE ENSINO DE SOCIOLOGIA II<\/li>\n<li>ESPA\u00c7O PARA OPTATIVAS<\/li>\n<\/ol>\n<\/div>\n<p>7\u00ba per\u00edodo:<\/p>\n<ol>\n<li>MTE254-DIG &#8211; ANALISE PRAT ENSINO ESTAGIO C.SOCIAIS I<\/li>\n<li>ESPA\u00c7O PARA OPTATIVAS<\/li>\n<\/ol>\n<p>8\u00ba per\u00edodo:<\/p>\n<ol>\n<li>MTE255-DIG &#8211; ANALISE PRAT ENSINO ESTAGIO C.SOCIAIS II<\/li>\n<li>ESPA\u00c7O PARA OPTATIVAS<\/li>\n<\/ol>\n<div class=\"drop\">\n<p>9\u00ba per\u00edodo:<\/p>\n<ol>\n<li>ESPA\u00c7O PARA OPTATIVAS<\/li>\n<\/ol>\n<p>10\u00ba per\u00edodo:<\/p>\n<ol>\n<li>ESPA\u00c7O PARA OPTATIVAS<\/li>\n<\/ol>\n<p>&nbsp;<\/p>\n<p>Optativas:<\/p>\n<ol class=\"drop__list drop__list--depth-2\">\n<li class=\"drop__list-item\"><a href=\"https:\/\/ufmg.br\/cursos\/graduacao\/2384\/91208\/62652\">SOA008-DIG &#8211; ANTROPOLOGIA BRASILEIRA<\/a><\/li>\n<li class=\"drop__list-item\"><a href=\"https:\/\/ufmg.br\/cursos\/graduacao\/2384\/91208\/62667\">SOA198-11G &#8211; Atividade Acad\u00eamica PG-A<\/a><\/li>\n<li class=\"drop__list-item\"><a href=\"https:\/\/ufmg.br\/cursos\/graduacao\/2384\/91208\/62668\">SOA199-11G &#8211; Atividade Acad\u00eamica PG-B<\/a><\/li>\n<li class=\"drop__list-item\"><a href=\"https:\/\/ufmg.br\/cursos\/graduacao\/2384\/91208\/62669\">SOA200-11G &#8211; Atividade Acad\u00eamica PG-C<\/a><\/li>\n<li class=\"drop__list-item\"><a href=\"https:\/\/ufmg.br\/cursos\/graduacao\/2384\/91208\/62670\">SOA201-11G &#8211; Atividade Acad\u00eamica PG-D<\/a><\/li>\n<li class=\"drop__list-item\"><a href=\"https:\/\/ufmg.br\/cursos\/graduacao\/2384\/91208\/62666\">SOA196-ESG &#8211; Estudo Dirigido<\/a><\/li>\n<li class=\"drop__list-item\"><a href=\"https:\/\/ufmg.br\/cursos\/graduacao\/2384\/91208\/62684\">SOA215-ESG &#8211; Estudo Dirigido<\/a><\/li>\n<li class=\"drop__list-item\"><a href=\"https:\/\/ufmg.br\/cursos\/graduacao\/2384\/91208\/62646\">DCP025-DIG &#8211; INSTITUICOES POLITICAS<\/a><\/li>\n<li class=\"drop__list-item\"><a href=\"https:\/\/ufmg.br\/cursos\/graduacao\/2384\/91208\/62653\">SOA013-DIG &#8211; METODOS E TECNICAS EM ARQUEOLOGIA<\/a><\/li>\n<li class=\"drop__list-item\"><a href=\"https:\/\/ufmg.br\/cursos\/graduacao\/2384\/91208\/62647\">DCP026-DIG &#8211; MOVIMENTOS SOCIAIS E SOCIEDADE CIVIL<\/a><\/li>\n<li class=\"drop__list-item\"><a href=\"https:\/\/ufmg.br\/cursos\/graduacao\/2384\/91208\/62682\">SOA213-15G &#8211; Organiza\u00e7a\u00f5 de Evento\/Curso<\/a><\/li>\n<li class=\"drop__list-item\"><a href=\"https:\/\/ufmg.br\/cursos\/graduacao\/2384\/91208\/60446\">DCP008-DIG &#8211; POLITICA BRASILEIRA I<\/a><\/li>\n<li class=\"drop__list-item\"><a href=\"https:\/\/ufmg.br\/cursos\/graduacao\/2384\/91208\/62645\">DCP009-DIG &#8211; POLITICA BRASILEIRA II<\/a><\/li>\n<li class=\"drop__list-item\"><a href=\"https:\/\/ufmg.br\/cursos\/graduacao\/2384\/91208\/62649\">DCP028-DIG &#8211; POLITICA INTERNACIONAL<\/a><\/li>\n<li class=\"drop__list-item\"><a href=\"https:\/\/ufmg.br\/cursos\/graduacao\/2384\/91208\/62648\">DCP027-DIG &#8211; POLITICAS PUBLICAS<\/a><\/li>\n<li class=\"drop__list-item\"><a href=\"https:\/\/ufmg.br\/cursos\/graduacao\/2384\/91208\/58961\">ADE003-DIG &#8211; POL\u00cdTICA EDUCACIONAL<\/a><\/li>\n<li class=\"drop__list-item\"><a href=\"https:\/\/ufmg.br\/cursos\/graduacao\/2384\/91208\/58962\">CAE002-DIG &#8211; PSICOLOGIA DA EDUCACAO-APRENDIZAGEM E ENSINO<\/a><\/li>\n<li class=\"drop__list-item\"><a href=\"https:\/\/ufmg.br\/cursos\/graduacao\/2384\/91208\/62683\">SOA214-DIG &#8211; Participa\u00e7\u00e3o em Corpo Editorial Peri\u00f3dico Cient\u00edfico<\/a><\/li>\n<li class=\"drop__list-item\"><a href=\"https:\/\/ufmg.br\/cursos\/graduacao\/2384\/91208\/62671\">SOA202-DIG &#8211; Participa\u00e7\u00e3o em Empresa J\u00fanior<\/a><\/li>\n<li class=\"drop__list-item\"><a href=\"https:\/\/ufmg.br\/cursos\/graduacao\/2384\/91208\/62685\">SOA216-12G &#8211; Participa\u00e7\u00e3o em Empresa J\u00fanior<\/a><\/li>\n<li class=\"drop__list-item\"><a href=\"https:\/\/ufmg.br\/cursos\/graduacao\/2384\/91208\/62663\">SOA193-DIG &#8211; Participa\u00e7\u00e3o em Eventos<\/a><\/li>\n<li class=\"drop__list-item\"><a href=\"https:\/\/ufmg.br\/cursos\/graduacao\/2384\/91208\/62686\">SOA217-DIG &#8211; Participa\u00e7\u00e3o em Org\u00e3os Colegiados\/Representa\u00e7\u00e3o Estudantil<\/a><\/li>\n<li class=\"drop__list-item\"><a href=\"https:\/\/ufmg.br\/cursos\/graduacao\/2384\/91208\/62672\">SOA203-13G &#8211; Programa de Bolsa Acad\u00eamica<\/a><\/li>\n<li class=\"drop__list-item\"><a href=\"https:\/\/ufmg.br\/cursos\/graduacao\/2384\/91208\/62688\">SOA219-13G &#8211; Programa de Bolsa Acad\u00eamica<\/a><\/li>\n<li class=\"drop__list-item\"><a href=\"https:\/\/ufmg.br\/cursos\/graduacao\/2384\/91208\/62662\">SOA192-03G &#8211; Programa de Inicia\u00e7\u00e3o Cient\u00edfica<\/a><\/li>\n<li class=\"drop__list-item\"><a href=\"https:\/\/ufmg.br\/cursos\/graduacao\/2384\/91208\/62676\">SOA207-03G &#8211; Programa de Inicia\u00e7\u00e3o Cient\u00edfica<\/a><\/li>\n<li class=\"drop__list-item\"><a href=\"https:\/\/ufmg.br\/cursos\/graduacao\/2384\/91208\/62678\">SOA209-02G &#8211; Programa de Inicia\u00e7\u00e3o a Doc\u00eancia<\/a><\/li>\n<li class=\"drop__list-item\"><a href=\"https:\/\/ufmg.br\/cursos\/graduacao\/2384\/91208\/62673\">SOA204-03G &#8211; Programa de Inicia\u00e7\u00e3o a Doc\u00eancia<\/a><\/li>\n<li class=\"drop__list-item\"><a href=\"https:\/\/ufmg.br\/cursos\/graduacao\/2384\/91208\/62674\">SOA205-DIG &#8211; Programa de Inicia\u00e7\u00e3o a Extens\u00e3o<\/a><\/li>\n<li class=\"drop__list-item\"><a href=\"https:\/\/ufmg.br\/cursos\/graduacao\/2384\/91208\/62679\">SOA210-03G &#8211; Programa de Inicia\u00e7\u00e3o a Extens\u00e3o<\/a><\/li>\n<li class=\"drop__list-item\"><a href=\"https:\/\/ufmg.br\/cursos\/graduacao\/2384\/91208\/62677\">SOA208-03G &#8211; Programa de Inicia\u00e7\u00e3o ao Ensino M\u00e9dio<\/a><\/li>\n<li class=\"drop__list-item\"><a href=\"https:\/\/ufmg.br\/cursos\/graduacao\/2384\/91208\/62689\">SOA220-03G &#8211; Programa de Inicia\u00e7\u00e3o ao Ensino M\u00e9dio<\/a><\/li>\n<li class=\"drop__list-item\"><a href=\"https:\/\/ufmg.br\/cursos\/graduacao\/2384\/91208\/62675\">SOA206-11G &#8211; Protagonismo Social<\/a><\/li>\n<li class=\"drop__list-item\"><a href=\"https:\/\/ufmg.br\/cursos\/graduacao\/2384\/91208\/62687\">SOA218-11G &#8211; Protagonismo Social<\/a><\/li>\n<li class=\"drop__list-item\"><a href=\"https:\/\/ufmg.br\/cursos\/graduacao\/2384\/91208\/62661\">SOA115-DIG &#8211; SOCIOLOGIA BRASILEIRA<\/a><\/li>\n<li class=\"drop__list-item\"><a href=\"https:\/\/ufmg.br\/cursos\/graduacao\/2384\/91208\/58974\">CAE001-DIG &#8211; SOCIOLOGIA DA EDUCA\u00c7\u00c3O<\/a><\/li>\n<li class=\"drop__list-item\"><a href=\"https:\/\/ufmg.br\/cursos\/graduacao\/2384\/91208\/62644\">DCP001-DIG &#8211; TEORIA POLITICA CONTEMPORANEA<\/a><\/li>\n<li class=\"drop__list-item\"><a href=\"https:\/\/ufmg.br\/cursos\/graduacao\/2384\/91208\/62657\">SOA072-DIG &#8211; TOPICOS EM ANTROPOLOGIA<\/a><\/li>\n<li class=\"drop__list-item\"><a href=\"https:\/\/ufmg.br\/cursos\/graduacao\/2384\/91208\/62658\">SOA073-DIG &#8211; TOPICOS EM ARQUEOLOGIA<\/a><\/li>\n<li class=\"drop__list-item\"><a href=\"https:\/\/ufmg.br\/cursos\/graduacao\/2384\/91208\/62160\">POP004-DIG &#8211; TOPICOS EM DEMOGRAFIA<\/a><\/li>\n<li class=\"drop__list-item\"><a href=\"https:\/\/ufmg.br\/cursos\/graduacao\/2384\/91208\/60078\">ECN010-DIG &#8211; TOPICOS EM ECONOMIA<\/a><\/li>\n<li class=\"drop__list-item\"><a href=\"https:\/\/ufmg.br\/cursos\/graduacao\/2384\/91208\/62651\">GEO025-DIG &#8211; TOPICOS EM GEOGRAFIA<\/a><\/li>\n<li class=\"drop__list-item\"><a href=\"https:\/\/ufmg.br\/cursos\/graduacao\/2384\/91208\/62659\">SOA074-DIG &#8211; TOPICOS EM METODOLOGIA<\/a><\/li>\n<li class=\"drop__list-item\"><a href=\"https:\/\/ufmg.br\/cursos\/graduacao\/2384\/91208\/62650\">DCP030-DIG &#8211; TOPICOS EM POLITICA<\/a><\/li>\n<li class=\"drop__list-item\"><a href=\"https:\/\/ufmg.br\/cursos\/graduacao\/2384\/91208\/62656\">SOA071-DIG &#8211; TOPICOS EM SOCIOLOGIA<\/a><\/li>\n<li class=\"drop__list-item\"><a href=\"https:\/\/ufmg.br\/cursos\/graduacao\/2384\/91208\/62660\">SOA087-DIG &#8211; TOPICOS EM SOCIOLOGIA DA EDUCACAO<\/a><\/li>\n<li class=\"drop__list-item\"><a href=\"https:\/\/ufmg.br\/cursos\/graduacao\/2384\/91208\/62655\">SOA056-DIG &#8211; TOPICOS EM TEORIA SOCIOLOGCA CONTEMPORANEA<\/a><\/li>\n<li class=\"drop__list-item\"><a href=\"https:\/\/ufmg.br\/cursos\/graduacao\/2384\/91208\/62654\">SOA055-DIG &#8211; TOPICOS EM TEORIA SOCIOLOGICA CLASSICA<\/a><\/li>\n<li class=\"drop__list-item\"><a href=\"https:\/\/ufmg.br\/cursos\/graduacao\/2384\/91208\/62681\">SOA212-04G &#8211; Trabalho Apresentado em Evento Cient\u00edfico<\/a><\/li>\n<li class=\"drop__list-item\"><a href=\"https:\/\/ufmg.br\/cursos\/graduacao\/2384\/91208\/62664\">SOA194-05G &#8211; Trabalho Publicado em Peri\u00f3dico Cient\u00edfico<\/a><\/li>\n<li class=\"drop__list-item\"><a href=\"https:\/\/ufmg.br\/cursos\/graduacao\/2384\/91208\/62665\">SOA195-01G &#8211; Viv\u00eancia Profissional Complementar<\/a><\/li>\n<li class=\"drop__list-item\"><a href=\"https:\/\/ufmg.br\/cursos\/graduacao\/2384\/91208\/62680\">SOA211-01G &#8211; Viv\u00eancia Profissional Complementar<\/a><\/li>\n<\/ol>\n<\/div>\n<p>&nbsp;<\/p>\n","protected":false},"excerpt":{"rendered":"<p>Matriz Curricular &nbsp; 1\u00ba per\u00edodo: DCP029-DIG &#8211; POLITICA I ECN140-DIG &#8211; INTRODU\u00c7\u00c3O \u00c0 ECONOMIA FIL035-DIG &#8211; INTRODUCAO A FILOSOFIA: FILOSOFIA DAS CIENCIAS SOCIAIS SOA030-DIG &#8211; ANTROPOLOGIA I SOA069-DIG &#8211; SOCIOLOGIA I &nbsp; 2\u00ba per\u00edodo: DCP006-DIG &#8211; POLITICA II EST057-DIG &#8211; INTRODUCAO A ESTATISTICA POP005-DIG &#8211; INTRODU\u00c7\u00c3O \u00c0 DEMOGRAFIA SOA002-DIG &#8211; SOCIOLOGIA II SOA023-DIG &#8211; ANTROPOLOGIA [&hellip;]<\/p>\n","protected":false},"author":1,"featured_media":0,"parent":0,"menu_order":0,"comment_status":"closed","ping_status":"closed","template":"","meta":[],"_links":{"self":[{"href":"https:\/\/www.fafich.ufmg.br\/colcs\/wp-json\/wp\/v2\/pages\/914"}],"collection":[{"href":"https:\/\/www.fafich.ufmg.br\/colcs\/wp-json\/wp\/v2\/pages"}],"about":[{"href":"https:\/\/www.fafich.ufmg.br\/colcs\/wp-json\/wp\/v2\/types\/page"}],"author":[{"embeddable":true,"href":"https:\/\/www.fafich.ufmg.br\/colcs\/wp-json\/wp\/v2\/users\/1"}],"replies":[{"embeddable":true,"href":"https:\/\/www.fafich.ufmg.br\/colcs\/wp-json\/wp\/v2\/comments?post=914"}],"version-history":[{"count":5,"href":"https:\/\/www.fafich.ufmg.br\/colcs\/wp-json\/wp\/v2\/pages\/914\/revisions"}],"predecessor-version":[{"id":2016,"href":"https:\/\/www.fafich.ufmg.br\/colcs\/wp-json\/wp\/v2\/pages\/914\/revisions\/2016"}],"wp:attachment":[{"href":"https:\/\/www.fafich.ufmg.br\/colcs\/wp-json\/wp\/v2\/media?parent=914"}],"curies":[{"name":"wp","href":"https:\/\/api.w.org\/{rel}","templated":true}]}}