{"id":176,"date":"2025-03-19T23:41:49","date_gmt":"2025-03-20T02:41:49","guid":{"rendered":"https:\/\/servweb.fafich.ufmg.br\/ghis\/?page_id=176"},"modified":"2025-03-22T12:01:25","modified_gmt":"2025-03-22T15:01:25","slug":"defesas-de-monografias","status":"publish","type":"page","link":"https:\/\/www.fafich.ufmg.br\/colhis\/?page_id=176","title":{"rendered":"Defesas de monografias"},"content":{"rendered":"\n<p>Para ter acesso \u00e0s monografias, entrar em contato com o Colegiado do curso:&nbsp;<a href=\"mailto:colgradhis@fafich.ufmg.br\">colgradhis@fafich.ufmg.br<\/a><\/p>\n\n\n\n<div style=\"height:50px\" aria-hidden=\"true\" class=\"wp-block-spacer\"><\/div>\n\n\n\n<div class=\"wp-block-group is-layout-constrained wp-block-group-is-layout-constrained\">\n<h2 class=\"wp-block-heading\"><strong>2024<\/strong><\/h2>\n\n\n\n<p><strong>Iniciar a doc\u00eancia na pandemia: desafios enfrentados por jovens professores\/as de Hist\u00f3ria que iniciaram a doc\u00eancia em Contagem (MG) no contexto de retorno \u00e0s aulas presenciais<\/strong><br>J\u00falia Teresa Vieira Leite<br>Orientadora: Miriam Hermeto S\u00e1 Motta<\/p>\n\n\n\n<p><strong>\u201cComer\u00e1 coisas de sust\u00e2ncia e de boa nutri\u00e7\u00e3o\u201d: o Er\u00e1rio Mineral e as pr\u00e1ticas cotidianas do fazer e do comer nas vilas do ouro (1710-1730)<\/strong><br>Soraia Oliveira de Vasconcelos Botelho<br>Orientador: Jos\u00e9 Newton Coelho Meneses<\/p>\n\n\n\n<p><strong>Os obst\u00e1culos \u00e0 imigra\u00e7\u00e3o japonesa no Brasil<\/strong><br>Isabelle de Melo Ferreira<br>Orientadora: Clarice Ferreira Menezes.<\/p>\n<\/div>\n\n\n\n<div style=\"height:50px\" aria-hidden=\"true\" class=\"wp-block-spacer\"><\/div>\n\n\n\n<div class=\"wp-block-group is-layout-constrained wp-block-group-is-layout-constrained\">\n<h2 class=\"wp-block-heading\"><strong>2023<\/strong><\/h2>\n\n\n\n<p><strong>A morte e o morrer de mulheres escravas, forras e n\u00e3o brancas em sabar\u00e1 no s\u00e9culo XVIII<\/strong><br>Aline Pereira Lopes<br>Orientador: Eduardo Fran\u00e7a Paiva<\/p>\n\n\n\n<p><strong>M\u00eddia e feminismo:\u00a0\u00a0a atua\u00e7\u00e3o de Bertha Lutz e a repercuss\u00e3o midi\u00e1tica sufragista no brasil \u2013 jornal o Pharol 1918-1933<\/strong><br>Daniela Coelho Brand\u00e3o<br>Orientadora: Rita Lages Rodrigues<\/p>\n\n\n\n<p><strong>Paulo Nazareth sob a perspectiva da arte-historiogr\u00e1fica: uma an\u00e1lise comparativa do procedimento art\u00edstico e historiogr\u00e1fico<\/strong><br>Mariana dos Santos Pio<br>Orientadora: Ana Paula Sampaio Caldeira<\/p>\n\n\n\n<p><strong>As mulheres e o rap brasileiro \u2013 como eram as perspectivas das primeiras rappers em rela\u00e7\u00e3o \u00e0 desigualdade entre os g\u00eaneros no Brasil<\/strong><br>Maria Clara da Rosa Aparecido<br>Orientadora: Miriam Hermeto S\u00e1 Motta<\/p>\n\n\n\n<p><strong>Chicago Boys e o sistema a inser\u00e7\u00e3o e consolida\u00e7\u00e3o do neoliberalismo na ditadura chilena (1973-1990)<\/strong><br>V\u00edtor Nazar\u00e9 Pereira<br>Orientadora: Adriane Vidal Costa<\/p>\n\n\n\n<p><strong>A (i)l\u00f3gica excludente da nova capital de Minas Gerais: para aonde enviar os presos pobres condenados? (1897 a 1899)<\/strong><br>Sonia Zuim Barbosa Macedo<br>Orientador: Tarc\u00edsio Botelho<\/p>\n\n\n\n<p><strong>Ashbel Green Simonton e a sua rela\u00e7\u00e3o com as tend\u00eancias abolicionistas (1852-1867)<\/strong><br>Vinicius Alves dos Santos<br>Orientador: Tarc\u00edsio Botelho<\/p>\n<\/div>\n\n\n\n<div style=\"height:50px\" aria-hidden=\"true\" class=\"wp-block-spacer\"><\/div>\n\n\n\n<div class=\"wp-block-group is-layout-constrained wp-block-group-is-layout-constrained\">\n<h2 class=\"wp-block-heading\"><strong>2022<\/strong><\/h2>\n\n\n\n<p><strong>Nas entrelinhas da mem\u00f3ria: A constru\u00e7\u00e3o da mem\u00f3ria da Guerra de Biafra a partir de\u00a0<em>Meio Sol Amarelo<\/em>, de Chimamanda Adichie (2006)<\/strong><br>Amanda Ribeiro dos Santos<br>Orientador: Alexandre Marcussi<\/p>\n\n\n\n<p><strong>O outro lado do imp\u00e9rio: a ideia da transcoloniza\u00e7\u00e3o em dois momentos do s\u00e9culo XX (1951\u20131995)<\/strong><br>Eric Serbinenko<br>Orientador: Alexandre Marcussi<\/p>\n\n\n\n<p><strong>A institucionaliza\u00e7\u00e3o da mudan\u00e7a de representa\u00e7\u00e3o do negro no curr\u00edculo: an\u00e1lise cr\u00edtica do documento \u201cOrienta\u00e7\u00f5es e A\u00e7\u00f5es para a Educa\u00e7\u00e3o das Rela\u00e7\u00f5es \u00e9tnico-Raciais\u201d<\/strong><br>Gabriel Victor Angelim Campos Moreira<br>Orientadora: Juliana Miranda Filgueiras<\/p>\n\n\n\n<p><strong>URSS x Alemanha: economias de guerra na frente oriental<\/strong><br>Andr\u00e9 Felippe Torres Soares<br>Orientadora: Priscila Carlos Brand\u00e3o<\/p>\n\n\n\n<p><strong>Mem\u00f3ria e resist\u00eancia: um estudo da heterogeineidade do movimento de resist\u00eancia francesa perante a ocupa\u00e7\u00e3o nazista (1940-1944).<\/strong><br>Pedro Henrique Valdez Decottignies<br>Orientador: Douglas Attila Marcelino<\/p>\n\n\n\n<p><strong>Mem\u00f3rias da escravid\u00e3o no judici\u00e1rio mineiro: a\u00e7\u00f5es de liberdade no serro, s\u00e9culo XIX<\/strong><br>J\u00falia Pazzini Scarpelli de Aguiar<br>Orientador: Tarc\u00edsio Botelho<\/p>\n<\/div>\n\n\n\n<div style=\"height:50px\" aria-hidden=\"true\" class=\"wp-block-spacer\"><\/div>\n\n\n\n<div class=\"wp-block-group is-layout-constrained wp-block-group-is-layout-constrained\">\n<h2 class=\"wp-block-heading\"><strong>2021<\/strong><\/h2>\n\n\n\n<p><strong>Pela defesa dos interesses otomanos\u00a0<em>La Jeune Turquie,\u00a0<\/em>o Imp\u00e9rio Otomano e as Guerras dos B\u00e1lc\u00e3s (1912-1913)<\/strong><br>Alaor Souza Oliveira<br>Orientador: Alexandre Marcussi<\/p>\n\n\n\n<p><strong>Acordes de F\u00faria \u2013 A juventude punk paulistana da d\u00e9cada de 1980 e suas representa\u00e7\u00f5es nas (auto)biografias de Clemente Nascimento e Jo\u00e3o Gordo Marcus<\/strong><br>Vinicius D. de Morais<br>Orientadora: Miriam Hermeto S\u00e1 Motta<\/p>\n\n\n\n<p><strong>Representa\u00e7\u00f5es da loucura e de institui\u00e7\u00f5es psiqui\u00e1tricas no romance\u00a0<em>Ayer es nunca j\u00e1mas\u00a0<\/em>(1988) da mexicana Vilma Fuentes<\/strong><br>Mariana Lopes Trindade<br>Orientadora: Adriane Vidal Costa<\/p>\n\n\n\n<p><strong>Supercifuentes: el justiciero \u2013 o humor gr\u00e1fico na revista chilena la Bicicleta (1978-1987)<\/strong><br>Adriano Aguiar Te\u00f3filo<br>Orientadora: Adriane Vidal Costa<\/p>\n\n\n\n<p><strong><em>O jornal Batista<\/em>: os batistas no brasil e a miss\u00e3o de evangelismo num pa\u00eds marcadamente cat\u00f3lico (1901-1909)<\/strong><br>Luiz Gustavo dos Santos Ferreira<br>Orientador: Tarc\u00edsio Botelho<\/p>\n\n\n\n<p><strong>Sociedade, Leis e Criminalidade em\u00a0<em>Oliver Twist<\/em>\u00a0\u2013 Charles Dickens<\/strong><br>Carolina Parente Rodrigues Mazoni Mitt.<br>Orientador: Luiz Arnaut<\/p>\n<\/div>\n\n\n\n<div style=\"height:50px\" aria-hidden=\"true\" class=\"wp-block-spacer\"><\/div>\n\n\n\n<div class=\"wp-block-group is-layout-constrained wp-block-group-is-layout-constrained\">\n<h2 class=\"wp-block-heading\"><strong>2020<\/strong><\/h2>\n\n\n\n<p><strong>A civiliza\u00e7\u00e3o que queremos: as rela\u00e7\u00f5es entre a Sociedade Auxiliadora da Ind\u00fastria Nacional e o Instituto\u00a0 Hist\u00f3rico e Geogr\u00e1fico Brasileiro (1833-1850)<\/strong><br>Vanessa Martins Gon\u00e7alves<br>Orientadora: Ana Paula Sampaio Caldeira<\/p>\n\n\n\n<p><strong>A cobertura brasileira sobre a ditadura militar na Argentina (1976-1983)<\/strong><br>Sady Sim\u00f5es Ribeiro<br>Orientadora: Adriane Vidal Costa<\/p>\n\n\n\n<p><strong>O discurso nacionalista e a constru\u00e7\u00e3o da Rep\u00fablica em\u00a0<em>Theatro Civico Escolar<\/em>\u00a0de Carlos G\u00f3es.<\/strong><br>Rachel Gerv\u00e1sio De Marco.<br>Orientador: Luiz Arnaut<\/p>\n<\/div>\n\n\n\n<div style=\"height:50px\" aria-hidden=\"true\" class=\"wp-block-spacer\"><\/div>\n\n\n\n<div class=\"wp-block-group is-layout-constrained wp-block-group-is-layout-constrained\">\n<h2 class=\"wp-block-heading\"><strong>2019<\/strong><\/h2>\n\n\n\n<p><strong>As bases teol\u00f3gicas, hist\u00f3ricas e jur\u00eddicas para o trato negreiro expostas em escritos do mission\u00e1rio Baltasar Barreira (1582-1609)<\/strong><br>Mikaela Monteiro Moraes<br>Orientador: Alexandre Marcussi<\/p>\n\n\n\n<p><strong>Hist\u00f3ria\u00a0<em>on demand:\u00a0<\/em>uma an\u00e1lise dos canais de divulga\u00e7\u00e3o de hist\u00f3ria no\u00a0<em>youtube<\/em><\/strong><br>R\u00fabia Carla dos Santos Dias<br>Orientadora: Ana Paula Sampaio Caldeira<\/p>\n\n\n\n<p><strong>O Escola Sem Partido em v\u00eddeo: uma an\u00e1lise das influ\u00eancias, conex\u00f5es e discurso de um movimento antiesquerda no brasil<\/strong><br>Hugo Clemente Palmier<br>Orientadora: Juliana Miranda Filgueiras<\/p>\n\n\n\n<p><strong><em>Sea Shanties\u00a0<\/em>e o atl\u00e2ntico: embate entre identidade nacional e classe<\/strong><br>Gabriel Oberd\u00e1 Le\u00e3o<br>Orientadora: Miriam Hermeto S\u00e1 Motta<\/p>\n\n\n\n<p><strong>O governo na Cr\u00f4nica de Salimbene de Parma<\/strong><br>Lorene Correia Santos<br>Orientador: Andr\u00e9 Luis Pereira Miatello<\/p>\n\n\n\n<p><strong>It\u2019s All True: Orson Welles entre a diplomacia e a arte<\/strong><br>Ariane de Oliveira Francisco<br>Orientadora: K\u00e1tia Gerab Baggio<\/p>\n<\/div>\n\n\n\n<div style=\"height:50px\" aria-hidden=\"true\" class=\"wp-block-spacer\"><\/div>\n\n\n\n<div class=\"wp-block-group is-layout-constrained wp-block-group-is-layout-constrained\">\n<h2 class=\"wp-block-heading\"><strong>2018<\/strong><\/h2>\n\n\n\n<p><strong>Travessias clandestinas: Representa\u00e7\u00f5es da emigra\u00e7\u00e3o ilegal de mineiros rumo aos EUA (2001-2016)<\/strong><br>Carolina Silva Horta Machado<br>Orientadora: Miriam Hermeto S\u00e1 Motta<\/p>\n\n\n\n<p><strong><em>Brasil Mulher\u00a0<\/em>e\u00a0<em>N\u00f3s Mulheres:\u00a0<\/em>a imprensa alternativa feminista e o feminismo na ditadura militar (1975-1980).<\/strong><br>Daniela Chain Vieira<br>Orientadora: Miriam Hermeto S\u00e1 Motta<\/p>\n\n\n\n<p><strong>Uma Hist\u00f3ria relegada: o golpe militar no contexto da micro-hist\u00f3ria.\u00a0Nanuque\/MG, d\u00e9cadas de 1950 e 60<\/strong><br>Gilvan Gaspar de Melo<br>Orientadora: Miriam Hermeto S\u00e1 Motta<\/p>\n\n\n\n<p><strong>Nas trilhas sonoras da m\u00fasica popular, uma intelectual da cultura: an\u00e1lise da obra, gesto interpretativo e trajet\u00f3ria art\u00edstica de Nara Le\u00e3o nas d\u00e9cadas 60 e 70<\/strong><br>N\u00e1dya Luiza Fernandes Alves<br>Orientadora: Miriam Hermeto S\u00e1 Motta<\/p>\n\n\n\n<p><strong>Gustavo Guti\u00e9rrez e Leonardo Boff: uma an\u00e1lise da g\u00eanese intelectual da Teologia da Liberta\u00e7\u00e3o (1968- 1972)<\/strong><br>Raquel Marques Soares<br>Orientadora: Adriane Vidal Costa<\/p>\n<\/div>\n","protected":false},"excerpt":{"rendered":"<p>Para ter acesso \u00e0s monografias, entrar em contato com o Colegiado do curso:&nbsp;colgradhis@fafich.ufmg.br 2024 Iniciar a doc\u00eancia na pandemia: desafios enfrentados por jovens professores\/as de Hist\u00f3ria que iniciaram a doc\u00eancia em Contagem (MG) no contexto de retorno \u00e0s aulas presenciaisJ\u00falia Teresa Vieira LeiteOrientadora: Miriam Hermeto S\u00e1 Motta \u201cComer\u00e1 coisas de sust\u00e2ncia e de boa nutri\u00e7\u00e3o\u201d: [&hellip;]<\/p>\n","protected":false},"author":2,"featured_media":0,"parent":0,"menu_order":0,"comment_status":"closed","ping_status":"closed","template":"","meta":{"_acf_changed":false,"footnotes":""},"class_list":["post-176","page","type-page","status-publish","hentry"],"acf":[],"_links":{"self":[{"href":"https:\/\/www.fafich.ufmg.br\/colhis\/index.php?rest_route=\/wp\/v2\/pages\/176"}],"collection":[{"href":"https:\/\/www.fafich.ufmg.br\/colhis\/index.php?rest_route=\/wp\/v2\/pages"}],"about":[{"href":"https:\/\/www.fafich.ufmg.br\/colhis\/index.php?rest_route=\/wp\/v2\/types\/page"}],"author":[{"embeddable":true,"href":"https:\/\/www.fafich.ufmg.br\/colhis\/index.php?rest_route=\/wp\/v2\/users\/2"}],"replies":[{"embeddable":true,"href":"https:\/\/www.fafich.ufmg.br\/colhis\/index.php?rest_route=%2Fwp%2Fv2%2Fcomments&post=176"}],"version-history":[{"count":6,"href":"https:\/\/www.fafich.ufmg.br\/colhis\/index.php?rest_route=\/wp\/v2\/pages\/176\/revisions"}],"predecessor-version":[{"id":373,"href":"https:\/\/www.fafich.ufmg.br\/colhis\/index.php?rest_route=\/wp\/v2\/pages\/176\/revisions\/373"}],"wp:attachment":[{"href":"https:\/\/www.fafich.ufmg.br\/colhis\/index.php?rest_route=%2Fwp%2Fv2%2Fmedia&parent=176"}],"curies":[{"name":"wp","href":"https:\/\/api.w.org\/{rel}","templated":true}]}}