{"id":1377,"date":"2018-01-16T08:39:33","date_gmt":"2018-01-16T10:39:33","guid":{"rendered":"http:\/\/184.107.12.153\/~pospsicologia\/?page_id=1377"},"modified":"2021-02-11T13:44:12","modified_gmt":"2021-02-11T16:44:12","slug":"historico","status":"publish","type":"page","link":"https:\/\/www.fafich.ufmg.br\/pospsicologia\/historico\/","title":{"rendered":"Hist\u00f3rico"},"content":{"rendered":"<p>[vc_row][vc_column][vc_custom_heading text=&#8221;Breve Hist\u00f3rico&#8221; font_container=&#8221;tag:h1|text_align:left&#8221; use_theme_fonts=&#8221;yes&#8221;][vc_column_text]O curso de Mestrado em Psicologia come\u00e7ou a funcionar em 1989 com um corpo docente bastante diversificado e organizado em torno de duas \u00c1reas de Concentra\u00e7\u00e3o: Desenvolvimento Humano e Processos Psicossociais. Em 1991, A CAPES aprovou a abertura do curso de Mestrado em Psicologia com \u00c1rea de Concentra\u00e7\u00e3o em Psicologia Social. Apesar de o curso enfatizar a Psicologia Social e Comunit\u00e1ria, ele tamb\u00e9m incorporava alguns docentes de outras \u00e1reas, atrav\u00e9s de linhas de pesquisa afins.<\/p>\n<p>Nos anos seguintes, novos doutores, com forma\u00e7\u00f5es diversas, incorporaram-se ao Programa. Ocorreu nesse processo uma nuclea\u00e7\u00e3o dos docentes da \u00e1rea da Psican\u00e1lise que propuseram a cria\u00e7\u00e3o de uma \u00c1rea de Concentra\u00e7\u00e3o em Estudos Psicanal\u00edticos.\u00a0A nova \u00e1rea foi aprovada em 1998 e come\u00e7ou a funcionar em 1999. .<\/p>\n<p>Com a consolida\u00e7\u00e3o da \u00c1rea de Concentra\u00e7\u00e3o em Estudos Psicanal\u00edticos, os docentes que trabalhavam com temas relacionados ao desenvolvimento humano, tamb\u00e9m se nuclearam e propuseram a cria\u00e7\u00e3o de uma \u00c1rea de Concentra\u00e7\u00e3o em Desenvolvimento Humano. Esta \u00e1rea foi aprovada em 2003 e come\u00e7ou a funcionar a partir do primeiro semestre de 2004.<\/p>\n<p>Em 2008 tem in\u00edcio o Curso de Doutorado envolvendo as tr\u00eas \u00e1reas de concentra\u00e7\u00e3o e a reformula\u00e7\u00e3o do Curso de Mestrado.<\/p>\n<p>Em 2016, a \u00e1rea de Desenvolvimento Humano se desvinculou do PPG Psicologia, criando o Programa de P\u00f3s-Gradua\u00e7\u00e3o em Psicologia: Cogni\u00e7\u00e3o e Comportamento.<\/p>\n<p>O Programa de P\u00f3s-Gradua\u00e7\u00e3o em Psicologia, avaliado atualmente com nota 5 pela CAPES, organiza suas atividades de ensino, pesquisa e extens\u00e3o atrav\u00e9s de suas tr\u00eas \u00e1reas de concentra\u00e7\u00e3o divididas em seis linhas de pesquisas, aglutinando doutores com forma\u00e7\u00e3o diversa nas tr\u00eas \u00e1reas de concentra\u00e7\u00e3o.<\/p>\n<p>At\u00e9 o ano de 2020 foram defendidas 752 disserta\u00e7\u00f5es de mestrado e 136 teses de doutorado.[\/vc_column_text][vc_empty_space height=&#8221;60px&#8221;][\/vc_column][\/vc_row][vc_row][vc_column][vc_custom_heading text=&#8221;Objetivos&#8221; font_container=&#8221;tag:h1|text_align:left&#8221; use_theme_fonts=&#8221;yes&#8221;][vc_column_text]Os objetivos do\u00a0Programa de P\u00f3s Gradua\u00e7\u00e3o em Psicologia s\u00e3o:<\/p>\n<ul>\n<li>A forma\u00e7\u00e3o de pesquisadores e docentes altamente qualificados;<\/li>\n<li>O desenvolvimento de modalidades de investiga\u00e7\u00e3o voltadas para a compreens\u00e3o e solu\u00e7\u00e3o de problemas psicol\u00f3gicos e sociais e que rompam a l\u00f3gica unidisciplinar, atrav\u00e9s do tr\u00e2nsito por campos distintos do conhecimento;<\/li>\n<li>A promo\u00e7\u00e3o da articula\u00e7\u00e3o entre a produ\u00e7\u00e3o do conhecimento e as pr\u00e1ticas voltadas para as necessidades da popula\u00e7\u00e3o;<\/li>\n<li>A forma\u00e7\u00e3o de n\u00facleos de excel\u00eancia em investiga\u00e7\u00e3o\/interven\u00e7\u00e3o, articulados a n\u00facleos de pesquisa nacionais e internacionais.<\/li>\n<\/ul>\n<p>[\/vc_column_text][vc_empty_space height=&#8221;60px&#8221;][\/vc_column][\/vc_row]<\/p>\n","protected":false},"excerpt":{"rendered":"<p>[vc_row][vc_column][vc_custom_heading text=&#8221;Breve Hist\u00f3rico&#8221; font_container=&#8221;tag:h1|text_align:left&#8221; use_theme_fonts=&#8221;yes&#8221;][vc_column_text]O curso de Mestrado em Psicologia come\u00e7ou a funcionar em 1989 com um corpo docente bastante diversificado e organizado em torno de duas \u00c1reas de Concentra\u00e7\u00e3o: Desenvolvimento Humano e Processos Psicossociais. Em 1991, A CAPES aprovou a abertura do curso de Mestrado em Psicologia com \u00c1rea de Concentra\u00e7\u00e3o em Psicologia Social.<\/p>\n","protected":false},"author":1,"featured_media":0,"parent":0,"menu_order":0,"comment_status":"closed","ping_status":"closed","template":"","meta":{"footnotes":""},"_links":{"self":[{"href":"https:\/\/www.fafich.ufmg.br\/pospsicologia\/wp-json\/wp\/v2\/pages\/1377"}],"collection":[{"href":"https:\/\/www.fafich.ufmg.br\/pospsicologia\/wp-json\/wp\/v2\/pages"}],"about":[{"href":"https:\/\/www.fafich.ufmg.br\/pospsicologia\/wp-json\/wp\/v2\/types\/page"}],"author":[{"embeddable":true,"href":"https:\/\/www.fafich.ufmg.br\/pospsicologia\/wp-json\/wp\/v2\/users\/1"}],"replies":[{"embeddable":true,"href":"https:\/\/www.fafich.ufmg.br\/pospsicologia\/wp-json\/wp\/v2\/comments?post=1377"}],"version-history":[{"count":8,"href":"https:\/\/www.fafich.ufmg.br\/pospsicologia\/wp-json\/wp\/v2\/pages\/1377\/revisions"}],"predecessor-version":[{"id":3606,"href":"https:\/\/www.fafich.ufmg.br\/pospsicologia\/wp-json\/wp\/v2\/pages\/1377\/revisions\/3606"}],"wp:attachment":[{"href":"https:\/\/www.fafich.ufmg.br\/pospsicologia\/wp-json\/wp\/v2\/media?parent=1377"}],"curies":[{"name":"wp","href":"https:\/\/api.w.org\/{rel}","templated":true}]}}