{"id":1393,"date":"2018-01-16T10:58:01","date_gmt":"2018-01-16T12:58:01","guid":{"rendered":"http:\/\/184.107.12.153\/~pospsicologia\/?page_id=1393"},"modified":"2018-05-17T10:52:44","modified_gmt":"2018-05-17T13:52:44","slug":"estudos-psicanaliticos","status":"publish","type":"page","link":"https:\/\/www.fafich.ufmg.br\/pospsicologia\/areas-de-concentracao\/estudos-psicanaliticos\/","title":{"rendered":"Estudos Psicanal\u00edticos"},"content":{"rendered":"<p>[vc_row][vc_column][vc_custom_heading text=&#8221;\u00c1rea de Concentra\u00e7\u00e3o em Estudos Psicanal\u00edticos&#8221; font_container=&#8221;tag:h1|text_align:left&#8221; use_theme_fonts=&#8221;yes&#8221;][vc_column_text]O aluno que ingressa no Programa de P\u00f3s-gradua\u00e7\u00e3o em Psicologia da UFMG escolhe uma das tr\u00eas \u00c1reas de Concentra\u00e7\u00e3o em torno das quais o programa se organiza. As \u00c1reas de Concentra\u00e7\u00e3o, por sua vez, apresentam Linhas de Pesquisa que contemplam diversas \u00e1reas de investiga\u00e7\u00e3o dentro da Psicologia.[\/vc_column_text][vc_empty_space height=&#8221;60px&#8221;][\/vc_column][\/vc_row][vc_row][vc_column][vc_custom_heading text=&#8221;Linha de Pesquisa&#8221; font_container=&#8221;tag:h1|text_align:left&#8221; use_theme_fonts=&#8221;yes&#8221;][vc_custom_heading text=&#8221;Conceitos Fundamentais em Psican\u00e1lise e Investiga\u00e7\u00f5es no Campo Cl\u00ednico e Cultura&#8221; font_container=&#8221;tag:h4|text_align:left&#8221; use_theme_fonts=&#8221;yes&#8221;][vc_column_text]Estudo da g\u00eanese e hist\u00f3ria dos conceitos psicanal\u00edticos, considerando as dissid\u00eancias e ramifica\u00e7\u00f5es do movimento psicanal\u00edtico e investiga\u00e7\u00f5es sobre o emprego do m\u00e9todo psicanal\u00edtico em diversas condi\u00e7\u00f5es institucionais e culturais.[\/vc_column_text][vc_empty_space height=&#8221;60px&#8221;][\/vc_column][\/vc_row][vc_row][vc_column][vc_custom_heading text=&#8221;Laborat\u00f3rios e N\u00facleos de Pesquisa vinculados:&#8221; font_container=&#8221;tag:h1|text_align:left&#8221; use_theme_fonts=&#8221;yes&#8221;][vc_custom_heading text=&#8221;- Laborat\u00f3rio de Psican\u00e1lise&#8221; font_container=&#8221;tag:h4|text_align:left&#8221; use_theme_fonts=&#8221;yes&#8221;][vc_column_text]Docentes participantes: \u00c2ngela Maria Resende Vorcaro, Ant\u00f4nio M\u00e1rcio Ribeiro Teixeira, J\u00e9sus Santiago, M\u00e1rcia Maria Rosa Vieira, Oswaldo Fran\u00e7a Neto e Guilherme Massara Rocha, N\u00e1dia Lagu\u00e1rdia.[\/vc_column_text][vc_empty_space height=&#8221;20px&#8221;][vc_empty_space height=&#8221;20px&#8221;][vc_custom_heading text=&#8221;- O N\u00facleo PSILACS (Psican\u00e1lise e la\u00e7o social no contempor\u00e2neo)&#8221; font_container=&#8221;tag:h4|text_align:left&#8221; use_theme_fonts=&#8221;yes&#8221;][vc_column_text]<span style=\"font-weight: 400;\">coordenado pela Professora Andr\u00e9a Guerra, divide-se em tr\u00eas programas, abaixo sucintamente descritos:<\/span><\/p>\n<ol>\n<li><b><i> Programa Transmiss\u00e3o Lacaniana<\/i><\/b><\/li>\n<\/ol>\n<p><span style=\"font-weight: 400;\">Esse eixo visa discutir a proposta da teoria lacaniana em seus fundamentos, de forma a aplic\u00e1-las \u00e0s manifesta\u00e7\u00f5es sociais e sintom\u00e1ticas na contemporaneidade, colaborando com a forma\u00e7\u00e3o em psican\u00e1lise \u00e0 comunidade de interessados. Mostra-se, para esse fim, imprescind\u00edvel cernir os conceitos fundamentais da teoria psicanal\u00edtica de orienta\u00e7\u00e3o lacaniana, bem como analisar casos que reflitam a dire\u00e7\u00e3o trazida por essa orienta\u00e7\u00e3o, o que orienta a oferta de suas atividades. Prioriza oferta de cursos de atualiza\u00e7\u00e3o, e \u00e9 co-coordenado por Ernesto Anzalone e Mariana Vidigal, ambos egressos deste programa de p\u00f3s-gradua\u00e7\u00e3o.<\/span><\/p>\n<p>&nbsp;<\/p>\n<ol start=\"2\">\n<li><b><i> Programa Interfaces<\/i><\/b><b>:<\/b><\/li>\n<\/ol>\n<p><span style=\"font-weight: 400;\">O N\u00facleo <\/span><i><span style=\"font-weight: 400;\">Interfaces<\/span><\/i><span style=\"font-weight: 400;\"> se prop\u00f5e a renovar a interface entre Psican\u00e1lise e Direito, e, ao faz\u00ea-lo, busca atualizar sua presen\u00e7a e seu impacto na realidade que atravessa as duas disciplinas, produzindo novos encontros que permitam, ao cernir um novo objeto, produzir novas formas de pensar e fazer. Fazer acontecer o sujeito pol\u00edtico, sem excluir sua singularidade radical e n\u00e3o integraliz\u00e1vel pelo sistema \u00e9 o desafio que a universalidade do Direito e a cl\u00ednica psicanal\u00edtica buscar\u00e3o realizar nesse projeto, cuja interdisciplinaridade em ato se efetivar\u00e1 a cada a\u00e7\u00e3o acad\u00eamica. Seu programa bianual inclui a realiza\u00e7\u00e3o de uma pesquisa, um congresso e um livro. O programa \u00e9 co-coordenado por Camila Nic\u00e1cio e Adriana Sena, professoras do Direito da UFMG, e por Marina Otoni e Paula Penna, respectivamente egressa e aluna deste programa de p\u00f3s-gradua\u00e7\u00e3o e<\/span><span style=\"font-weight: 400;\"> conta com alunos, volunt\u00e1rios, e bolsistas de extens\u00e3o ou de Inicia\u00e7\u00e3o Cient\u00edfica como apoio.<\/span><\/p>\n<p>&nbsp;<\/p>\n<ol start=\"3\">\n<li><b><i> Programa de Extens\u00e3o J\u00e1 \u00c9:<\/i><\/b><\/li>\n<\/ol>\n<p><span style=\"font-weight: 400;\">O Programa <\/span><i><span style=\"font-weight: 400;\">J\u00e1 \u00c9<\/span><\/i><span style=\"font-weight: 400;\"> articula ensino, pesquisa e extens\u00e3o, na aplica\u00e7\u00e3o da Psican\u00e1lise \u00e0 cidade, com vistas a contribuir com as pol\u00edticas p\u00fablicas de combate \u00e0 viol\u00eancia e mortalidade juvenis dos setores da seguran\u00e7a p\u00fablica, cultura e direitos humanos. Seu objetivo geral \u00e9 produzir novos conhecimentos e interven\u00e7\u00f5es junto a jovens em conflito com a lei, visando \u00e0 produ\u00e7\u00e3o cient\u00edfica e metodol\u00f3gica, bem como \u00e0 mudan\u00e7a de seus sistemas de vida, promo\u00e7\u00e3o de direitos humanos, forma\u00e7\u00e3o pol\u00edtica e combate \u00e0 mortalidade juvenil.Seus principais resultados s\u00e3o parcerias internacionais e nacionais de investiga\u00e7\u00e3o, parcerias institucionais com setores p\u00fablicos em projetos de forma\u00e7\u00e3o, e avan\u00e7os sobre as no\u00e7\u00f5es de segrega\u00e7\u00e3o, viol\u00eancia, adolesc\u00eancia e la\u00e7o social, registradas em livros e artigos cient\u00edficos, al\u00e9m da valida\u00e7\u00e3o de modelo de interven\u00e7\u00e3o, articulando a dimens\u00e3o pol\u00edtica \u00e0 dimens\u00e3o subjetiva, determinada pelo inconsciente. \u00c9 co-coordenado por Tatiana Goulart e F\u00eddias Siqueira, respectivamente egresso e aluno do programa de p\u00f3s-gradua\u00e7\u00e3o. A estrat\u00e9gia metodol\u00f3gica se divide em tr\u00eas eixos, articulados, monitorados e avaliados permanentemente:<\/span><\/p>\n<p><span style=\"font-weight: 400;\">&#8211; <\/span><b>J\u00c1 \u00c9 CL\u00cdNICA: <\/b><span style=\"font-weight: 400;\">Atendimento psicanal\u00edtico individual a jovens em cumprimento de medida socioeducativa, realizado por psicanalistas formados e volunt\u00e1rios, no SPA\/UFMG, sob supervis\u00e3o, a partir de demanda do jovem ou encaminhamento da institui\u00e7\u00e3o socioeducativa.<\/span><\/p>\n<p><span style=\"font-weight: 400;\">&#8211; <\/span><b>J\u00c1 \u00c9 INSTITUI\u00c7\u00c3O<\/b><span style=\"font-weight: 400;\">: Interven\u00e7\u00f5es realizadas atrav\u00e9s de conversa\u00e7\u00f5es psicanal\u00edticas ou pesquisas-interven\u00e7\u00e3o. Realizadas nos dispositivos socioeducativos, junto a equipes e\/ou adolescentes autores de ato infracional, atrav\u00e9s de equipes volunt\u00e1rias compostas por profissionais e alunos orientados pela psican\u00e1lise, a partir de impasses verificados na institui\u00e7\u00e3o.<\/span><\/p>\n<p><span style=\"font-weight: 400;\">&#8211; <\/span><b>J\u00c1 \u00c9 CIDADE:<\/b><span style=\"font-weight: 400;\"> Interven\u00e7\u00e3o comunit\u00e1ria, constru\u00e7\u00e3o do caso e forma\u00e7\u00e3o permanente, realizada com equipe de psicanalistas e artistas quadrinistas, atrav\u00e9s de interven\u00e7\u00f5es transdisciplinares, cursos de forma\u00e7\u00e3o continuada, oficinas de produ\u00e7\u00e3o de quadrinhos mang\u00e1 ou utiliza\u00e7\u00e3o dos mesmos como dispositivos cl\u00ednico-pol\u00edticos.<\/span>[\/vc_column_text][vc_empty_space height=&#8221;60px&#8221;][\/vc_column][\/vc_row]<\/p>\n","protected":false},"excerpt":{"rendered":"<p>[vc_row][vc_column][vc_custom_heading text=&#8221;\u00c1rea de Concentra\u00e7\u00e3o em Estudos Psicanal\u00edticos&#8221; font_container=&#8221;tag:h1|text_align:left&#8221; use_theme_fonts=&#8221;yes&#8221;][vc_column_text]O aluno que ingressa no Programa de P\u00f3s-gradua\u00e7\u00e3o em Psicologia da UFMG escolhe uma das tr\u00eas \u00c1reas de Concentra\u00e7\u00e3o em torno das quais o programa se organiza. As \u00c1reas de Concentra\u00e7\u00e3o, por sua vez, apresentam Linhas de Pesquisa que contemplam diversas \u00e1reas de investiga\u00e7\u00e3o dentro da Psicologia.[\/vc_column_text][vc_empty_space<\/p>\n","protected":false},"author":1,"featured_media":0,"parent":1518,"menu_order":0,"comment_status":"closed","ping_status":"closed","template":"","meta":{"footnotes":""},"_links":{"self":[{"href":"https:\/\/www.fafich.ufmg.br\/pospsicologia\/wp-json\/wp\/v2\/pages\/1393"}],"collection":[{"href":"https:\/\/www.fafich.ufmg.br\/pospsicologia\/wp-json\/wp\/v2\/pages"}],"about":[{"href":"https:\/\/www.fafich.ufmg.br\/pospsicologia\/wp-json\/wp\/v2\/types\/page"}],"author":[{"embeddable":true,"href":"https:\/\/www.fafich.ufmg.br\/pospsicologia\/wp-json\/wp\/v2\/users\/1"}],"replies":[{"embeddable":true,"href":"https:\/\/www.fafich.ufmg.br\/pospsicologia\/wp-json\/wp\/v2\/comments?post=1393"}],"version-history":[{"count":8,"href":"https:\/\/www.fafich.ufmg.br\/pospsicologia\/wp-json\/wp\/v2\/pages\/1393\/revisions"}],"predecessor-version":[{"id":2445,"href":"https:\/\/www.fafich.ufmg.br\/pospsicologia\/wp-json\/wp\/v2\/pages\/1393\/revisions\/2445"}],"up":[{"embeddable":true,"href":"https:\/\/www.fafich.ufmg.br\/pospsicologia\/wp-json\/wp\/v2\/pages\/1518"}],"wp:attachment":[{"href":"https:\/\/www.fafich.ufmg.br\/pospsicologia\/wp-json\/wp\/v2\/media?parent=1393"}],"curies":[{"name":"wp","href":"https:\/\/api.w.org\/{rel}","templated":true}]}}