{"id":1397,"date":"2018-01-16T11:13:56","date_gmt":"2018-01-16T13:13:56","guid":{"rendered":"http:\/\/184.107.12.153\/~pospsicologia\/?page_id=1397"},"modified":"2024-06-25T09:29:34","modified_gmt":"2024-06-25T12:29:34","slug":"psicologia-social","status":"publish","type":"page","link":"https:\/\/www.fafich.ufmg.br\/pospsicologia\/areas-de-concentracao\/psicologia-social\/","title":{"rendered":"Psicologia Social"},"content":{"rendered":"<p>[vc_row][vc_column][vc_custom_heading text=&#8221;\u00c1rea de Concentra\u00e7\u00e3o em Psicologia Social&#8221; font_container=&#8221;tag:h1|text_align:left&#8221; use_theme_fonts=&#8221;yes&#8221;][vc_column_text]O aluno que ingressa no Programa de P\u00f3s-gradua\u00e7\u00e3o em Psicologia da UFMG escolhe uma das tr\u00eas \u00c1reas de Concentra\u00e7\u00e3o em torno das quais o programa se organiza. As \u00c1reas de Concentra\u00e7\u00e3o, por sua vez, apresentam Linhas de Pesquisa que contemplam diversas \u00e1reas de investiga\u00e7\u00e3o dentro da Psicologia.[\/vc_column_text][vc_empty_space height=&#8221;60px&#8221;][\/vc_column][\/vc_row][vc_row][vc_column][vc_custom_heading text=&#8221;Linhas de Pesquisa&#8221; font_container=&#8221;tag:h1|text_align:left&#8221; use_theme_fonts=&#8221;yes&#8221;][vc_custom_heading text=&#8221;Cultura, Modernidade e Processos de Subjetiva\u00e7\u00e3o&#8221; font_container=&#8221;tag:h4|text_align:left&#8221; use_theme_fonts=&#8221;yes&#8221;][vc_column_text]Estudo sobre modos contempor\u00e2neos de subjetiva\u00e7\u00e3o, rela\u00e7\u00f5es entre sujeitos e processos culturais e institucionais, mem\u00f3ria coletiva, diversidade e identidade cultural, processos e pr\u00e1ticas socioculturais com \u00eanfase em g\u00eanero, etnia e loucura, redes sociais e seus efeitos sobre modos de subjetiva\u00e7\u00e3o e constru\u00e7\u00e3o de identidades.[\/vc_column_text][vc_empty_space height=&#8221;20px&#8221;][vc_custom_heading text=&#8221;Pol\u00edtica, Participa\u00e7\u00e3o Social e Processos de Identifica\u00e7\u00e3o&#8221; font_container=&#8221;tag:h4|text_align:left&#8221; use_theme_fonts=&#8221;yes&#8221;][vc_column_text]Estudo das condi\u00e7\u00f5es subjetivas e objetivas de conflitos e transforma\u00e7\u00f5es sociais, da constru\u00e7\u00e3o de atores coletivos, de movimentos sociais e de pol\u00edticas p\u00fablicas. Estudo da cidadania, direitos humanos, participa\u00e7\u00e3o pol\u00edtica, opress\u00e3o e viol\u00eancia, conscientiza\u00e7\u00e3o social e identidade pol\u00edtica numa perspectiva psicossocial. An\u00e1lise de discursos pol\u00edticos, dos processos de significa\u00e7\u00e3o da a\u00e7\u00e3o pol\u00edtica e das formas de resist\u00eancia e participa\u00e7\u00e3o social.[\/vc_column_text][vc_empty_space height=&#8221;20px&#8221;][vc_custom_heading text=&#8221;Trabalho, Sociabilidade e Sa\u00fade&#8221; font_container=&#8221;tag:h4|text_align:left&#8221; use_theme_fonts=&#8221;yes&#8221;][vc_column_text]Estudo da rela\u00e7\u00e3o entre trabalho e cotidiano e das sociabilidades da\u00ed decorrentes. An\u00e1lise psicossocial do trabalho com \u00eanfase nas repercuss\u00f5es da atividade e das transforma\u00e7\u00f5es no mundo laboral sobre a sa\u00fade do trabalhador.[\/vc_column_text][vc_empty_space height=&#8221;60px&#8221;][\/vc_column][\/vc_row][vc_row][vc_column][vc_custom_heading text=&#8221;Laborat\u00f3rios e N\u00facleos de Pesquisa vinculados:&#8221; font_container=&#8221;tag:h1|text_align:left&#8221; use_theme_fonts=&#8221;yes&#8221;][vc_column_text]<\/p>\n<p><strong>N\u00facleo de Direitos Humanos e Cidadania LGBT (NUH)<\/strong> (Website: <a href=\"http:\/\/www.fafich.ufmg.br\/nuh\/\">http:\/\/www.fafich.ufmg.br\/nuh\/<\/a>), coordenado pelo Prof. Marco Aur\u00e9lio M\u00e1ximo Prado. Este laborat\u00f3rio tamb\u00e9m conta com a colabora\u00e7\u00e3o de duas professoras de outros departamentos da UFMG. S\u00e3o elas: \u00c9rica Renata de Souza (Antropologia\/UFMG) e Joana Ziller de Araujo Josephson (Comunica\u00e7\u00e3o Social\/UFMG). No que se refere as suas instala\u00e7\u00f5es, o NUH conta cinco notebooks, 3 computadores desktops e duas impressoras.<\/p>\n<p><strong>N\u00facleo Conex\u00f5es de Saberes<\/strong> (<a href=\"http:\/\/petconexoesufmg.blogspot.com.br\">http:\/\/petconexoesufmg.blogspot.com.br<\/a> ), laborat\u00f3rio de extens\u00e3o, ensino e pesquisa, coordenado pela Profa. Claudia Andr\u00e9a Mayorga Borges, com a participa\u00e7\u00e3o de Lisandra Esp\u00edndula Moreira (professora colaboradora) e de dois professores de outros departamentos: Luciana de Oliveira (Comunica\u00e7\u00e3o Social\/UFMG) e Yurij Castelfranchi (Sociologia\/UFMG). Suas instala\u00e7\u00f5es abrangem seis computadores e uma impressora.<\/p>\n<p><strong>N\u00facleo de Pesquisa em Mem\u00f3rias, Representa\u00e7\u00f5es e Pr\u00e1ticas Sociais<\/strong>, coordenado pelos professores Adriano Roberto Afonso do Nascimento e Ingrid Faria Gianordoli-Nascimento. Disp\u00f5e de seis microcomputadores e um projetor de multim\u00eddia (data-show) e uma impressora. Disp\u00f5e de softwares como Alceste.<\/p>\n<p><strong>Laborat\u00f3rio de Grupo, Institui\u00e7\u00f5es e Redes Sociais (LAGIR)<\/strong> (Website: <a href=\"http:\/\/www.fafich.ufmg.br\/lagir\/\">http:\/\/www.fafich.ufmg.br\/lagir\/<\/a>). Coordenado pela Profa. Izabel Cristina Friche Passos. Conta com a colabora\u00e7\u00e3o da Profa. Cl\u00e1udia Penido (colaboradora), de dois professores da \u00e1rea de concentra\u00e7\u00e3o em Estudos Psicanal\u00edticos \u2013 Cassandra Pereira Fran\u00e7a, Fabio Roberto Rodrigues Belo \u2013 e uma professora de outro departamento, Luciana Assis Costa (Terapia Ocupacional\/UFMG). Suas instala\u00e7\u00f5es abrangem tr\u00eas computadores, tipo desktops, dois notebooks, duas impressoras, duas c\u00e2maras filmadoras e um projetor datashow.<\/p>\n<p><strong>Laborat\u00f3rio de Direitos Humanos e Transdisciplinaridade (LADTH)<\/strong>, coordenado pela professora (colaboradora) Maria Stella Brand\u00e3o Goulart. Disp\u00f5e em suas instala\u00e7\u00f5es de tr\u00eas computadores, uma impressora e duas maquinas fotogr\u00e1ficas.<\/p>\n<p><strong>Laborat\u00f3rio de Pesquisa e Ensino em Hist\u00f3ria da Psicologia<\/strong> (<a href=\"http:\/\/dgp.cnpq.br\/dgp\/espelhogrupo\/5214993021139407\">http:\/\/dgp.cnpq.br\/dgp\/espelhogrupo\/5214993021139407<\/a>), coordenado pelo Professor S\u00e9rgio Cirino com a participa\u00e7\u00e3o das professoras Deborah Ros\u00e1ria Barbosa de \u00c9rika Louren\u00e7o. Esta \u00faltima foi colaboradora do PPG-PSI\/UFMG at\u00e9 2016. Disp\u00f5e, em termos de infraestrutura de dois computadores (desktop) e cinco notebooks.<\/p>\n<p><strong>N\u00facleo de Pesquisa em Psicologia Jur\u00eddica (NPPJ)<\/strong>, coordenado pela professora Laura Cristina Eiras Coelho Soares. Disp\u00f5e de um computador.<\/p>\n<p><strong>N\u00facleo de Psicologia Pol\u00edtica e Sa\u00fade Coletiva<\/strong>, coordenado pelo Prof. Cornelis Johannes van Stralen (professor aposentado) e contando com a colabora\u00e7\u00e3o do Prof. Marco Prado. Disp\u00f5e de tr\u00eas computadores (desktops), tr\u00eas notebooks, seis gravadores e tr\u00eas transcritores.<\/p>\n<p><strong>Laborat\u00f3rio de Estudos sobre Trabalho, C\u00e1rcere e Direitos Humanos<\/strong>, coordenado pela Prof. Vanessa Barros. Disp\u00f5e de quatro computadores (desktops), uma impressora, um projetor Datashow, duas c\u00e2maras filmadoras, um notebook e um netbook.<\/p>\n<p><strong>Laborat\u00f3rio de Psicologia Escolar<\/strong>, coordenado pela Profa. Deborah Ros\u00e1ria Barbosa. Disp\u00f5e de um computador e uma impressora.<\/p>\n<p><b>O Laborat\u00f3rio de Psicologia Social Jur\u00eddica<\/b><span style=\"font-weight: 400;\">, do Departamento de Psicologia da UFMG, tem como objetivo pesquisar, promover extens\u00f5es e eventos no campo da Psicologia Jur\u00eddica segundo a vertente que dialoga com a Psicologia Social<\/span><\/p>\n<p><span style=\"font-weight: 400;\">No campo da pesquisa, os docentes vinculados ao Laborat\u00f3rio integram o N\u00facleo de Pesquisa em Psicologia Jur\u00eddica, trata-se de grupo de pesquisa cadastrado junto ao CNPq que busca refletir sobre a rela\u00e7\u00e3o entre a Psicologia e o Direito, enfocando a atua\u00e7\u00e3o do psic\u00f3logo em tr\u00eas principais \u00e1reas: Inf\u00e2ncia\/Juventude, Fam\u00edlia e Penal. O NPPJ \u00e9 composto por pesquisadores pertencentes a universidades de diferentes estados brasileiros.<\/span><\/p>\n<p><span style=\"font-weight: 400;\">Atualmente, o Laborat\u00f3rio apresenta dois projetos de pesquisa em andamento:<\/span><\/p>\n<p><span style=\"font-weight: 400;\">A fam\u00edlia nos tribunais: impasses e perspectivas no campo da Psicologia Jur\u00eddica, projeto coordenado pela Prof.\u00aa Dr.\u00aa Laura Cristina Eiras Coelho Soares, que aborda quest\u00f5es que envolvem a atua\u00e7\u00e3o do psic\u00f3logo jur\u00eddico junto \u00e0s solicita\u00e7\u00f5es das fam\u00edlias que buscam o Judici\u00e1rio.<\/span><\/p>\n<p><span style=\"font-weight: 400;\">G\u00eanero e sexualidade na jurisprud\u00eancia, projeto coordenado pela Prof.\u00aa Dr.\u00aa Lisandra Esp\u00edndula Moreira, que tem como principal objetivo analisar os enunciados que s\u00e3o atravessados por quest\u00f5es de g\u00eanero e sexualidade em documentos jur\u00eddicos do Tribunal de Justi\u00e7a da regi\u00e3o sudeste do Brasil, problematizando essas demandas ao judici\u00e1rio a partir da judicializa\u00e7\u00e3o da vida e dos processos de subjetiva\u00e7\u00e3o.<\/span><\/p>\n<p><span style=\"font-weight: 400;\">Os projetos de extens\u00e3o em andamento no Laborat\u00f3rio s\u00e3o:<\/span><\/p>\n<p><span style=\"font-weight: 400;\">1.Atendimento Interdisciplinar no Plant\u00e3o da Divis\u00e3o de Assist\u00eancia Judici\u00e1ria (DAJ\/UFMG). Prof\u00aaDr\u00aa Laura Cristina Eiras Coelho Soares:<\/span><\/p>\n<p><span style=\"font-weight: 400;\">2.Di\u00e1logos Familiares em Grupo: construindo caminhos para a conviv\u00eancia familiar ap\u00f3s a separa\u00e7\u00e3o conjugal. Prof\u00aaDr\u00aa Laura Cristina Eiras \u00a0\u00a0\u00a0\u00a0\u00a0\u00a0\u00a0Coelho Soares.<\/span><\/p>\n<p><span style=\"font-weight: 400;\">3.G\u00eanero e Sexualidade: A\u00e7\u00f5es Interdisciplinares. Prof.\u00aa Dr.\u00aa Lisandra Esp\u00edndula Moreira<\/span><\/p>\n<p><span style=\"font-weight: 400;\">Professores Membros:<\/span><\/p>\n<p><span style=\"font-weight: 400;\">Prof\u00aaDr\u00aa Laura Cristina Eiras Coelho Soares \u2013 UFMG<\/span><\/p>\n<p><span style=\"font-weight: 400;\">Prof\u00aa Dr\u00aa Lisandra Esp\u00edndula Moreira \u2013 UFMG<\/span><\/p>\n<p><span style=\"font-weight: 400;\">Sala: 4046\/FAFICH<\/span><\/p>\n<p><span style=\"font-weight: 400;\">Site: <\/span><a href=\"https:\/\/psijuridicaufmg.wordpress.com\/\" target=\"_blank\" rel=\"noopener\"><span style=\"font-weight: 400;\">https:\/\/psijuridicaufmg.<\/span><span style=\"font-weight: 400;\">wordpress.com\/<\/span><\/a><\/p>\n<p><span style=\"font-weight: 400;\">Contato: nucleopsicologiajuridica@gmail.com<\/span>[\/vc_column_text][vc_empty_space height=&#8221;60px&#8221;][\/vc_column][\/vc_row]<\/p>\n","protected":false},"excerpt":{"rendered":"<p>[vc_row][vc_column][vc_custom_heading text=&#8221;\u00c1rea de Concentra\u00e7\u00e3o em Psicologia Social&#8221; font_container=&#8221;tag:h1|text_align:left&#8221; use_theme_fonts=&#8221;yes&#8221;][vc_column_text]O aluno que ingressa no Programa de P\u00f3s-gradua\u00e7\u00e3o em Psicologia da UFMG escolhe uma das tr\u00eas \u00c1reas de Concentra\u00e7\u00e3o em torno das quais o programa se organiza. As \u00c1reas de Concentra\u00e7\u00e3o, por sua vez, apresentam Linhas de Pesquisa que contemplam diversas \u00e1reas de investiga\u00e7\u00e3o dentro da Psicologia.[\/vc_column_text][vc_empty_space<\/p>\n","protected":false},"author":1,"featured_media":0,"parent":1518,"menu_order":0,"comment_status":"closed","ping_status":"closed","template":"","meta":{"footnotes":""},"_links":{"self":[{"href":"https:\/\/www.fafich.ufmg.br\/pospsicologia\/wp-json\/wp\/v2\/pages\/1397"}],"collection":[{"href":"https:\/\/www.fafich.ufmg.br\/pospsicologia\/wp-json\/wp\/v2\/pages"}],"about":[{"href":"https:\/\/www.fafich.ufmg.br\/pospsicologia\/wp-json\/wp\/v2\/types\/page"}],"author":[{"embeddable":true,"href":"https:\/\/www.fafich.ufmg.br\/pospsicologia\/wp-json\/wp\/v2\/users\/1"}],"replies":[{"embeddable":true,"href":"https:\/\/www.fafich.ufmg.br\/pospsicologia\/wp-json\/wp\/v2\/comments?post=1397"}],"version-history":[{"count":6,"href":"https:\/\/www.fafich.ufmg.br\/pospsicologia\/wp-json\/wp\/v2\/pages\/1397\/revisions"}],"predecessor-version":[{"id":4908,"href":"https:\/\/www.fafich.ufmg.br\/pospsicologia\/wp-json\/wp\/v2\/pages\/1397\/revisions\/4908"}],"up":[{"embeddable":true,"href":"https:\/\/www.fafich.ufmg.br\/pospsicologia\/wp-json\/wp\/v2\/pages\/1518"}],"wp:attachment":[{"href":"https:\/\/www.fafich.ufmg.br\/pospsicologia\/wp-json\/wp\/v2\/media?parent=1397"}],"curies":[{"name":"wp","href":"https:\/\/api.w.org\/{rel}","templated":true}]}}

<p>[vc_row][vc_column][vc_custom_heading text=&#8221;Área de Concentração em Psicologia Social&#8221; font_container=&#8221;tag:h1|text_align:left&#8221; use_theme_fonts=&#8221;yes&#8221;][vc_column_text]O aluno que ingressa no Programa de Pós-graduação em Psicologia da UFMG escolhe uma das três Áreas de Concentração em torno das quais o programa se organiza. As Áreas de Concentração, por sua vez, apresentam Linhas de Pesquisa que contemplam diversas áreas de investigação dentro da Psicologia.[/vc_column_text][vc_empty_space height=&#8221;60px&#8221;][/vc_column][/vc_row][vc_row][vc_column][vc_custom_heading text=&#8221;Linhas de Pesquisa&#8221; font_container=&#8221;tag:h1|text_align:left&#8221; use_theme_fonts=&#8221;yes&#8221;][vc_custom_heading text=&#8221;Cultura, Modernidade e Processos de Subjetivação&#8221; font_container=&#8221;tag:h4|text_align:left&#8221; use_theme_fonts=&#8221;yes&#8221;][vc_column_text]Estudo sobre modos contemporâneos de subjetivação, relações entre sujeitos e processos culturais e institucionais, memória coletiva, diversidade e identidade cultural, processos e práticas socioculturais com ênfase em gênero, etnia e loucura, redes sociais e seus efeitos sobre modos de subjetivação e construção de identidades.[/vc_column_text][vc_empty_space height=&#8221;20px&#8221;][vc_custom_heading text=&#8221;Política, Participação Social e Processos de Identificação&#8221; font_container=&#8221;tag:h4|text_align:left&#8221; use_theme_fonts=&#8221;yes&#8221;][vc_column_text]Estudo das condições subjetivas e objetivas de conflitos e transformações sociais, da construção de atores coletivos, de movimentos sociais e de políticas públicas. Estudo da cidadania, direitos humanos, participação política, opressão e violência, conscientização social e identidade política numa perspectiva psicossocial. Análise de discursos políticos, dos processos de significação da ação política e das formas de resistência e participação social.[/vc_column_text][vc_empty_space height=&#8221;20px&#8221;][vc_custom_heading text=&#8221;Trabalho, Sociabilidade e Saúde&#8221; font_container=&#8221;tag:h4|text_align:left&#8221; use_theme_fonts=&#8221;yes&#8221;][vc_column_text]Estudo da relação entre trabalho e cotidiano e das sociabilidades daí decorrentes. Análise psicossocial do trabalho com ênfase nas repercussões da atividade e das transformações no mundo laboral sobre a saúde do trabalhador.[/vc_column_text][vc_empty_space height=&#8221;60px&#8221;][/vc_column][/vc_row][vc_row][vc_column][vc_custom_heading text=&#8221;Laboratórios e Núcleos de Pesquisa vinculados:&#8221; font_container=&#8221;tag:h1|text_align:left&#8221; use_theme_fonts=&#8221;yes&#8221;][vc_column_text]</p>
<p><strong>Núcleo de Direitos Humanos e Cidadania LGBT (NUH)</strong> (Website: <a href="http://www.fafich.ufmg.br/nuh/">http://www.fafich.ufmg.br/nuh/</a>), coordenado pelo Prof. Marco Aurélio Máximo Prado. Este laboratório também conta com a colaboração de duas professoras de outros departamentos da UFMG. São elas: Érica Renata de Souza (Antropologia/UFMG) e Joana Ziller de Araujo Josephson (Comunicação Social/UFMG). No que se refere as suas instalações, o NUH conta cinco notebooks, 3 computadores desktops e duas impressoras.</p>
<p><strong>Núcleo Conexões de Saberes</strong> (<a href="http://petconexoesufmg.blogspot.com.br">http://petconexoesufmg.blogspot.com.br</a> ), laboratório de extensão, ensino e pesquisa, coordenado pela Profa. Claudia Andréa Mayorga Borges, com a participação de Lisandra Espíndula Moreira (professora colaboradora) e de dois professores de outros departamentos: Luciana de Oliveira (Comunicação Social/UFMG) e Yurij Castelfranchi (Sociologia/UFMG). Suas instalações abrangem seis computadores e uma impressora.</p>
<p><strong>Núcleo de Pesquisa em Memórias, Representações e Práticas Sociais</strong>, coordenado pelos professores Adriano Roberto Afonso do Nascimento e Ingrid Faria Gianordoli-Nascimento. Dispõe de seis microcomputadores e um projetor de multimídia (data-show) e uma impressora. Dispõe de softwares como Alceste.</p>
<p><strong>Laboratório de Grupo, Instituições e Redes Sociais (LAGIR)</strong> (Website: <a href="http://www.fafich.ufmg.br/lagir/">http://www.fafich.ufmg.br/lagir/</a>). Coordenado pela Profa. Izabel Cristina Friche Passos. Conta com a colaboração da Profa. Cláudia Penido (colaboradora), de dois professores da área de concentração em Estudos Psicanalíticos – Cassandra Pereira França, Fabio Roberto Rodrigues Belo – e uma professora de outro departamento, Luciana Assis Costa (Terapia Ocupacional/UFMG). Suas instalações abrangem três computadores, tipo desktops, dois notebooks, duas impressoras, duas câmaras filmadoras e um projetor datashow.</p>
<p><strong>Laboratório de Direitos Humanos e Transdisciplinaridade (LADTH)</strong>, coordenado pela professora (colaboradora) Maria Stella Brandão Goulart. Dispõe em suas instalações de três computadores, uma impressora e duas maquinas fotográficas.</p>
<p><strong>Laboratório de Pesquisa e Ensino em História da Psicologia</strong> (<a href="http://dgp.cnpq.br/dgp/espelhogrupo/5214993021139407">http://dgp.cnpq.br/dgp/espelhogrupo/5214993021139407</a>), coordenado pelo Professor Sérgio Cirino com a participação das professoras Deborah Rosária Barbosa de Érika Lourenço. Esta última foi colaboradora do PPG-PSI/UFMG até 2016. Dispõe, em termos de infraestrutura de dois computadores (desktop) e cinco notebooks.</p>
<p><strong>Núcleo de Pesquisa em Psicologia Jurídica (NPPJ)</strong>, coordenado pela professora Laura Cristina Eiras Coelho Soares. Dispõe de um computador.</p>
<p><strong>Núcleo de Psicologia Política e Saúde Coletiva</strong>, coordenado pelo Prof. Cornelis Johannes van Stralen (professor aposentado) e contando com a colaboração do Prof. Marco Prado. Dispõe de três computadores (desktops), três notebooks, seis gravadores e três transcritores.</p>
<p><strong>Laboratório de Estudos sobre Trabalho, Cárcere e Direitos Humanos</strong>, coordenado pela Prof. Vanessa Barros. Dispõe de quatro computadores (desktops), uma impressora, um projetor Datashow, duas câmaras filmadoras, um notebook e um netbook.</p>
<p><strong>Laboratório de Psicologia Escolar</strong>, coordenado pela Profa. Deborah Rosária Barbosa. Dispõe de um computador e uma impressora.</p>
<p><b>O Laboratório de Psicologia Social Jurídica</b><span style="font-weight: 400;">, do Departamento de Psicologia da UFMG, tem como objetivo pesquisar, promover extensões e eventos no campo da Psicologia Jurídica segundo a vertente que dialoga com a Psicologia Social</span></p>
<p><span style="font-weight: 400;">No campo da pesquisa, os docentes vinculados ao Laboratório integram o Núcleo de Pesquisa em Psicologia Jurídica, trata-se de grupo de pesquisa cadastrado junto ao CNPq que busca refletir sobre a relação entre a Psicologia e o Direito, enfocando a atuação do psicólogo em três principais áreas: Infância/Juventude, Família e Penal. O NPPJ é composto por pesquisadores pertencentes a universidades de diferentes estados brasileiros.</span></p>
<p><span style="font-weight: 400;">Atualmente, o Laboratório apresenta dois projetos de pesquisa em andamento:</span></p>
<p><span style="font-weight: 400;">A família nos tribunais: impasses e perspectivas no campo da Psicologia Jurídica, projeto coordenado pela Prof.ª Dr.ª Laura Cristina Eiras Coelho Soares, que aborda questões que envolvem a atuação do psicólogo jurídico junto às solicitações das famílias que buscam o Judiciário.</span></p>
<p><span style="font-weight: 400;">Gênero e sexualidade na jurisprudência, projeto coordenado pela Prof.ª Dr.ª Lisandra Espíndula Moreira, que tem como principal objetivo analisar os enunciados que são atravessados por questões de gênero e sexualidade em documentos jurídicos do Tribunal de Justiça da região sudeste do Brasil, problematizando essas demandas ao judiciário a partir da judicialização da vida e dos processos de subjetivação.</span></p>
<p><span style="font-weight: 400;">Os projetos de extensão em andamento no Laboratório são:</span></p>
<p><span style="font-weight: 400;">1.Atendimento Interdisciplinar no Plantão da Divisão de Assistência Judiciária (DAJ/UFMG). ProfªDrª Laura Cristina Eiras Coelho Soares:</span></p>
<p><span style="font-weight: 400;">2.Diálogos Familiares em Grupo: construindo caminhos para a convivência familiar após a separação conjugal. ProfªDrª Laura Cristina Eiras        Coelho Soares.</span></p>
<p><span style="font-weight: 400;">3.Gênero e Sexualidade: Ações Interdisciplinares. Prof.ª Dr.ª Lisandra Espíndula Moreira</span></p>
<p><span style="font-weight: 400;">Professores Membros:</span></p>
<p><span style="font-weight: 400;">ProfªDrª Laura Cristina Eiras Coelho Soares – UFMG</span></p>
<p><span style="font-weight: 400;">Profª Drª Lisandra Espíndula Moreira – UFMG</span></p>
<p><span style="font-weight: 400;">Sala: 4046/FAFICH</span></p>
<p><span style="font-weight: 400;">Site: </span><a href="https://psijuridicaufmg.wordpress.com/" target="_blank" rel="noopener"><span style="font-weight: 400;">https://psijuridicaufmg.</span><span style="font-weight: 400;">wordpress.com/</span></a></p>
<p><span style="font-weight: 400;">Contato: nucleopsicologiajuridica@gmail.com</span>[/vc_column_text][vc_empty_space height=&#8221;60px&#8221;][/vc_column][/vc_row]</p>

<p>[vc_row][vc_column][vc_custom_heading text=&#8221;Área de Concentração em Psicologia Social&#8221; font_container=&#8221;tag:h1|text_align:left&#8221; use_theme_fonts=&#8221;yes&#8221;][vc_column_text]O aluno que ingressa no Programa de Pós-graduação em Psicologia da UFMG escolhe uma das três Áreas de Concentração em torno das quais o programa se organiza. As Áreas de Concentração, por sua vez, apresentam Linhas de Pesquisa que contemplam diversas áreas de investigação dentro da Psicologia.[/vc_column_text][vc_empty_space</p>
