{"id":1513,"date":"2018-01-18T12:42:24","date_gmt":"2018-01-18T14:42:24","guid":{"rendered":"http:\/\/184.107.12.153\/~pospsicologia\/?page_id=1513"},"modified":"2025-03-26T08:59:36","modified_gmt":"2025-03-26T11:59:36","slug":"diplomas","status":"publish","type":"page","link":"https:\/\/www.fafich.ufmg.br\/pospsicologia\/egressos\/diplomas\/","title":{"rendered":"Diplomas e Certificados de P\u00f3s-Doutorado"},"content":{"rendered":"<p>[vc_row][vc_column][vc_custom_heading text=&#8221;Retirada de diplomas e certificados (Mestrado, Doutorado e p\u00f3s-doutorado)&#8221; font_container=&#8221;tag:h1|text_align:left&#8221; use_theme_fonts=&#8221;yes&#8221;][vc_column_text]<\/p>\n<h3><strong><span style=\"color: #ff0000;\">Para consultar se seu diploma ou certificado de p\u00f3s-doutorado j\u00e1 est\u00e1 dispon\u00edvel para retirada, clique<\/span> <span style=\"color: #0000ff;\"><a style=\"color: #0000ff;\" href=\"https:\/\/docs.google.com\/spreadsheets\/d\/1PGWfk62myV9yMjQrxoNpcMRZWgpftfEsvriwIJA9KMU\/edit?usp=sharing\" target=\"_blank\" rel=\"noopener\">aqui<\/a><\/span><\/strong><\/h3>\n<h3>Lembramos a todos e todas que o diploma ou certificado deve ser retirado pelo\/a titulado\/a<\/h3>\n<h3>Em caso de retirada por terceiros, \u00e9 necess\u00e1rio que seja enviado email para secretaria informando os dados da pessoa que ir\u00e1 retirar o diploma. No momento da retirada ser\u00e1 necess\u00e1rio a apresenta\u00e7\u00e3o de um documento oficial com foto.<\/h3>\n<h3><strong>Para solicitar o certificado de p\u00f3s-doutorado, verifique a documenta\u00e7\u00e3o necess\u00e1ria em: <a href=\"http:\/\/www.fafich.ufmg.br\/pospsicologia\/pos-doutorado\/\" target=\"_blank\" rel=\"noopener\"><span style=\"color: #0000ff;\"> http:\/\/www.fafich.ufmg.br\/pospsicologia\/pos-doutorado<\/span>\/<\/a><\/strong><\/h3>\n<h3><strong><span style=\"color: #ff0000;\">Para solicitar o diploma, favor ler as informa\u00e7\u00f5es abaixo:<\/span><\/strong><\/h3>\n<p>[\/vc_column_text][vc_column_text].[\/vc_column_text][vc_custom_heading text=&#8221;Requerimento de diplomas (Mestrado e Doutorado)&#8221; font_container=&#8221;tag:h1|text_align:left&#8221; use_theme_fonts=&#8221;yes&#8221;][vc_empty_space height=&#8221;20px&#8221;][\/vc_column][\/vc_row][vc_row][vc_column][vc_column_text]<\/p>\n<h4>Ap\u00f3s a defesa, o prazo definido pelo Colegiado para a entrada com o pedido de diploma \u00e9 de 1 m\u00eas, a partir da data de defesa.<\/h4>\n<h4>Documenta\u00e7\u00e3o necess\u00e1ria:<\/h4>\n<h4>A partir de 25\/03\/2025 <b>n\u00e3o \u00e9 mais obrigat\u00f3rio a entrega de exemplar f\u00edsico, encadernado em capa dura, de disserta\u00e7\u00f5es e teses.<\/b><\/h4>\n<h4>IMPORTANTE: antes de fazer o upload no Reposit\u00f3rio da UFMG,\u00a0 a disserta\u00e7\u00e3o ou tese deve ter a Ata ou Folha de Aprova\u00e7\u00e3o emitida pela secretaria e a Ficha Catalogr\u00e1fica, fixada\/anexada obrigatoriamente na vers\u00e3o eletr\u00f4nica. Essa ficha \u00e9 feita pela biblioteca da FAFICH e pode ser solicitada na p\u00e1gina da Biblioteca (<strong><span style=\"color: #0000ff;\"><a style=\"color: #0000ff;\" href=\"http:\/\/www.fafich.ufmg.br\/bib\/\" target=\"_blank\" rel=\"noopener\">http:\/\/www.fafich.ufmg.br\/bib\/<\/a><\/span><\/strong>). A Folha de Aprova\u00e7\u00e3o ou Ata de Defesa \u00e9 emitida pela secretaria e enviada ao discente ap\u00f3s a defesa.<\/h4>\n<h4>Para o Doutorado \u00e9 exigida a publica\u00e7\u00e3o ou aceite de publica\u00e7\u00e3o de artigo em peri\u00f3dico Qualis A, B1 ou B2, antes da defesa, para a libera\u00e7\u00e3o da Ata ou Folha de Aprova\u00e7\u00e3o.<\/h4>\n<h4><strong><span style=\"color: #ff0000;\"><span style=\"font-size: small; font-style: normal; font-variant-ligatures: normal; font-variant-caps: normal; letter-spacing: normal; text-align: start; text-indent: 0px; text-transform: none; white-space: normal; word-spacing: 0px; -webkit-text-stroke-width: 0px; background-color: #ffffff; font-family: Arial;\">IMPORTANTE<\/span><span style=\"font-size: small; font-style: normal; font-variant-ligatures: normal; font-variant-caps: normal; letter-spacing: normal; text-align: start; text-indent: 0px; text-transform: none; white-space: normal; word-spacing: 0px; -webkit-text-stroke-width: 0px; background-color: #ffffff; font-family: Arial;\">: <\/span><span style=\"font-size: small; font-style: normal; font-variant-ligatures: normal; font-variant-caps: normal; letter-spacing: normal; text-align: start; text-indent: 0px; text-transform: none; white-space: normal; word-spacing: 0px; -webkit-text-stroke-width: 0px; background-color: #ffffff; font-family: Arial;\"><span style=\"font-size: small; font-style: normal; font-variant-ligatures: normal; font-variant-caps: normal; letter-spacing: normal; text-align: start; text-indent: 0px; text-transform: none; white-space: normal; word-spacing: 0px; -webkit-text-stroke-width: 0px; background-color: #ffffff; font-family: Arial;\">Os trabalhos entregues a partir de 09\/09\/2019 dever\u00e3o estar em conformidade com as diretrizes dispon\u00edveis no site<\/span> do Reposit\u00f3rio Institucional da UFMG.\u00a0 Com o novo fluxo de informa\u00e7\u00e3o, o aluno passa a entregar a vers\u00e3o final do trabalho por meio do autoarquivamento do site do <a style=\"color: #ff0000;\" href=\"https:\/\/repositorio.ufmg.br\/custom\/presentation.jsp\" target=\"_blank\" rel=\"noopener\"><span style=\"color: #0000ff;\">Reposit\u00f3rio<\/span><\/a><\/span><span style=\"font-size: small; font-style: normal; font-variant-ligatures: normal; font-variant-caps: normal; letter-spacing: normal; text-align: start; text-indent: 0px; text-transform: none; white-space: normal; word-spacing: 0px; -webkit-text-stroke-width: 0px; background-color: #ffffff; font-family: Arial;\">.<\/span><\/span><\/strong><br style=\"color: #222222; font-family: Arial, Helvetica, sans-serif; font-size: small; font-style: normal; font-variant-ligatures: normal; font-variant-caps: normal; font-weight: 400; letter-spacing: normal; orphans: 2; text-align: start; text-indent: 0px; text-transform: none; white-space: normal; widows: 2; word-spacing: 0px; -webkit-text-stroke-width: 0px; background-color: #ffffff;\" \/><strong><span style=\"font-size: small; font-style: normal; font-variant-ligatures: normal; font-variant-caps: normal; letter-spacing: normal; text-align: start; text-indent: 0px; text-transform: none; white-space: normal; word-spacing: 0px; -webkit-text-stroke-width: 0px; background-color: #ffffff; font-family: Arial; color: #ff0000;\">No Menu &#8220;instru\u00e7\u00f5es aos autores&#8221; est\u00e3o dispon\u00edveis as orienta\u00e7\u00f5es para o autoarquivamento e para a normaliza\u00e7\u00e3o da vers\u00e3o final dos trabalhos. L\u00e1 est\u00e1 dispon\u00edvel tamb\u00e9m \u00a0o novo Termo de Autoriza\u00e7\u00e3o para disponibiliza\u00e7\u00e3o de teses, disserta\u00e7\u00f5es e monografias no Reposit\u00f3rio.<\/span><\/strong><\/h4>\n<h4><br style=\"color: #222222; font-family: Arial, Helvetica, sans-serif; font-size: small; font-style: normal; font-variant-ligatures: normal; font-variant-caps: normal; font-weight: 400; letter-spacing: normal; orphans: 2; text-align: start; text-indent: 0px; text-transform: none; white-space: normal; widows: 2; word-spacing: 0px; -webkit-text-stroke-width: 0px; background-color: #ffffff;\" \/>A solicita\u00e7\u00e3o do diploma dever\u00e1 ser feita por <strong>email (<span style=\"color: #0000ff;\">diplomasppgpsicologiaufmg@gmail.com<\/span>)<\/strong>,\u00a0com c\u00f3pia leg\u00edvel dos documentos abaixo, <span style=\"color: #ff0000;\"><strong>em arquivo \u00fanico e em pdf na seguinte ordem<\/strong><\/span>:<\/h4>\n<h4>1.\u00a0<strong>C\u00f3pia da carteira de identidade com \u00f3rg\u00e3o emissor;<\/strong><\/h4>\n<h4>2.\u00a0<strong>C\u00f3pia da certid\u00e3o de nascimento ou casamento;<\/strong><\/h4>\n<h4>3.\u00a0<strong>Hist\u00f3rico Escolar da P\u00f3s-Gradua\u00e7\u00e3o (Pode ser impresso no link: <\/strong><span style=\"color: #0000ff;\"><a style=\"color: #0000ff;\" href=\"https:\/\/sistemas.ufmg.br\/iaWeb\" target=\"_blank\" rel=\"noopener\">https:\/\/sistemas.ufmg.br\/iaWeb<\/a><\/span><strong>)<\/strong><\/h4>\n<h4>4.\u00a0<strong>C\u00f3pia do diploma de gradua\u00e7\u00e3o ( frente e verso )<\/strong>\u00a0e p\/ Doutorado: c\u00f3pia do diploma de Mestrado \u2013 se houver<\/h4>\n<h4>5.\u00a0 Declara\u00e7\u00e3o de Entrega de Trabalho Final, emitido pelo Reposit\u00f3rio, ap\u00f3s tramita\u00e7\u00e3o do <strong>Termo de Autoriza\u00e7\u00e3o Relativo ao Dep\u00f3sito e Disponibiliza\u00e7\u00e3o de Trabalhos Acad\u00eamicos no RI- UFMG.\u00a0<\/strong><\/h4>\n<h4><strong><span style=\"color: #ff0000;\"><span style=\"font-size: small;\">Ser\u00e3o recebidos exclusivamente os Termos de Autoriza\u00e7\u00e3o gerados e tramitados via SEI-UFMG.\u00a0\u00a0<\/span><span style=\"font-size: small;\">A fim de garantir o envio dos Termos de autoriza\u00e7\u00e3o para o endere\u00e7o correto, acessem o formul\u00e1rio via SEI (<a style=\"color: #ff0000;\" href=\"https:\/\/sei.ufmg.br\/sei\/controlador_externo.php?acao=md_ufmg_formulario_externo_listar&amp;id_orgao_acesso_externo=0\"><span style=\"color: #0000ff;\">https:\/\/sei.ufmg.br\/<\/span><\/a>) <\/span><\/span><\/strong><strong><span style=\"color: #ff0000;\"><span style=\"font-size: small;\">e , em caso de d\u00favida, consultem a tabela de endere\u00e7os \u00a0dispon\u00edvel em\u00a0<\/span><span style=\"color: #0000ff;\"><a style=\"color: #0000ff;\" href=\"https:\/\/repositorio.ufmg.br\/static\/politica\/lista-de-enderecos-sei.pdf\" target=\"_blank\" rel=\"noopener\" data-saferedirecturl=\"https:\/\/www.google.com\/url?q=https:\/\/repositorio.ufmg.br\/static\/politica\/lista-de-enderecos-sei.pdf&amp;source=gmail&amp;ust=1602351205654000&amp;usg=AFQjCNG8ZAy6AtprrBzoljpzIxH8TsV8Qw\"><span style=\"font-size: small;\">https:\/\/repositorio.ufmg.br\/<wbr \/>static\/politica\/lista-de-<wbr \/>enderecos-sei.pdf<\/span><\/a><\/span><span style=\"font-size: small;\"><span style=\"color: #0000ff;\">.<\/span> Disponibilizamos, em anexo, um breve tutorial sobre este passo.\u00a0<\/span><\/span><\/strong><\/h4>\n<h4>6. Declara\u00e7\u00e3o de<strong> \u201cNada Consta\u201d da biblioteca da FAFICH. A partir do dia\u00a0<b>25\/03\/2025\u00a0<\/b>as solicita\u00e7\u00f5es de\u00a0<b>Nada Consta<\/b>\u00a0ser\u00e3o atendidas atrav\u00e9s do Setor de Refer\u00eancia:\u00a0<span style=\"color: #0000ff;\"><a style=\"color: #0000ff;\" href=\"mailto:referenciabiblioteca@fafich.ufmg.br\" target=\"_blank\" rel=\"noopener\">referenciabibliote<wbr \/>ca@fafich.ufmg.br<\/a>. <\/span><\/strong>Verifique orienta\u00e7\u00f5es em:\u00a0<a href=\"https:\/\/www.fafich.ufmg.br\/biblioteca\/\"><span style=\"color: #0000ff;\">https:\/\/www.fafich.ufmg.br\/biblioteca\/<\/span><\/a><\/h4>\n<p>[\/vc_column_text][vc_empty_space height=&#8221;60px&#8221;][\/vc_column][\/vc_row][vc_row][vc_column][vc_custom_heading text=&#8221;Prioridade de Registro de Diploma&#8221; use_theme_fonts=&#8221;yes&#8221;][\/vc_column][\/vc_row][vc_row][vc_column][vc_empty_space height=&#8221;60px&#8221;][vc_column_text]<\/p>\n<h4>Para pedidos de diploma que demandam urg\u00eancia, \u00e9 necess\u00e1rio comprovar documentalmente tal urg\u00eancia, mediante preenchimento do Formul\u00e1rio de Prioridade de Registro, dispon\u00edvel em <a href=\"https:\/\/www.ufmg.br\/prpg\/expedicao-de-diplomas\/\">https:\/\/www.ufmg.br\/prpg\/expedicao-de-diplomas\/<\/a>.<\/h4>\n<h4>A documenta\u00e7\u00e3o que comprova a urg\u00eancia deve ser enviada tamb\u00e9m para <span style=\"color: #0000ff;\"><strong>drd@drca.ufmg.br<\/strong><\/span><\/h4>\n<h4>Para maiores informa\u00e7\u00f5es, visite: <span style=\"color: #0000ff;\"><a style=\"color: #0000ff;\" href=\"https:\/\/www2.ufmg.br\/drca\/drca\/Home\/Registro-de-Diplomas\">https:\/\/www2.ufmg.br\/drca\/drca\/Home\/Registro-de-Diplomas\/Prioridade-de-Registro<\/a><\/span><\/h4>\n<p>[\/vc_column_text][vc_empty_space height=&#8221;60px&#8221;][\/vc_column][\/vc_row]<\/p>\n","protected":false},"excerpt":{"rendered":"<p>[vc_row][vc_column][vc_custom_heading text=&#8221;Retirada de diplomas e certificados (Mestrado, Doutorado e p\u00f3s-doutorado)&#8221; font_container=&#8221;tag:h1|text_align:left&#8221; use_theme_fonts=&#8221;yes&#8221;][vc_column_text] Para consultar se seu diploma ou certificado de p\u00f3s-doutorado j\u00e1 est\u00e1 dispon\u00edvel para retirada, clique aqui Lembramos a todos e todas que o diploma ou certificado deve ser retirado pelo\/a titulado\/a Em caso de retirada por terceiros, \u00e9 necess\u00e1rio que seja enviado email<\/p>\n","protected":false},"author":1,"featured_media":0,"parent":1522,"menu_order":0,"comment_status":"closed","ping_status":"closed","template":"","meta":{"footnotes":""},"_links":{"self":[{"href":"https:\/\/www.fafich.ufmg.br\/pospsicologia\/wp-json\/wp\/v2\/pages\/1513"}],"collection":[{"href":"https:\/\/www.fafich.ufmg.br\/pospsicologia\/wp-json\/wp\/v2\/pages"}],"about":[{"href":"https:\/\/www.fafich.ufmg.br\/pospsicologia\/wp-json\/wp\/v2\/types\/page"}],"author":[{"embeddable":true,"href":"https:\/\/www.fafich.ufmg.br\/pospsicologia\/wp-json\/wp\/v2\/users\/1"}],"replies":[{"embeddable":true,"href":"https:\/\/www.fafich.ufmg.br\/pospsicologia\/wp-json\/wp\/v2\/comments?post=1513"}],"version-history":[{"count":73,"href":"https:\/\/www.fafich.ufmg.br\/pospsicologia\/wp-json\/wp\/v2\/pages\/1513\/revisions"}],"predecessor-version":[{"id":5091,"href":"https:\/\/www.fafich.ufmg.br\/pospsicologia\/wp-json\/wp\/v2\/pages\/1513\/revisions\/5091"}],"up":[{"embeddable":true,"href":"https:\/\/www.fafich.ufmg.br\/pospsicologia\/wp-json\/wp\/v2\/pages\/1522"}],"wp:attachment":[{"href":"https:\/\/www.fafich.ufmg.br\/pospsicologia\/wp-json\/wp\/v2\/media?parent=1513"}],"curies":[{"name":"wp","href":"https:\/\/api.w.org\/{rel}","templated":true}]}}