{"id":1707,"date":"2018-01-26T09:36:06","date_gmt":"2018-01-26T11:36:06","guid":{"rendered":"http:\/\/184.107.12.153\/~pospsicologia\/?page_id=1707"},"modified":"2024-02-06T09:36:17","modified_gmt":"2024-02-06T12:36:17","slug":"defesas-ppg-psicologia","status":"publish","type":"page","link":"https:\/\/www.fafich.ufmg.br\/pospsicologia\/defesas-ppg-psicologia\/","title":{"rendered":"Defesas"},"content":{"rendered":"<p>[vc_row][vc_column][vc_column_text]<\/p>\n<h2>As defesas devem ser marcadas no <span style=\"color: #ff0000;\">Minha UFMG<\/span>, sendo de responsabilidade do discente o preenchimento dos dados do trabalho a ser defendido, e do(a) orientador(a) o lan\u00e7amento dos dados dos(as) docentes que compor\u00e3o a banca de avalia\u00e7\u00e3o.<\/h2>\n<h2><span style=\"color: #ff0000;\">IMPORTANTE<\/span>: Juntamente com a marca\u00e7\u00e3o da defesa no sistema \u00e9 necess\u00e1rio anexar, <span style=\"color: #ff0000;\">tamb\u00e9m no sistema<\/span>, o arquivo da vers\u00e3o da disserta\u00e7\u00e3o\/tese a ser defendida.<\/h2>\n<h2><span style=\"color: #ff0000;\">O prazo de anteced\u00eancia para a marca\u00e7\u00e3o da defesa no sistema \u00e9 de 20 dias.<\/span><\/h2>\n<p>[\/vc_column_text][\/vc_column][\/vc_row][vc_row][vc_column][vc_raw_html]JTVCYWkxZWMlMjBjYXRfbmFtZSUzRCUyMkRlZmVzYXMlMjIlNUQ=[\/vc_raw_html][\/vc_column][\/vc_row]<\/p>\n","protected":false},"excerpt":{"rendered":"<p>[vc_row][vc_column][vc_column_text] As defesas devem ser marcadas no Minha UFMG, sendo de responsabilidade do discente o preenchimento dos dados do trabalho a ser defendido, e do(a) orientador(a) o lan\u00e7amento dos dados dos(as) docentes que compor\u00e3o a banca de avalia\u00e7\u00e3o. IMPORTANTE: Juntamente com a marca\u00e7\u00e3o da defesa no sistema \u00e9 necess\u00e1rio anexar, tamb\u00e9m no sistema, o arquivo<\/p>\n","protected":false},"author":1,"featured_media":0,"parent":0,"menu_order":0,"comment_status":"closed","ping_status":"closed","template":"","meta":{"footnotes":""},"_links":{"self":[{"href":"https:\/\/www.fafich.ufmg.br\/pospsicologia\/wp-json\/wp\/v2\/pages\/1707"}],"collection":[{"href":"https:\/\/www.fafich.ufmg.br\/pospsicologia\/wp-json\/wp\/v2\/pages"}],"about":[{"href":"https:\/\/www.fafich.ufmg.br\/pospsicologia\/wp-json\/wp\/v2\/types\/page"}],"author":[{"embeddable":true,"href":"https:\/\/www.fafich.ufmg.br\/pospsicologia\/wp-json\/wp\/v2\/users\/1"}],"replies":[{"embeddable":true,"href":"https:\/\/www.fafich.ufmg.br\/pospsicologia\/wp-json\/wp\/v2\/comments?post=1707"}],"version-history":[{"count":9,"href":"https:\/\/www.fafich.ufmg.br\/pospsicologia\/wp-json\/wp\/v2\/pages\/1707\/revisions"}],"predecessor-version":[{"id":4685,"href":"https:\/\/www.fafich.ufmg.br\/pospsicologia\/wp-json\/wp\/v2\/pages\/1707\/revisions\/4685"}],"wp:attachment":[{"href":"https:\/\/www.fafich.ufmg.br\/pospsicologia\/wp-json\/wp\/v2\/media?parent=1707"}],"curies":[{"name":"wp","href":"https:\/\/api.w.org\/{rel}","templated":true}]}}