{"id":3445,"date":"2020-06-23T09:00:26","date_gmt":"2020-06-23T12:00:26","guid":{"rendered":"http:\/\/www.fafich.ufmg.br\/pospsicologia\/?page_id=3445"},"modified":"2020-12-16T07:19:57","modified_gmt":"2020-12-16T10:19:57","slug":"atas-2020","status":"publish","type":"page","link":"https:\/\/www.fafich.ufmg.br\/pospsicologia\/atas-2020\/","title":{"rendered":"Atas 2020"},"content":{"rendered":"<p>Disponibilizamos, abaixo, as atas das reuni\u00f5es do Colegiado ocorridas em 2020 e que foram assinadas via SEI. Informamos tamb\u00e9m que, devido \u00e0 pandemia do coronav\u00edrus COVID-19, n\u00e3o foi poss\u00edvel disponibilizar as atas das reuni\u00f5es de Fevereiro e Mar\u00e7o que est\u00e3o fisicamente na Secretaria do PPG Psicologia.<\/p>\n","protected":false},"excerpt":{"rendered":"<p>Disponibilizamos, abaixo, as atas das reuni\u00f5es do Colegiado ocorridas em 2020 e que foram assinadas via SEI. Informamos tamb\u00e9m que, devido \u00e0 pandemia do coronav\u00edrus COVID-19, n\u00e3o foi poss\u00edvel disponibilizar as atas das reuni\u00f5es de Fevereiro e Mar\u00e7o que est\u00e3o fisicamente na Secretaria do PPG Psicologia.<\/p>\n","protected":false},"author":1,"featured_media":0,"parent":0,"menu_order":0,"comment_status":"closed","ping_status":"closed","template":"","meta":{"footnotes":""},"_links":{"self":[{"href":"https:\/\/www.fafich.ufmg.br\/pospsicologia\/wp-json\/wp\/v2\/pages\/3445"}],"collection":[{"href":"https:\/\/www.fafich.ufmg.br\/pospsicologia\/wp-json\/wp\/v2\/pages"}],"about":[{"href":"https:\/\/www.fafich.ufmg.br\/pospsicologia\/wp-json\/wp\/v2\/types\/page"}],"author":[{"embeddable":true,"href":"https:\/\/www.fafich.ufmg.br\/pospsicologia\/wp-json\/wp\/v2\/users\/1"}],"replies":[{"embeddable":true,"href":"https:\/\/www.fafich.ufmg.br\/pospsicologia\/wp-json\/wp\/v2\/comments?post=3445"}],"version-history":[{"count":3,"href":"https:\/\/www.fafich.ufmg.br\/pospsicologia\/wp-json\/wp\/v2\/pages\/3445\/revisions"}],"predecessor-version":[{"id":3450,"href":"https:\/\/www.fafich.ufmg.br\/pospsicologia\/wp-json\/wp\/v2\/pages\/3445\/revisions\/3450"}],"wp:attachment":[{"href":"https:\/\/www.fafich.ufmg.br\/pospsicologia\/wp-json\/wp\/v2\/media?parent=3445"}],"curies":[{"name":"wp","href":"https:\/\/api.w.org\/{rel}","templated":true}]}}