{"id":4203,"date":"2022-06-30T21:17:44","date_gmt":"2022-07-01T00:17:44","guid":{"rendered":"http:\/\/www.fafich.ufmg.br\/pospsicologia\/?page_id=4203"},"modified":"2025-01-13T09:10:22","modified_gmt":"2025-01-13T12:10:22","slug":"calendario-de-matricula-do-semestre","status":"publish","type":"page","link":"https:\/\/www.fafich.ufmg.br\/pospsicologia\/calendario-de-matricula-do-semestre\/","title":{"rendered":"Calend\u00e1rio de Matr\u00edcula do Semestre"},"content":{"rendered":"<h3><span style=\"color: #ff0000;\">IMPORTANTE<\/span>: O calend\u00e1rio abaixo n\u00e3o se aplica aos ingressantes, somente aos que j\u00e1 possuem n\u00famero de registro.<\/h3>\n\n<table id=\"tablepress-7\" class=\"tablepress tablepress-id-7\">\n<thead>\n<tr class=\"row-1 odd\">\n\t<th class=\"column-1\">Per\u00edodo Letivo<\/th><th class=\"column-2\">Data In\u00edcio<\/th><th class=\"column-3\">Data limite para Envio da proposta pelo aluno<\/th><th class=\"column-4\">Data limite para Avalia\u00e7\u00e3o pelo Orientador<\/th><th class=\"column-5\">Data limite para Reenvio da proposta pelo aluno<\/th><th class=\"column-6\">Data limite para Reavalia\u00e7\u00e3o do Orientador<\/th><th class=\"column-7\">Data limite para Efetiva\u00e7\u00e3o de matr\u00edcula<\/th>\n<\/tr>\n<\/thead>\n<tbody class=\"row-hover\">\n<tr class=\"row-2 even\">\n\t<td class=\"column-1\">2025\/2<\/td><td class=\"column-2\">23\/06\/2025 00:01<\/td><td class=\"column-3\">10\/07\/2025 23:55<\/td><td class=\"column-4\">10\/07\/2025 23:56<\/td><td class=\"column-5\">10\/07\/2025 23:57<\/td><td class=\"column-6\">10\/07\/2025 23:59<\/td><td class=\"column-7\">18\/07\/2025 23:59<\/td>\n<\/tr>\n<\/tbody>\n<\/table>\n<!-- #tablepress-7 from cache -->\n","protected":false},"excerpt":{"rendered":"<p>IMPORTANTE: O calend\u00e1rio abaixo n\u00e3o se aplica aos ingressantes, somente aos que j\u00e1 possuem n\u00famero de registro.<\/p>\n","protected":false},"author":2,"featured_media":0,"parent":0,"menu_order":0,"comment_status":"closed","ping_status":"closed","template":"","meta":{"footnotes":""},"_links":{"self":[{"href":"https:\/\/www.fafich.ufmg.br\/pospsicologia\/wp-json\/wp\/v2\/pages\/4203"}],"collection":[{"href":"https:\/\/www.fafich.ufmg.br\/pospsicologia\/wp-json\/wp\/v2\/pages"}],"about":[{"href":"https:\/\/www.fafich.ufmg.br\/pospsicologia\/wp-json\/wp\/v2\/types\/page"}],"author":[{"embeddable":true,"href":"https:\/\/www.fafich.ufmg.br\/pospsicologia\/wp-json\/wp\/v2\/users\/2"}],"replies":[{"embeddable":true,"href":"https:\/\/www.fafich.ufmg.br\/pospsicologia\/wp-json\/wp\/v2\/comments?post=4203"}],"version-history":[{"count":3,"href":"https:\/\/www.fafich.ufmg.br\/pospsicologia\/wp-json\/wp\/v2\/pages\/4203\/revisions"}],"predecessor-version":[{"id":5047,"href":"https:\/\/www.fafich.ufmg.br\/pospsicologia\/wp-json\/wp\/v2\/pages\/4203\/revisions\/5047"}],"wp:attachment":[{"href":"https:\/\/www.fafich.ufmg.br\/pospsicologia\/wp-json\/wp\/v2\/media?parent=4203"}],"curies":[{"name":"wp","href":"https:\/\/api.w.org\/{rel}","templated":true}]}}