{"id":4417,"date":"2023-03-06T08:50:02","date_gmt":"2023-03-06T11:50:02","guid":{"rendered":"http:\/\/www.fafich.ufmg.br\/pospsicologia\/?page_id=4417"},"modified":"2024-03-06T12:00:43","modified_gmt":"2024-03-06T15:00:43","slug":"atas-2023","status":"publish","type":"page","link":"https:\/\/www.fafich.ufmg.br\/pospsicologia\/atas-2023\/","title":{"rendered":"Atas 2023"},"content":{"rendered":"<h4>Disponibilizamos, abaixo, as atas das reuni\u00f5es do Colegiado ocorridas em 2023.<\/h4>\n<h4><span style=\"color: #ff0000;\">As reuni\u00f5es ordin\u00e1rias do Colegiado ocorrem na segunda segunda-feira de cada m\u00eas, dentro do semestre letivo.<\/span><\/h4>\n","protected":false},"excerpt":{"rendered":"<p>Disponibilizamos, abaixo, as atas das reuni\u00f5es do Colegiado ocorridas em 2023. As reuni\u00f5es ordin\u00e1rias do Colegiado ocorrem na segunda segunda-feira de cada m\u00eas, dentro do semestre letivo.<\/p>\n","protected":false},"author":2,"featured_media":0,"parent":0,"menu_order":0,"comment_status":"closed","ping_status":"closed","template":"","meta":{"footnotes":""},"_links":{"self":[{"href":"https:\/\/www.fafich.ufmg.br\/pospsicologia\/wp-json\/wp\/v2\/pages\/4417"}],"collection":[{"href":"https:\/\/www.fafich.ufmg.br\/pospsicologia\/wp-json\/wp\/v2\/pages"}],"about":[{"href":"https:\/\/www.fafich.ufmg.br\/pospsicologia\/wp-json\/wp\/v2\/types\/page"}],"author":[{"embeddable":true,"href":"https:\/\/www.fafich.ufmg.br\/pospsicologia\/wp-json\/wp\/v2\/users\/2"}],"replies":[{"embeddable":true,"href":"https:\/\/www.fafich.ufmg.br\/pospsicologia\/wp-json\/wp\/v2\/comments?post=4417"}],"version-history":[{"count":5,"href":"https:\/\/www.fafich.ufmg.br\/pospsicologia\/wp-json\/wp\/v2\/pages\/4417\/revisions"}],"predecessor-version":[{"id":4770,"href":"https:\/\/www.fafich.ufmg.br\/pospsicologia\/wp-json\/wp\/v2\/pages\/4417\/revisions\/4770"}],"wp:attachment":[{"href":"https:\/\/www.fafich.ufmg.br\/pospsicologia\/wp-json\/wp\/v2\/media?parent=4417"}],"curies":[{"name":"wp","href":"https:\/\/api.w.org\/{rel}","templated":true}]}}