{"id":5180,"date":"2025-09-16T07:25:18","date_gmt":"2025-09-16T10:25:18","guid":{"rendered":"https:\/\/www.fafich.ufmg.br\/pospsicologia\/?page_id=5180"},"modified":"2026-03-05T11:38:30","modified_gmt":"2026-03-05T14:38:30","slug":"chamada-programa-de-doutorado-sanduiche-no-exterior-2026","status":"publish","type":"page","link":"https:\/\/www.fafich.ufmg.br\/pospsicologia\/chamada-programa-de-doutorado-sanduiche-no-exterior-2026\/","title":{"rendered":"Chamada Programa de Doutorado Sandu\u00edche no Exterior 2026"},"content":{"rendered":"\n<h2 class=\"wp-block-heading\">A Coordena\u00e7\u00e3o do Programa de P\u00f3s-gradua\u00e7\u00e3o em Psicologia, no uso de suas atribui\u00e7\u00f5es e em conson\u00e2ncia com o Edital no 17\/2025 PDSE da CAPES, torna p\u00fablico o processo de sele\u00e7\u00e3o interna de candidatos \u00e0 bolsa de doutorado sandu\u00edche da CAPES (PDSE).<\/h2>\n\n\n\n<h3 class=\"wp-block-heading\">Os anexos listados no Edital CAPES a serem preenchidos podem ser encontrados em:\u00a0<a href=\"https:\/\/www.gov.br\/capes\/pt-br\/acesso-a-informacao\/acoes-e-programas\/bolsas\/bolsas-e-auxilios-internacionais\/encontre-aqui\/paises\/multinacional\/programa-de-doutorado-sanduiche-no-exterior-pdse\" target=\"_blank\" rel=\"noreferrer noopener\"><mark style=\"background-color:rgba(0, 0, 0, 0)\" class=\"has-inline-color has-vivid-cyan-blue-color\">https:\/\/www.gov.br\/capes\/pt-br\/acesso-a-informacao\/acoes-e-programas\/bolsas\/bolsas-e-auxilios-internacionais\/encontre-aqui\/paises\/multinacional\/programa-de-doutorado-sanduiche-no-exterior-pdse<\/mark><\/a><\/h3>\n","protected":false},"excerpt":{"rendered":"<p>A Coordena\u00e7\u00e3o do Programa de P\u00f3s-gradua\u00e7\u00e3o em Psicologia, no uso de suas atribui\u00e7\u00f5es e em conson\u00e2ncia com o Edital no 17\/2025 PDSE da CAPES, torna p\u00fablico o processo de sele\u00e7\u00e3o interna de candidatos \u00e0 bolsa de doutorado sandu\u00edche da CAPES (PDSE). Os anexos listados no Edital CAPES a serem preenchidos podem ser encontrados em:\u00a0https:\/\/www.gov.br\/capes\/pt-br\/acesso-a-informacao\/acoes-e-programas\/bolsas\/bolsas-e-auxilios-internacionais\/encontre-aqui\/paises\/multinacional\/programa-de-doutorado-sanduiche-no-exterior-pdse<\/p>\n","protected":false},"author":2,"featured_media":0,"parent":0,"menu_order":0,"comment_status":"closed","ping_status":"closed","template":"","meta":{"footnotes":""},"_links":{"self":[{"href":"https:\/\/www.fafich.ufmg.br\/pospsicologia\/wp-json\/wp\/v2\/pages\/5180"}],"collection":[{"href":"https:\/\/www.fafich.ufmg.br\/pospsicologia\/wp-json\/wp\/v2\/pages"}],"about":[{"href":"https:\/\/www.fafich.ufmg.br\/pospsicologia\/wp-json\/wp\/v2\/types\/page"}],"author":[{"embeddable":true,"href":"https:\/\/www.fafich.ufmg.br\/pospsicologia\/wp-json\/wp\/v2\/users\/2"}],"replies":[{"embeddable":true,"href":"https:\/\/www.fafich.ufmg.br\/pospsicologia\/wp-json\/wp\/v2\/comments?post=5180"}],"version-history":[{"count":4,"href":"https:\/\/www.fafich.ufmg.br\/pospsicologia\/wp-json\/wp\/v2\/pages\/5180\/revisions"}],"predecessor-version":[{"id":5187,"href":"https:\/\/www.fafich.ufmg.br\/pospsicologia\/wp-json\/wp\/v2\/pages\/5180\/revisions\/5187"}],"wp:attachment":[{"href":"https:\/\/www.fafich.ufmg.br\/pospsicologia\/wp-json\/wp\/v2\/media?parent=5180"}],"curies":[{"name":"wp","href":"https:\/\/api.w.org\/{rel}","templated":true}]}}