{"id":639,"date":"2017-10-24T09:08:17","date_gmt":"2017-10-24T08:08:17","guid":{"rendered":"http:\/\/dev.joomexp.com\/wordpress\/cargo-pifour\/?page_id=639"},"modified":"2026-01-13T08:56:03","modified_gmt":"2026-01-13T11:56:03","slug":"home-2","status":"publish","type":"page","link":"https:\/\/www.fafich.ufmg.br\/pospsicologia\/","title":{"rendered":"Home"},"content":{"rendered":"<p>[vc_row][vc_column][rev_slider_vc alias=&#8221;bannerhome&#8221;][\/vc_column][\/vc_row][vc_row full_width=&#8221;stretch_row&#8221; bg_fixed=&#8221;true&#8221; visible_overflow=&#8221;true&#8221; css=&#8221;.vc_custom_1533593397809{padding-bottom: 40px !important;}&#8221;][vc_column width=&#8221;1\/4&#8243; css=&#8221;.vc_custom_1515680437608{margin-top: -100px !important;margin-bottom: 130px !important;}&#8221;][vc_single_image image=&#8221;2218&#8243; img_size=&#8221;medium&#8221; onclick=&#8221;custom_link&#8221; img_link_target=&#8221;_blank&#8221;][vc_custom_heading text=&#8221;Sele\u00e7\u00e3o de Bolsas PPG Psicologia&#8221; font_container=&#8221;tag:h3|text_align:left&#8221; use_theme_fonts=&#8221;yes&#8221; link=&#8221;url:http%3A%2F%2Fwww.fafich.ufmg.br%2Fpospsicologia%2Fbolsas%2F||target:%20_blank|&#8221;][\/vc_column][vc_column width=&#8221;1\/4&#8243; css=&#8221;.vc_custom_1515680447633{margin-top: -100px !important;margin-bottom: 130px !important;}&#8221;][vc_single_image image=&#8221;2250&#8243; img_size=&#8221;full&#8221; onclick=&#8221;custom_link&#8221;][vc_custom_heading text=&#8221;Oferta de Disciplinas do Semestre&#8221; font_container=&#8221;tag:h3|text_align:left&#8221; use_theme_fonts=&#8221;yes&#8221; link=&#8221;url:http%3A%2F%2Fwww.fafich.ufmg.br%2Fpospsicologia%2Foferta-de-disciplinas%2F|||&#8221;][\/vc_column][vc_column width=&#8221;1\/4&#8243; css=&#8221;.vc_custom_1515680456269{margin-top: -100px !important;margin-bottom: 130px !important;}&#8221;][vc_single_image image=&#8221;1336&#8243; img_size=&#8221;full&#8221; onclick=&#8221;custom_link&#8221; img_link_target=&#8221;_blank&#8221;][vc_custom_heading text=&#8221;Sele\u00e7\u00e3o Mestrado e Doutorado&#8221; font_container=&#8221;tag:h3|text_align:left&#8221; use_theme_fonts=&#8221;yes&#8221; link=&#8221;url:http%3A%2F%2Fwww.fafich.ufmg.br%2Fpospsicologia%2Fprocesso-seletivo-mestrado-e-doutorado-2026%2F|||&#8221;][\/vc_column][vc_column width=&#8221;1\/4&#8243; css=&#8221;.vc_custom_1533594603705{margin-top: -100px !important;margin-bottom: 130px !important;}&#8221;][vc_single_image image=&#8221;2529&#8243; onclick=&#8221;custom_link&#8221; img_link_target=&#8221;_blank&#8221;][vc_custom_heading text=&#8221;disciplinas isoladas&#8221; font_container=&#8221;tag:h3|text_align:left&#8221; use_theme_fonts=&#8221;yes&#8221; link=&#8221;url:http%3A%2F%2Fwww.fafich.ufmg.br%2Fpospsicologia%2Fhome-2%2Fdisciplinas-isoladas%2F|title:Disciplinas%20Isoladas|target:%20_blank|&#8221;][\/vc_column][\/vc_row][vc_row css=&#8221;.vc_custom_1515680564368{margin-top: -90px !important;padding-bottom: 55px !important;}&#8221;][vc_column css=&#8221;.vc_custom_1508682303495{padding-bottom: 25px !important;}&#8221;][vc_column_text][\/vc_column_text][vc_row_inner css=&#8221;.vc_custom_1508911055068{padding-bottom: 25px !important;}&#8221;][vc_column_inner][vc_custom_heading text=&#8221;PPG-PSI&#8221; font_container=&#8221;tag:h1|text_align:center&#8221; use_theme_fonts=&#8221;yes&#8221;][vc_column_text]O Programa de P\u00f3s-Gradua\u00e7\u00e3o em Psicologia da Universidade Federal de Minas Gerais (PPG-PSI, nota 5 na avalia\u00e7\u00e3o da CAPES), teve seu in\u00edcio em 1989, com a cria\u00e7\u00e3o do Mestrado em Psicologia (\u00e1rea de concentra\u00e7\u00e3o em Psicologia Social). Oito anos depois, em 1997, foi criada a \u00e1rea de concentra\u00e7\u00e3o em Estudos Psicanal\u00edticos.\u200b Com a consolida\u00e7\u00e3o da \u00c1rea de Concentra\u00e7\u00e3o em Estudos Psicanal\u00edticos, os docentes que trabalhavam com temas relacionados ao desenvolvimento humano, tamb\u00e9m se nuclearam e propuseram a cria\u00e7\u00e3o de uma \u00c1rea de Concentra\u00e7\u00e3o em Desenvolvimento Humano. Esta \u00e1rea foi aprovada em 2003 e come\u00e7ou a funcionar a partir do primeiro semestre de 2004. Em 2007, o PPG-PSI realizou uma reforma curricular no curso de Mestrado (implanta\u00e7\u00e3o do novo curr\u00edculo em 2008) e apresentou \u00e0 CAPES proposta para a cria\u00e7\u00e3o do seu curso de Doutorado. O curso de Doutorado em Psicologia come\u00e7ou suas atividades em 2008 e teve suas primeiras defesas no ano de 2012. Em 2016, a \u00e1rea de Desenvolvimento Humano come\u00e7ou sua desvincula\u00e7\u00e3o do PPG Psicologia, criando o Programa de P\u00f3s-Gradua\u00e7\u00e3o em Psicologia: Cogni\u00e7\u00e3o e Comportamento&#8221;. Com esse hist\u00f3rico o PPG-PSI est\u00e1 entre os programas mais antigos da \u00e1rea de Psicologia na CAPES. At\u00e9 o momento, o PPG-PSI possui mais de 800 disserta\u00e7\u00f5es e mais de 160 teses defendidas, o que por si s\u00f3, podem ser considerados um indicador da relev\u00e2ncia social e acad\u00eamica do Programa.[\/vc_column_text][\/vc_column_inner][\/vc_row_inner][cms_button title=&#8221;Saiba mais&#8221; btn_type=&#8221;btn-primary&#8221; align=&#8221;center&#8221; button_block=&#8221;&#8221; add_icon=&#8221;&#8221; link=&#8221;url:http%3A%2F%2Fwww.fafich.ufmg.br%2Fpospsicologia%2F%3Fpage_id%3D1377|||&#8221;][vc_empty_space][\/vc_column][\/vc_row][vc_row full_width=&#8221;stretch_row&#8221; css=&#8221;.vc_custom_1510720424511{padding-top: 65px !important;padding-bottom: 35px !important;background-color: #f0f0f0 !important;}&#8221;][vc_column css=&#8221;.vc_custom_1508682303495{padding-bottom: 25px !important;}&#8221;][vc_row_inner css=&#8221;.vc_custom_1508920830987{padding-bottom: 40px !important;}&#8221;][vc_column_inner][vc_custom_heading text=&#8221;Fale Conosco&#8221; font_container=&#8221;tag:h1|text_align:center&#8221; use_theme_fonts=&#8221;yes&#8221;][vc_empty_space]<div role=\"form\" class=\"wpcf7\" id=\"wpcf7-f336-o1\" lang=\"en-GB\" dir=\"ltr\">\n<div class=\"screen-reader-response\"><\/div>\n<form action=\"\/pospsicologia\/wp-json\/wp\/v2\/pages\/639#wpcf7-f336-o1\" method=\"post\" class=\"wpcf7-form\" novalidate=\"novalidate\">\n<div style=\"display: none;\">\n<input type=\"hidden\" name=\"_wpcf7\" value=\"336\" \/>\n<input type=\"hidden\" name=\"_wpcf7_version\" value=\"4.9.2\" \/>\n<input type=\"hidden\" name=\"_wpcf7_locale\" value=\"en_GB\" \/>\n<input type=\"hidden\" name=\"_wpcf7_unit_tag\" value=\"wpcf7-f336-o1\" \/>\n<input type=\"hidden\" name=\"_wpcf7_container_post\" value=\"0\" \/>\n<\/div>\n<div class=\"contact-form\">\n<div class=\"row\">\n<div class=\"col-xs-12 col-sm-6 col-md-6 col-lg-6\">\n<p><span class=\"wpcf7-form-control-wrap your-name\"><input type=\"text\" name=\"your-name\" value=\"\" size=\"40\" class=\"wpcf7-form-control wpcf7-text wpcf7-validates-as-required form-control\" aria-required=\"true\" aria-invalid=\"false\" placeholder=\"Nome\" \/><\/span> <\/p>\n<p><span class=\"wpcf7-form-control-wrap your-email\"><input type=\"email\" name=\"your-email\" value=\"\" size=\"40\" class=\"wpcf7-form-control wpcf7-text wpcf7-email wpcf7-validates-as-required wpcf7-validates-as-email form-control\" aria-required=\"true\" aria-invalid=\"false\" placeholder=\"E-Mail\" \/><\/span><\/p>\n<p><span class=\"wpcf7-form-control-wrap url\"><input type=\"text\" name=\"url\" value=\"\" size=\"40\" class=\"wpcf7-form-control wpcf7-text form-control\" aria-invalid=\"false\" placeholder=\"Assunto\" \/><\/span><\/p>\n<\/div>\n<div class=\"col-xs-12 col-sm-6 col-md-6 col-lg-6\">\n<p><span class=\"wpcf7-form-control-wrap your-message\"><textarea name=\"your-message\" cols=\"100\" rows=\"6\" class=\"wpcf7-form-control wpcf7-textarea wpcf7-validates-as-required form-control\" aria-required=\"true\" aria-invalid=\"false\" placeholder=\"Mensagem\"><\/textarea><\/span><\/p>\n<\/div>\n<div class=\"col-xs-12 col-sm-12 col-md-12 col-lg-12\">\n<p class=\"btn-send\"><input type=\"submit\" value=\"Enviar\" class=\"wpcf7-form-control wpcf7-submit btn btn-primary\" \/><\/p>\n<\/div>\n<\/div>\n<\/div>\n<p style=\"display: none !important;\" class=\"akismet-fields-container\" data-prefix=\"_wpcf7_ak_\"><label>&#916;<textarea name=\"_wpcf7_ak_hp_textarea\" cols=\"45\" rows=\"8\" maxlength=\"100\"><\/textarea><\/label><input type=\"hidden\" id=\"ak_js_1\" name=\"_wpcf7_ak_js\" value=\"114\"\/><script>document.getElementById( \"ak_js_1\" ).setAttribute( \"value\", ( new Date() ).getTime() );<\/script><\/p><div class=\"wpcf7-response-output wpcf7-display-none\"><\/div><\/form><\/div>[\/vc_column_inner][\/vc_row_inner][\/vc_column][\/vc_row][vc_row][vc_column][vc_empty_space height=&#8221;60px&#8221;][\/vc_column][\/vc_row][vc_row][vc_column width=&#8221;1\/6&#8243;][vc_single_image image=&#8221;2342&#8243; img_size=&#8221;full&#8221; alignment=&#8221;right&#8221; onclick=&#8221;custom_link&#8221; img_link_target=&#8221;_blank&#8221; link=&#8221;http:\/\/cnpq.br\/&#8221;][\/vc_column][vc_column width=&#8221;1\/6&#8243;][vc_single_image image=&#8221;2343&#8243; img_size=&#8221;full&#8221; onclick=&#8221;custom_link&#8221; img_link_target=&#8221;_blank&#8221; link=&#8221;https:\/\/www.ufmg.br\/prpg\/&#8221;][\/vc_column][vc_column width=&#8221;1\/6&#8243;][vc_single_image image=&#8221;2344&#8243; img_size=&#8221;full&#8221; onclick=&#8221;custom_link&#8221; img_link_target=&#8221;_blank&#8221; link=&#8221;https:\/\/sistemas.ufmg.br\/idp\/login.jsp&#8221;][\/vc_column][vc_column width=&#8221;1\/6&#8243;][vc_single_image image=&#8221;2345&#8243; img_size=&#8221;full&#8221; onclick=&#8221;custom_link&#8221; img_link_target=&#8221;_blank&#8221; link=&#8221;http:\/\/www.fapemig.br\/&#8221;][\/vc_column][vc_column width=&#8221;1\/6&#8243;][vc_single_image image=&#8221;2346&#8243; img_size=&#8221;full&#8221; onclick=&#8221;custom_link&#8221; img_link_target=&#8221;_blank&#8221; link=&#8221;http:\/\/www.capes.gov.br\/&#8221;][\/vc_column][vc_column width=&#8221;1\/6&#8243;][vc_single_image image=&#8221;2369&#8243; img_size=&#8221;full&#8221; onclick=&#8221;custom_link&#8221; img_link_target=&#8221;_blank&#8221; link=&#8221;https:\/\/sucupira.capes.gov.br\/sucupira\/&#8221;][\/vc_column][\/vc_row][vc_row][vc_column][vc_empty_space height=&#8221;60px&#8221;][\/vc_column][\/vc_row]<\/p>\n","protected":false},"excerpt":{"rendered":"<p>[vc_row][vc_column][rev_slider_vc alias=&#8221;bannerhome&#8221;][\/vc_column][\/vc_row][vc_row full_width=&#8221;stretch_row&#8221; bg_fixed=&#8221;true&#8221; visible_overflow=&#8221;true&#8221; css=&#8221;.vc_custom_1533593397809{padding-bottom: 40px !important;}&#8221;][vc_column width=&#8221;1\/4&#8243; css=&#8221;.vc_custom_1515680437608{margin-top: -100px !important;margin-bottom: 130px !important;}&#8221;][vc_single_image image=&#8221;2218&#8243; img_size=&#8221;medium&#8221; onclick=&#8221;custom_link&#8221; img_link_target=&#8221;_blank&#8221;][vc_custom_heading text=&#8221;Sele\u00e7\u00e3o de Bolsas PPG Psicologia&#8221; font_container=&#8221;tag:h3|text_align:left&#8221; use_theme_fonts=&#8221;yes&#8221; link=&#8221;url:http%3A%2F%2Fwww.fafich.ufmg.br%2Fpospsicologia%2Fbolsas%2F||target:%20_blank|&#8221;][\/vc_column][vc_column width=&#8221;1\/4&#8243; css=&#8221;.vc_custom_1515680447633{margin-top: -100px !important;margin-bottom: 130px !important;}&#8221;][vc_single_image image=&#8221;2250&#8243; img_size=&#8221;full&#8221; onclick=&#8221;custom_link&#8221;][vc_custom_heading text=&#8221;Oferta de Disciplinas do Semestre&#8221; font_container=&#8221;tag:h3|text_align:left&#8221; use_theme_fonts=&#8221;yes&#8221; link=&#8221;url:http%3A%2F%2Fwww.fafich.ufmg.br%2Fpospsicologia%2Foferta-de-disciplinas%2F|||&#8221;][\/vc_column][vc_column width=&#8221;1\/4&#8243; css=&#8221;.vc_custom_1515680456269{margin-top: -100px !important;margin-bottom: 130px !important;}&#8221;][vc_single_image image=&#8221;1336&#8243; img_size=&#8221;full&#8221; onclick=&#8221;custom_link&#8221; img_link_target=&#8221;_blank&#8221;][vc_custom_heading text=&#8221;Sele\u00e7\u00e3o Mestrado<\/p>\n","protected":false},"author":1,"featured_media":0,"parent":0,"menu_order":0,"comment_status":"closed","ping_status":"closed","template":"","meta":{"footnotes":""},"_links":{"self":[{"href":"https:\/\/www.fafich.ufmg.br\/pospsicologia\/wp-json\/wp\/v2\/pages\/639"}],"collection":[{"href":"https:\/\/www.fafich.ufmg.br\/pospsicologia\/wp-json\/wp\/v2\/pages"}],"about":[{"href":"https:\/\/www.fafich.ufmg.br\/pospsicologia\/wp-json\/wp\/v2\/types\/page"}],"author":[{"embeddable":true,"href":"https:\/\/www.fafich.ufmg.br\/pospsicologia\/wp-json\/wp\/v2\/users\/1"}],"replies":[{"embeddable":true,"href":"https:\/\/www.fafich.ufmg.br\/pospsicologia\/wp-json\/wp\/v2\/comments?post=639"}],"version-history":[{"count":144,"href":"https:\/\/www.fafich.ufmg.br\/pospsicologia\/wp-json\/wp\/v2\/pages\/639\/revisions"}],"predecessor-version":[{"id":5154,"href":"https:\/\/www.fafich.ufmg.br\/pospsicologia\/wp-json\/wp\/v2\/pages\/639\/revisions\/5154"}],"wp:attachment":[{"href":"https:\/\/www.fafich.ufmg.br\/pospsicologia\/wp-json\/wp\/v2\/media?parent=639"}],"curies":[{"name":"wp","href":"https:\/\/api.w.org\/{rel}","templated":true}]}}