{"id":10443,"date":"2025-06-11T16:15:18","date_gmt":"2025-06-11T19:15:18","guid":{"rendered":"https:\/\/www.fafich.ufmg.br\/psicogcom\/wordpress\/?page_id=10443"},"modified":"2025-09-19T10:24:00","modified_gmt":"2025-09-19T13:24:00","slug":"area-de-concentracion-y-lineas-de-investigacion","status":"publish","type":"page","link":"https:\/\/www.fafich.ufmg.br\/psicogcom\/posgrado-en-psicologia-cognicion-y-comportamiento\/area-de-concentracion-y-lineas-de-investigacion\/","title":{"rendered":"\u00c1rea de concentraci\u00f3n y l\u00edneas de investigaci\u00f3n"},"content":{"rendered":"\n<figure data-wp-context=\"{&quot;imageId&quot;:&quot;69e0b1980071a&quot;}\" data-wp-interactive=\"core\/image\" class=\"wp-block-image size-large wp-lightbox-container\"><img loading=\"lazy\" decoding=\"async\" width=\"1024\" height=\"118\" data-wp-class--hide=\"state.isContentHidden\" data-wp-class--show=\"state.isContentVisible\" data-wp-init=\"callbacks.setButtonStyles\" data-wp-on-async--click=\"actions.showLightbox\" data-wp-on-async--load=\"callbacks.setButtonStyles\" data-wp-on-async-window--resize=\"callbacks.setButtonStyles\" src=\"https:\/\/www.fafich.ufmg.br\/psicogcom\/wp-content\/uploads\/2025\/06\/Spain-1300-1024x118.jpg\" alt=\"\" class=\"wp-image-10439\" srcset=\"https:\/\/www.fafich.ufmg.br\/psicogcom\/wp-content\/uploads\/2025\/06\/Spain-1300-1024x118.jpg 1024w, https:\/\/www.fafich.ufmg.br\/psicogcom\/wp-content\/uploads\/2025\/06\/Spain-1300-300x35.jpg 300w, https:\/\/www.fafich.ufmg.br\/psicogcom\/wp-content\/uploads\/2025\/06\/Spain-1300-768x89.jpg 768w, https:\/\/www.fafich.ufmg.br\/psicogcom\/wp-content\/uploads\/2025\/06\/Spain-1300.jpg 1300w\" sizes=\"auto, (max-width: 1024px) 100vw, 1024px\" \/><button\n\t\t\tclass=\"lightbox-trigger\"\n\t\t\ttype=\"button\"\n\t\t\taria-haspopup=\"dialog\"\n\t\t\taria-label=\"Ampliar\"\n\t\t\tdata-wp-init=\"callbacks.initTriggerButton\"\n\t\t\tdata-wp-on-async--click=\"actions.showLightbox\"\n\t\t\tdata-wp-style--right=\"state.imageButtonRight\"\n\t\t\tdata-wp-style--top=\"state.imageButtonTop\"\n\t\t>\n\t\t\t<svg xmlns=\"http:\/\/www.w3.org\/2000\/svg\" width=\"12\" height=\"12\" fill=\"none\" viewBox=\"0 0 12 12\">\n\t\t\t\t<path fill=\"#fff\" d=\"M2 0a2 2 0 0 0-2 2v2h1.5V2a.5.5 0 0 1 .5-.5h2V0H2Zm2 10.5H2a.5.5 0 0 1-.5-.5V8H0v2a2 2 0 0 0 2 2h2v-1.5ZM8 12v-1.5h2a.5.5 0 0 0 .5-.5V8H12v2a2 2 0 0 1-2 2H8Zm2-12a2 2 0 0 1 2 2v2h-1.5V2a.5.5 0 0 0-.5-.5H8V0h2Z\" \/>\n\t\t\t<\/svg>\n\t\t<\/button><\/figure>\n\n\n\n<div style=\"height:50px\" aria-hidden=\"true\" class=\"wp-block-spacer\"><\/div>\n\n\n\n<h3 class=\"wp-block-heading\">Medici\u00f3n e Intervenci\u00f3n <strong>en Psicolog\u00eda<\/strong><\/h3>\n\n\n\n<p>Fomenta el desarrollo y adaptaci\u00f3n de medidas de dimensiones b\u00e1sicas y superiores del comportamiento humano (ej. Tiempo de reacci\u00f3n, tiempo de inspecci\u00f3n, percepci\u00f3n, motricidad, memoria, impulsividad, inteligencia, personalidad) para uso en diferentes niveles de an\u00e1lisis (neuropsicol\u00f3gica, gen\u00e9tica conductual, cognitiva, social), en diferentes dise\u00f1os metodol\u00f3gicos (levantamiento, asociaci\u00f3n y experimental) y con diferentes sujetos (personas o animales). Tambi\u00e9n promueve estudios sobre programas de intervenci\u00f3n que tengan como objetivo la recuperaci\u00f3n del funcionamiento adaptativo o el seguimiento de los cambios conductuales o neurobiol\u00f3gicos de las personas. El objetivo final de las intervenciones ser\u00eda validar modelos y\/o teor\u00edas relativas al comportamiento humano.<\/p>\n\n\n\n<div style=\"height:50px\" aria-hidden=\"true\" class=\"wp-block-spacer\"><\/div>\n\n\n\n<h3 class=\"wp-block-heading\">Neuropsicolog\u00eda <strong>y Comportamiento<\/strong><\/h3>\n\n\n\n<p>Promueve el estudio de los aspectos neurobiol\u00f3gicos del desarrollo saludable y de los principales trastornos neuropsicol\u00f3gicos de la infancia, adolescencia, del adulto y la vejez, utilizando diferentes abordajes de investigaci\u00f3n, incluyendo el an\u00e1lisis del comportamiento, inferencia sobre procesos cognitivos a trav\u00e9s de medidas de desempe\u00f1o, tiempo de reacci\u00f3n e medidas electrofisiol\u00f3gicas (por ejemplo, EEG), e inferencias de car\u00e1cter te\u00f3rico sobre el papel de determinadas regiones cerebrales en la cognici\u00f3n, a trav\u00e9s de la investigaci\u00f3n sobre la relaci\u00f3n entre medidas comportamentales espec\u00edficas y determinados cuadros neurol\u00f3gicos caracter\u00edsticos de determinados per\u00edodos del ciclo de vida.<\/p>\n","protected":false},"excerpt":{"rendered":"<p>Medici\u00f3n e Intervenci\u00f3n en Psicolog\u00eda Fomenta el desarrollo y adaptaci\u00f3n de medidas de dimensiones b\u00e1sicas y superiores del comportamiento humano (ej. Tiempo de reacci\u00f3n, tiempo de inspecci\u00f3n, percepci\u00f3n, motricidad, memoria, impulsividad, inteligencia, personalidad) para uso en diferentes niveles de an\u00e1lisis (neuropsicol\u00f3gica, gen\u00e9tica conductual, cognitiva, social), en diferentes dise\u00f1os metodol\u00f3gicos (levantamiento, asociaci\u00f3n y experimental) y con [&hellip;]<\/p>\n","protected":false},"author":2,"featured_media":0,"parent":10438,"menu_order":0,"comment_status":"closed","ping_status":"closed","template":"","meta":{"_acf_changed":false,"footnotes":""},"class_list":["post-10443","page","type-page","status-publish","hentry"],"acf":[],"meta_box":[],"_links":{"self":[{"href":"https:\/\/www.fafich.ufmg.br\/psicogcom\/wp-json\/wp\/v2\/pages\/10443","targetHints":{"allow":["GET"]}}],"collection":[{"href":"https:\/\/www.fafich.ufmg.br\/psicogcom\/wp-json\/wp\/v2\/pages"}],"about":[{"href":"https:\/\/www.fafich.ufmg.br\/psicogcom\/wp-json\/wp\/v2\/types\/page"}],"author":[{"embeddable":true,"href":"https:\/\/www.fafich.ufmg.br\/psicogcom\/wp-json\/wp\/v2\/users\/2"}],"replies":[{"embeddable":true,"href":"https:\/\/www.fafich.ufmg.br\/psicogcom\/wp-json\/wp\/v2\/comments?post=10443"}],"version-history":[{"count":2,"href":"https:\/\/www.fafich.ufmg.br\/psicogcom\/wp-json\/wp\/v2\/pages\/10443\/revisions"}],"predecessor-version":[{"id":10743,"href":"https:\/\/www.fafich.ufmg.br\/psicogcom\/wp-json\/wp\/v2\/pages\/10443\/revisions\/10743"}],"up":[{"embeddable":true,"href":"https:\/\/www.fafich.ufmg.br\/psicogcom\/wp-json\/wp\/v2\/pages\/10438"}],"wp:attachment":[{"href":"https:\/\/www.fafich.ufmg.br\/psicogcom\/wp-json\/wp\/v2\/media?parent=10443"}],"curies":[{"name":"wp","href":"https:\/\/api.w.org\/{rel}","templated":true}]}}