{"id":10450,"date":"2025-06-11T16:26:00","date_gmt":"2025-06-11T19:26:00","guid":{"rendered":"https:\/\/www.fafich.ufmg.br\/psicogcom\/wordpress\/?page_id=10450"},"modified":"2025-09-19T10:25:06","modified_gmt":"2025-09-19T13:25:06","slug":"proceso-de-seleccion","status":"publish","type":"page","link":"https:\/\/www.fafich.ufmg.br\/psicogcom\/posgrado-en-psicologia-cognicion-y-comportamiento\/proceso-de-seleccion\/","title":{"rendered":"Proceso de selecci\u00f3n"},"content":{"rendered":"\n<figure data-wp-context=\"{&quot;imageId&quot;:&quot;69de3c5983a7f&quot;}\" data-wp-interactive=\"core\/image\" class=\"wp-block-image size-large wp-lightbox-container\"><img decoding=\"async\" data-wp-class--hide=\"state.isContentHidden\" data-wp-class--show=\"state.isContentVisible\" data-wp-init=\"callbacks.setButtonStyles\" data-wp-on-async--click=\"actions.showLightbox\" data-wp-on-async--load=\"callbacks.setButtonStyles\" data-wp-on-async-window--resize=\"callbacks.setButtonStyles\" src=\"https:\/\/www.fafich.ufmg.br\/psicogcom\/wp-content\/uploads\/2025\/06\/Spain-1300-1024x118.jpg\" alt=\"\"\/><button\n\t\t\tclass=\"lightbox-trigger\"\n\t\t\ttype=\"button\"\n\t\t\taria-haspopup=\"dialog\"\n\t\t\taria-label=\"Ampliar\"\n\t\t\tdata-wp-init=\"callbacks.initTriggerButton\"\n\t\t\tdata-wp-on-async--click=\"actions.showLightbox\"\n\t\t\tdata-wp-style--right=\"state.imageButtonRight\"\n\t\t\tdata-wp-style--top=\"state.imageButtonTop\"\n\t\t>\n\t\t\t<svg xmlns=\"http:\/\/www.w3.org\/2000\/svg\" width=\"12\" height=\"12\" fill=\"none\" viewBox=\"0 0 12 12\">\n\t\t\t\t<path fill=\"#fff\" d=\"M2 0a2 2 0 0 0-2 2v2h1.5V2a.5.5 0 0 1 .5-.5h2V0H2Zm2 10.5H2a.5.5 0 0 1-.5-.5V8H0v2a2 2 0 0 0 2 2h2v-1.5ZM8 12v-1.5h2a.5.5 0 0 0 .5-.5V8H12v2a2 2 0 0 1-2 2H8Zm2-12a2 2 0 0 1 2 2v2h-1.5V2a.5.5 0 0 0-.5-.5H8V0h2Z\" \/>\n\t\t\t<\/svg>\n\t\t<\/button><\/figure>\n\n\n\n<div style=\"height:50px\" aria-hidden=\"true\" class=\"wp-block-spacer\"><\/div>\n\n\n\n<h3 class=\"wp-block-heading\">Admisi\u00f3n<\/h3>\n\n\n\n<p>Los programas de maestr\u00eda y doctorado del PPGCOGCOM\/UFMG son de entrada anual, con procesos selectivos que se realizan en el segundo semestre del a\u00f1o para ingresar al programa en el siguiente a\u00f1o. Normalmente se ofrecen alrededor de 25 vacantes para maestr\u00eda y 8 para doctorado.<\/p>\n\n\n\n<div style=\"height:50px\" aria-hidden=\"true\" class=\"wp-block-spacer\"><\/div>\n\n\n\n<p><strong>Para inscribirse<\/strong><\/p>\n\n\n\n<ul class=\"wp-block-list\">\n<li>Consultar la convocatoria,<\/li>\n\n\n\n<li>Completar el formulario de inscripci\u00f3n<\/li>\n\n\n\n<li>Generar y pagar el boleto referente a la tasa de inscripci\u00f3n (<a href=\"https:\/\/consulta.tesouro.fazenda.gov.br\/gru\/gru_simples.asp\">https:\/\/consulta.tesouro.fazenda.gov.br\/gru\/gru_simples.asp<\/a>)<\/li>\n\n\n\n<li>Enviar o entregar los documentos especificados en la convocatoria al Colegio del PPGCOGCOM\/UFMG, sala 4005, Fafich UFMG.<\/li>\n<\/ul>\n\n\n\n<p>Explicaciones detalladas sobre la matr\u00edcula y el pago de la tasa de inscripci\u00f3n se encuentran en la convocatoria del proceso selectivo. Solicitudes fuera de los plazos o con documentaci\u00f3n incompleta o irregular ser\u00e1n rechazadas.<\/p>\n\n\n\n<p>El programa exige que todos los candidatos presenten un comprobante de conocimiento instrumental de lengua inglesa.<\/p>\n\n\n\n<p>Para ver los certificados que son aceptados para la comprobaci\u00f3n de cada idioma, acceda a la convocatoria (link). Usted podr\u00e1 realizar los ex\u00e1menes necesarios en la Facultad de Letras de la UFMG. Es importante mantenerse atento a las fechas, ya que los ex\u00e1menes tienen calendario independiente del proceso selectivo del PPGCOGCOM\/UFMG.<\/p>\n\n\n\n<div class=\"wp-block-buttons is-layout-flex wp-block-buttons-is-layout-flex\">\n<div class=\"wp-block-button\"><a class=\"wp-block-button__link wp-element-button\" href=\"http:\/\/www.cenex.letras.ufmg.br\/pt-BR\/exames-de-proficiencia\/noticias-proficiencia\">Ex\u00e1menes de competencia<\/a><\/div>\n<\/div>\n\n\n\n<div style=\"height:50px\" aria-hidden=\"true\" class=\"wp-block-spacer\"><\/div>\n\n\n\n<h3 class=\"wp-block-heading\">Selecci\u00f3n para <strong>la Maestr\u00eda<\/strong><\/h3>\n\n\n\n<p>En el momento de la inscripci\u00f3n, junto con los dem\u00e1s documentos exigidos y conforme a la convocatoria en vigor, el candidato debe entregar una carta de intenciones especificando sus intereses de investigaci\u00f3n en el programa. Esta carta debe contener la l\u00ednea de investigaci\u00f3n en la que el candidato pretende ingresar, un breve resumen y la fundamentaci\u00f3n te\u00f3rica de su tema de inter\u00e9s.<\/p>\n\n\n\n<div style=\"height:50px\" aria-hidden=\"true\" class=\"wp-block-spacer\"><\/div>\n\n\n\n<p><strong>El proceso selectivo tendr\u00e1 dos etapas<\/strong><\/p>\n\n\n\n<ul class=\"wp-block-list\">\n<li>Una prueba escrita de car\u00e1cter eliminatorio y clasificatorio, en la que el candidato deber\u00e1 obtener al menos 70 de 100 puntos para ser aprobado.<\/li>\n\n\n\n<li>An\u00e1lisis del curr\u00edculo y defensa oral sobre la carta de intenciones del candidato. El an\u00e1lisis del curr\u00edculo equivale al 20% y la defensa de la carta de intenciones al 80% del total de la nota de la 2\u00aa etapa. Esta etapa es de car\u00e1cter eliminatorio y clasificatorio.<\/li>\n<\/ul>\n\n\n\n<p>Para mayor informaci\u00f3n, consulte la convocatoria o p\u00f3ngase en contacto con el programa por e-mail:&nbsp;<a href=\"mailto:ppg.psi.cogcom@gmail.com\" target=\"_blank\" rel=\"noreferrer noopener\">ppg.psi.cogcom@gmail.com<\/a><\/p>\n\n\n\n<div style=\"height:50px\" aria-hidden=\"true\" class=\"wp-block-spacer\"><\/div>\n\n\n\n<h3 class=\"wp-block-heading\">Selecci\u00f3n para <strong>el Doctorado<\/strong><\/h3>\n\n\n\n<p>En el momento de la inscripci\u00f3n, con los dem\u00e1s documentos exigidos y conforme a la convocatoria en vigor, el candidato debe entregar un anteproyecto de investigaci\u00f3n. En este anteproyecto, el candidato deber\u00e1 especificar la l\u00ednea de investigaci\u00f3n a la que pretende vincularse, los objetivos y la justificaci\u00f3n para la realizaci\u00f3n del proyecto, as\u00ed como sus referencias te\u00f3ricas.<\/p>\n\n\n\n<p>El proceso selectivo tendr\u00e1 dos etapas:<\/p>\n\n\n\n<ul class=\"wp-block-list\">\n<li>La evaluaci\u00f3n del anteproyecto de investigaci\u00f3n, en la que deber\u00e1 obtener al menos 70 de 100 puntos para ser aprobado. Esta etapa es de car\u00e1cter eliminatorio y clasificatorio.<\/li>\n\n\n\n<li>An\u00e1lisis del curr\u00edculo y la defensa oral sobre el anteproyecto de investigaci\u00f3n. El an\u00e1lisis del curr\u00edculo equivale al 20% y la defensa del anteproyecto al 80% del total de la nota 2\u00aa etapa. Esta etapa es de car\u00e1cter eliminatorio y clasificatorio.<\/li>\n<\/ul>\n\n\n\n<p>Para mayor informaci\u00f3n, consulte la convocatoria o p\u00f3ngase en contacto con el programa por e-mail: <a href=\"mailto:ppg.psi.cogcom@gmail.com\" target=\"_blank\" rel=\"noreferrer noopener\">ppg.psi.cogcom@gmail.com<\/a><\/p>\n","protected":false},"excerpt":{"rendered":"<p>Admisi\u00f3n Los programas de maestr\u00eda y doctorado del PPGCOGCOM\/UFMG son de entrada anual, con procesos selectivos que se realizan en el segundo semestre del a\u00f1o para ingresar al programa en el siguiente a\u00f1o. Normalmente se ofrecen alrededor de 25 vacantes para maestr\u00eda y 8 para doctorado. Para inscribirse Explicaciones detalladas sobre la matr\u00edcula y el [&hellip;]<\/p>\n","protected":false},"author":2,"featured_media":0,"parent":10438,"menu_order":0,"comment_status":"closed","ping_status":"closed","template":"","meta":{"_acf_changed":false,"footnotes":""},"class_list":["post-10450","page","type-page","status-publish","hentry"],"acf":[],"meta_box":[],"_links":{"self":[{"href":"https:\/\/www.fafich.ufmg.br\/psicogcom\/wp-json\/wp\/v2\/pages\/10450","targetHints":{"allow":["GET"]}}],"collection":[{"href":"https:\/\/www.fafich.ufmg.br\/psicogcom\/wp-json\/wp\/v2\/pages"}],"about":[{"href":"https:\/\/www.fafich.ufmg.br\/psicogcom\/wp-json\/wp\/v2\/types\/page"}],"author":[{"embeddable":true,"href":"https:\/\/www.fafich.ufmg.br\/psicogcom\/wp-json\/wp\/v2\/users\/2"}],"replies":[{"embeddable":true,"href":"https:\/\/www.fafich.ufmg.br\/psicogcom\/wp-json\/wp\/v2\/comments?post=10450"}],"version-history":[{"count":3,"href":"https:\/\/www.fafich.ufmg.br\/psicogcom\/wp-json\/wp\/v2\/pages\/10450\/revisions"}],"predecessor-version":[{"id":10746,"href":"https:\/\/www.fafich.ufmg.br\/psicogcom\/wp-json\/wp\/v2\/pages\/10450\/revisions\/10746"}],"up":[{"embeddable":true,"href":"https:\/\/www.fafich.ufmg.br\/psicogcom\/wp-json\/wp\/v2\/pages\/10438"}],"wp:attachment":[{"href":"https:\/\/www.fafich.ufmg.br\/psicogcom\/wp-json\/wp\/v2\/media?parent=10450"}],"curies":[{"name":"wp","href":"https:\/\/api.w.org\/{rel}","templated":true}]}}