{"id":10454,"date":"2025-06-11T16:28:04","date_gmt":"2025-06-11T19:28:04","guid":{"rendered":"https:\/\/www.fafich.ufmg.br\/psicogcom\/wordpress\/?page_id=10454"},"modified":"2025-09-19T10:23:56","modified_gmt":"2025-09-19T13:23:56","slug":"matricula","status":"publish","type":"page","link":"https:\/\/www.fafich.ufmg.br\/psicogcom\/posgrado-en-psicologia-cognicion-y-comportamiento\/matricula\/","title":{"rendered":"Matr\u00edcula"},"content":{"rendered":"\n<figure data-wp-context=\"{&quot;imageId&quot;:&quot;69d0e62fe2897&quot;}\" data-wp-interactive=\"core\/image\" class=\"wp-block-image size-large wp-lightbox-container\"><img decoding=\"async\" data-wp-class--hide=\"state.isContentHidden\" data-wp-class--show=\"state.isContentVisible\" data-wp-init=\"callbacks.setButtonStyles\" data-wp-on-async--click=\"actions.showLightbox\" data-wp-on-async--load=\"callbacks.setButtonStyles\" data-wp-on-async-window--resize=\"callbacks.setButtonStyles\" src=\"https:\/\/www.fafich.ufmg.br\/psicogcom\/wp-content\/uploads\/2025\/06\/Spain-1300-1024x118.jpg\" alt=\"\"\/><button\n\t\t\tclass=\"lightbox-trigger\"\n\t\t\ttype=\"button\"\n\t\t\taria-haspopup=\"dialog\"\n\t\t\taria-label=\"Ampliar\"\n\t\t\tdata-wp-init=\"callbacks.initTriggerButton\"\n\t\t\tdata-wp-on-async--click=\"actions.showLightbox\"\n\t\t\tdata-wp-style--right=\"state.imageButtonRight\"\n\t\t\tdata-wp-style--top=\"state.imageButtonTop\"\n\t\t>\n\t\t\t<svg xmlns=\"http:\/\/www.w3.org\/2000\/svg\" width=\"12\" height=\"12\" fill=\"none\" viewBox=\"0 0 12 12\">\n\t\t\t\t<path fill=\"#fff\" d=\"M2 0a2 2 0 0 0-2 2v2h1.5V2a.5.5 0 0 1 .5-.5h2V0H2Zm2 10.5H2a.5.5 0 0 1-.5-.5V8H0v2a2 2 0 0 0 2 2h2v-1.5ZM8 12v-1.5h2a.5.5 0 0 0 .5-.5V8H12v2a2 2 0 0 1-2 2H8Zm2-12a2 2 0 0 1 2 2v2h-1.5V2a.5.5 0 0 0-.5-.5H8V0h2Z\" \/>\n\t\t\t<\/svg>\n\t\t<\/button><\/figure>\n\n\n\n<div style=\"height:50px\" aria-hidden=\"true\" class=\"wp-block-spacer\"><\/div>\n\n\n\n<p>Los candidatos clasificados y aprobados deber\u00e1n enviar los documentos solicitados por la secretar\u00eda del programa despu\u00e9s del final del proceso selectivo y realizar un registro previo por internet al inicio del semestre siguiente, conforme a las fechas previstas en la convocatoria.<\/p>\n\n\n\n<p>Los extranjeros o los que se inscriban en el proceso selectivo con documento comprobatorio de estar en condiciones de concluir el curso de graduaci\u00f3n antes del per\u00edodo para el registro acad\u00e9mico en el curso de posgrado deber\u00e1n enviar su documentaci\u00f3n al inicio del semestre lectivo siguiente, antes de la fecha de matr\u00edcula, siguiendo lo especificado en la convocatoria vigente.<\/p>\n\n\n\n<p>En ninguna hip\u00f3tesis se aceptar\u00e1n declaraciones con previsi\u00f3n de conclusi\u00f3n o de colocaci\u00f3n de grado para la matr\u00edcula.<\/p>\n\n\n\n<p>Los diplomas y los hist\u00f3ricos escolares de graduaci\u00f3n provenientes del extranjero deben ir acompa\u00f1ados de una traducci\u00f3n juramentada al portugu\u00e9s (excepto los emitidos en &nbsp;espa\u00f1ol, franc\u00e9s e ingl\u00e9s) y sello de autenticaci\u00f3n conforme a la legislaci\u00f3n vigente.<\/p>\n","protected":false},"excerpt":{"rendered":"<p>Los candidatos clasificados y aprobados deber\u00e1n enviar los documentos solicitados por la secretar\u00eda del programa despu\u00e9s del final del proceso selectivo y realizar un registro previo por internet al inicio del semestre siguiente, conforme a las fechas previstas en la convocatoria. Los extranjeros o los que se inscriban en el proceso selectivo con documento comprobatorio [&hellip;]<\/p>\n","protected":false},"author":2,"featured_media":0,"parent":10438,"menu_order":0,"comment_status":"closed","ping_status":"closed","template":"","meta":{"_acf_changed":false,"footnotes":""},"class_list":["post-10454","page","type-page","status-publish","hentry"],"acf":[],"meta_box":[],"_links":{"self":[{"href":"https:\/\/www.fafich.ufmg.br\/psicogcom\/wp-json\/wp\/v2\/pages\/10454","targetHints":{"allow":["GET"]}}],"collection":[{"href":"https:\/\/www.fafich.ufmg.br\/psicogcom\/wp-json\/wp\/v2\/pages"}],"about":[{"href":"https:\/\/www.fafich.ufmg.br\/psicogcom\/wp-json\/wp\/v2\/types\/page"}],"author":[{"embeddable":true,"href":"https:\/\/www.fafich.ufmg.br\/psicogcom\/wp-json\/wp\/v2\/users\/2"}],"replies":[{"embeddable":true,"href":"https:\/\/www.fafich.ufmg.br\/psicogcom\/wp-json\/wp\/v2\/comments?post=10454"}],"version-history":[{"count":2,"href":"https:\/\/www.fafich.ufmg.br\/psicogcom\/wp-json\/wp\/v2\/pages\/10454\/revisions"}],"predecessor-version":[{"id":10740,"href":"https:\/\/www.fafich.ufmg.br\/psicogcom\/wp-json\/wp\/v2\/pages\/10454\/revisions\/10740"}],"up":[{"embeddable":true,"href":"https:\/\/www.fafich.ufmg.br\/psicogcom\/wp-json\/wp\/v2\/pages\/10438"}],"wp:attachment":[{"href":"https:\/\/www.fafich.ufmg.br\/psicogcom\/wp-json\/wp\/v2\/media?parent=10454"}],"curies":[{"name":"wp","href":"https:\/\/api.w.org\/{rel}","templated":true}]}}