{"id":1479,"date":"2021-05-20T14:56:44","date_gmt":"2021-05-20T17:56:44","guid":{"rendered":"https:\/\/www.fafich.ufmg.br\/publicidadeepropaganda\/?page_id=1479"},"modified":"2021-05-20T15:06:50","modified_gmt":"2021-05-20T18:06:50","slug":"cria-empresa-junior","status":"publish","type":"page","link":"https:\/\/www.fafich.ufmg.br\/publicidadeepropaganda\/cria-empresa-junior\/","title":{"rendered":"Cria &#8211; Empresa J\u00fanior"},"content":{"rendered":"\n<p class=\"has-text-align-center\"><\/p>\n\n\n\n<p>A Cria UFMG \u00e9 uma Empresa J\u00fanior de Comunica\u00e7\u00e3o (EJ) fundada em 1999, por universit\u00e1rios que compartilhavam do mesmo prop\u00f3sito que os membros atuais: se desafiar. Somos estudantes dos cursos de Jornalismo, Publicidade e Propaganda e Rela\u00e7\u00f5es P\u00fablicas da Universidade Federal de Minas Gerais, e nossa empresa surgiu como um<br>laborat\u00f3rio de ideias. Mais do que isso: a Cria \u00e9 uma fonte de solu\u00e7\u00f5es inovadoras e criativas.<\/p>\n\n\n\n<p>Nos desafiamos a usar conte\u00fados e viv\u00eancias que adquirimos na Universidade para construir solu\u00e7\u00f5es em comunica\u00e7\u00e3o que tenham n\u00e3o s\u00f3 efici\u00eancia, mas um olhar jovem e caloroso. Ser parte do Movimento Empresa J\u00fanior (MEJ) nos incentiva a ter experi\u00eancias pr\u00e1ticas e conhecer mais do mercado, a partir de um crescimento em conjunto com outros universit\u00e1rios.<\/p>\n\n\n\n<p>Ser jovem \u00e9 se desafiar, e n\u00f3s colocamos criatividade em cada desafio. Esse \u00e9 o nosso prop\u00f3sito. Trabalhamos com comunica\u00e7\u00e3o porque \u00e9 sem delimita\u00e7\u00f5es que se consegue oferecer solu\u00e7\u00f5es reais, atendimento e servi\u00e7os personalizados para cada pessoa. Afinal, ser jovem \u00e9 ser plural, diverso, mas ao mesmo tempo \u00fanico. Em pessoas. Em ideias. Em comunica\u00e7\u00e3o.<\/p>\n\n\n\n<p>Siga a Cria UFMG no <a href=\"https:\/\/www.instagram.com\/criaufmg\/\" target=\"_blank\" rel=\"noreferrer noopener\">Instagram<\/a>, <a href=\"https:\/\/www.facebook.com\/criaufmg\" target=\"_blank\" rel=\"noreferrer noopener\">Facebook<\/a>, <a href=\"https:\/\/twitter.com\/criaufmg\" target=\"_blank\" rel=\"noreferrer noopener\">Twitter<\/a> e<a href=\"https:\/\/br.linkedin.com\/company\/criaufmg\" target=\"_blank\" rel=\"noreferrer noopener\"> Linkedin<\/a> e acesse <a href=\"https:\/\/criaufmg.com.br\/\" target=\"_blank\" rel=\"noreferrer noopener\">nosso site<\/a>.<\/p>\n","protected":false},"excerpt":{"rendered":"<p>A Cria UFMG \u00e9 uma Empresa J\u00fanior de Comunica\u00e7\u00e3o (EJ) fundada em 1999, por universit\u00e1rios que compartilhavam do mesmo prop\u00f3sito que os membros atuais: se desafiar. Somos estudantes dos cursos de Jornalismo, Publicidade e Propaganda e Rela\u00e7\u00f5es P\u00fablicas da Universidade Federal de Minas Gerais, e nossa empresa surgiu como umlaborat\u00f3rio de ideias. Mais do que [&hellip;]<\/p>\n","protected":false},"author":1,"featured_media":1481,"parent":0,"menu_order":0,"comment_status":"closed","ping_status":"closed","template":"","meta":[],"categories":[],"_links":{"self":[{"href":"https:\/\/www.fafich.ufmg.br\/publicidadeepropaganda\/wp-json\/wp\/v2\/pages\/1479"}],"collection":[{"href":"https:\/\/www.fafich.ufmg.br\/publicidadeepropaganda\/wp-json\/wp\/v2\/pages"}],"about":[{"href":"https:\/\/www.fafich.ufmg.br\/publicidadeepropaganda\/wp-json\/wp\/v2\/types\/page"}],"author":[{"embeddable":true,"href":"https:\/\/www.fafich.ufmg.br\/publicidadeepropaganda\/wp-json\/wp\/v2\/users\/1"}],"replies":[{"embeddable":true,"href":"https:\/\/www.fafich.ufmg.br\/publicidadeepropaganda\/wp-json\/wp\/v2\/comments?post=1479"}],"version-history":[{"count":3,"href":"https:\/\/www.fafich.ufmg.br\/publicidadeepropaganda\/wp-json\/wp\/v2\/pages\/1479\/revisions"}],"predecessor-version":[{"id":1483,"href":"https:\/\/www.fafich.ufmg.br\/publicidadeepropaganda\/wp-json\/wp\/v2\/pages\/1479\/revisions\/1483"}],"wp:featuredmedia":[{"embeddable":true,"href":"https:\/\/www.fafich.ufmg.br\/publicidadeepropaganda\/wp-json\/wp\/v2\/media\/1481"}],"wp:attachment":[{"href":"https:\/\/www.fafich.ufmg.br\/publicidadeepropaganda\/wp-json\/wp\/v2\/media?parent=1479"}],"wp:term":[{"taxonomy":"category","embeddable":true,"href":"https:\/\/www.fafich.ufmg.br\/publicidadeepropaganda\/wp-json\/wp\/v2\/categories?post=1479"}],"curies":[{"name":"wp","href":"https:\/\/api.w.org\/{rel}","templated":true}]}}

Cria &#8211; Empresa Júnior

<p class="has-text-align-center"></p>



<p>A Cria UFMG é uma Empresa Júnior de Comunicação (EJ) fundada em 1999, por universitários que compartilhavam do mesmo propósito que os membros atuais: se desafiar. Somos estudantes dos cursos de Jornalismo, Publicidade e Propaganda e Relações Públicas da Universidade Federal de Minas Gerais, e nossa empresa surgiu como um<br>laboratório de ideias. Mais do que isso: a Cria é uma fonte de soluções inovadoras e criativas.</p>



<p>Nos desafiamos a usar conteúdos e vivências que adquirimos na Universidade para construir soluções em comunicação que tenham não só eficiência, mas um olhar jovem e caloroso. Ser parte do Movimento Empresa Júnior (MEJ) nos incentiva a ter experiências práticas e conhecer mais do mercado, a partir de um crescimento em conjunto com outros universitários.</p>



<p>Ser jovem é se desafiar, e nós colocamos criatividade em cada desafio. Esse é o nosso propósito. Trabalhamos com comunicação porque é sem delimitações que se consegue oferecer soluções reais, atendimento e serviços personalizados para cada pessoa. Afinal, ser jovem é ser plural, diverso, mas ao mesmo tempo único. Em pessoas. Em ideias. Em comunicação.</p>



<p>Siga a Cria UFMG no <a href="https://www.instagram.com/criaufmg/" target="_blank" rel="noreferrer noopener">Instagram</a>, <a href="https://www.facebook.com/criaufmg" target="_blank" rel="noreferrer noopener">Facebook</a>, <a href="https://twitter.com/criaufmg" target="_blank" rel="noreferrer noopener">Twitter</a> e<a href="https://br.linkedin.com/company/criaufmg" target="_blank" rel="noreferrer noopener"> Linkedin</a> e acesse <a href="https://criaufmg.com.br/" target="_blank" rel="noreferrer noopener">nosso site</a>.</p>

<p>A Cria UFMG é uma Empresa Júnior de Comunicação (EJ) fundada em 1999, por universitários que compartilhavam do mesmo propósito que os membros atuais: se desafiar. Somos estudantes dos cursos de Jornalismo, Publicidade e Propaganda e Relações Públicas da Universidade Federal de Minas Gerais, e nossa empresa surgiu como umlaboratório de ideias. Mais do que [&hellip;]</p>
