{"id":1485,"date":"2021-05-20T15:24:44","date_gmt":"2021-05-20T18:24:44","guid":{"rendered":"https:\/\/www.fafich.ufmg.br\/publicidadeepropaganda\/?page_id=1485"},"modified":"2021-05-20T15:24:44","modified_gmt":"2021-05-20T18:24:44","slug":"oportunidades-na-ufmg","status":"publish","type":"page","link":"https:\/\/www.fafich.ufmg.br\/publicidadeepropaganda\/oportunidades-na-ufmg\/","title":{"rendered":"Oportunidades na UFMG"},"content":{"rendered":"\n<p>Estudantes de Publicidade e Propaganda podem trilhar diversos percursos durante sua forma\u00e7\u00e3o, enriquecendo seu aprendizado na gradua\u00e7\u00e3o com experi\u00eancias de pesquisa, est\u00e1gio ou extens\u00e3o ofertadas pela pr\u00f3pria Universidade Federal de Minas Gerais.<\/p>\n\n\n\n<p>As oportunidades de pesquisa est\u00e3o vinculadas ao <a rel=\"noreferrer noopener\" href=\"http:\/\/www.ppgcom.fafich.ufmg.br\/index.php\" target=\"_blank\">Programa de P\u00f3s-Gradua\u00e7\u00e3o em Comunica\u00e7\u00e3o Social <\/a>(PPGCOM-UFMG), avaliado com nota 6 pela Capes e reconhecido por pesquisas inovadoras em diversas \u00e1reas do campo comunicacional. Estudantes de gradua\u00e7\u00e3o podem se integrar \u00e0s atividades de pesquisa por meio da Inicia\u00e7\u00e3o Cient\u00edfica, a partir das vagas ofertadas no contexto dos grupos de pesquisa liderados pelos(as) docentes do PPGCOM. Para conhecer os projetos desenvolvidos e se candidatar, <a rel=\"noreferrer noopener\" href=\"http:\/\/www.ppgcom.fafich.ufmg.br\/grupopesq.php\" target=\"_blank\">acesse a lista dos Grupos de Pesquisa<\/a>.<\/p>\n\n\n\n<p>As experi\u00eancias de est\u00e1gio ou extens\u00e3o est\u00e3o distribu\u00eddas entre v\u00e1rias unidades, em interse\u00e7\u00e3o com diversos temas de interesse e diferentes atividades no contexto da comunica\u00e7\u00e3o p\u00fablica. Para facilitar o acesso dos(as) alunos(as) a essas oportunidades, listamos, a seguir, alguns dos espa\u00e7os universit\u00e1rios que costumam ofertar vagas para estudantes de Comunica\u00e7\u00e3o:<\/p>\n\n\n\n<ul><li><a href=\"https:\/\/criaufmg.com.br\/\" target=\"_blank\" rel=\"noreferrer noopener\">Cria UFMG<\/a><\/li><li><a href=\"https:\/\/www2.ufmg.br\/proex\/Area-do-Aluno\/Oportunidades-de-Bolsa\" target=\"_blank\" rel=\"noreferrer noopener\">Pr\u00f3-Reitoria de Extens\u00e3o da UFMG<\/a><\/li><li><a href=\"https:\/\/www.ufmg.br\/cultura\/index.php?option=com_content&amp;view=category&amp;id=57&amp;Itemid=122\" target=\"_blank\" rel=\"noreferrer noopener\">Diretoria de A\u00e7\u00e3o Cultural (DAC)<\/a><\/li><li><a href=\"https:\/\/www.ufmg.br\/dri\/category\/vaga\/\" target=\"_blank\" rel=\"noreferrer noopener\">Diretoria de Rela\u00e7\u00f5es Internacionais (DRI)<\/a><\/li><li><a href=\"https:\/\/ufmg.br\/comunicacao\/sobre-o-cedecom\" target=\"_blank\" rel=\"noreferrer noopener\">Cedecom<\/a> &#8211; Centro de Comunica\u00e7\u00e3o da UFMG (Assessoria de Imprensa, Fotografia, Planejamento, Cria\u00e7\u00e3o Gr\u00e1fica, Ag\u00eancia de Not\u00edcias, R\u00e1dio UFMG Educativa, TV UFMG, Web e Redes Sociais)<\/li><li><a href=\"https:\/\/setores.medicina.ufmg.br\/acs\/\" target=\"_blank\" rel=\"noreferrer noopener\">Centro de Comunica\u00e7\u00e3o da Faculdade de Medicina<\/a><\/li><li><a href=\"http:\/\/www.enf.ufmg.br\/index.php\/2016-06-27-17-09-21\/setores-e-secoes\/32-assessoria-de-comunicacao\" target=\"_blank\" rel=\"noreferrer noopener\">Assessoria de Comunica\u00e7\u00e3o da Faculdade de Enfermagem<\/a><\/li><li><a href=\"https:\/\/vet.ufmg.br\/institucional\/setoresadmin\/20\/assessoria_de_comunicacao\" target=\"_blank\" rel=\"noreferrer noopener\">Assessoria de Comunica\u00e7\u00e3o da Faculdade de Medicina Veterin\u00e1ria<\/a><\/li><li><a href=\"https:\/\/www.icb.ufmg.br\/institucional\/administracao-central\/assessorias\/comunicacao-social\" target=\"_blank\" rel=\"noreferrer noopener\">Assessoria de Comunica\u00e7\u00e3o e Divulga\u00e7\u00e3o Cient\u00edfica do Instituto de Ci\u00eancias Biol\u00f3gicas<\/a><\/li><li><a href=\"http:\/\/www.eeffto.ufmg.br\/eeffto\/noticias\/assessoria_imprensa\/\" target=\"_blank\" rel=\"noreferrer noopener\">Assessoria de Imprensa da Escola de Educa\u00e7\u00e3o F\u00edsica, Fisioterapia e Terapia Ocupacional<\/a><\/li><li><a href=\"https:\/\/www.ufmg.br\/centrocultural\/\" target=\"_blank\" rel=\"noreferrer noopener\">Centro Cultural UFMG<\/a><\/li><li><a href=\"https:\/\/www.ufmg.br\/espacodoconhecimento\/category\/noticias\/\" target=\"_blank\" rel=\"noreferrer noopener\">Espa\u00e7o do Conhecimento UFMG<\/a><\/li><li><a href=\"https:\/\/ufmg.br\/a-universidade\/espacos-da-ufmg\/rede-de-museus\" target=\"_blank\" rel=\"noreferrer noopener\">Rede de Museus<\/a><\/li><li><a href=\"https:\/\/clinicadh.direito.ufmg.br\/\" target=\"_blank\" rel=\"noreferrer noopener\">Cl\u00ednica de Direitos Humanos<\/a><\/li><li><a href=\"http:\/\/www.fafich.ufmg.br\/nuh\/\" target=\"_blank\" rel=\"noreferrer noopener\">N\u00facleo de Direitos Humanos e Cidadania LGBT<\/a><\/li><\/ul>\n\n\n\n<p>Voc\u00ea tamb\u00e9m pode se cadastrar no sistema <a href=\"https:\/\/sistemas.ufmg.br\/perfil\/home.faces\" target=\"_blank\" rel=\"noreferrer noopener\">Perfil &#8211; Rede de Oportunidades UFMG<\/a>.<\/p>\n","protected":false},"excerpt":{"rendered":"<p>Estudantes de Publicidade e Propaganda podem trilhar diversos percursos durante sua forma\u00e7\u00e3o, enriquecendo seu aprendizado na gradua\u00e7\u00e3o com experi\u00eancias de pesquisa, est\u00e1gio ou extens\u00e3o ofertadas pela pr\u00f3pria Universidade Federal de Minas Gerais. As oportunidades de pesquisa est\u00e3o vinculadas ao Programa de P\u00f3s-Gradua\u00e7\u00e3o em Comunica\u00e7\u00e3o Social (PPGCOM-UFMG), avaliado com nota 6 pela Capes e reconhecido por [&hellip;]<\/p>\n","protected":false},"author":1,"featured_media":0,"parent":0,"menu_order":0,"comment_status":"closed","ping_status":"closed","template":"","meta":[],"categories":[],"_links":{"self":[{"href":"https:\/\/www.fafich.ufmg.br\/publicidadeepropaganda\/wp-json\/wp\/v2\/pages\/1485"}],"collection":[{"href":"https:\/\/www.fafich.ufmg.br\/publicidadeepropaganda\/wp-json\/wp\/v2\/pages"}],"about":[{"href":"https:\/\/www.fafich.ufmg.br\/publicidadeepropaganda\/wp-json\/wp\/v2\/types\/page"}],"author":[{"embeddable":true,"href":"https:\/\/www.fafich.ufmg.br\/publicidadeepropaganda\/wp-json\/wp\/v2\/users\/1"}],"replies":[{"embeddable":true,"href":"https:\/\/www.fafich.ufmg.br\/publicidadeepropaganda\/wp-json\/wp\/v2\/comments?post=1485"}],"version-history":[{"count":2,"href":"https:\/\/www.fafich.ufmg.br\/publicidadeepropaganda\/wp-json\/wp\/v2\/pages\/1485\/revisions"}],"predecessor-version":[{"id":1487,"href":"https:\/\/www.fafich.ufmg.br\/publicidadeepropaganda\/wp-json\/wp\/v2\/pages\/1485\/revisions\/1487"}],"wp:attachment":[{"href":"https:\/\/www.fafich.ufmg.br\/publicidadeepropaganda\/wp-json\/wp\/v2\/media?parent=1485"}],"wp:term":[{"taxonomy":"category","embeddable":true,"href":"https:\/\/www.fafich.ufmg.br\/publicidadeepropaganda\/wp-json\/wp\/v2\/categories?post=1485"}],"curies":[{"name":"wp","href":"https:\/\/api.w.org\/{rel}","templated":true}]}}