{"id":2120,"date":"2024-11-19T20:50:33","date_gmt":"2024-11-19T23:50:33","guid":{"rendered":"https:\/\/www.fafich.ufmg.br\/publicidadeepropaganda\/?page_id=2120"},"modified":"2024-12-02T18:33:03","modified_gmt":"2024-12-02T21:33:03","slug":"2022-2","status":"publish","type":"page","link":"https:\/\/www.fafich.ufmg.br\/publicidadeepropaganda\/2022-2\/","title":{"rendered":"2022\/2"},"content":{"rendered":"\n<p><span style=\"color: #000000;\"><a style=\"color: #000000;\" href=\"https:\/\/drive.google.com\/file\/d\/1L1ypV1rge18X6D-xV71I4LsiLUuYiSER\/view?usp=sharing\" target=\"_blank\" rel=\"noopener\"><strong>Faaa\u00e7a o L imediatamente, fam\u00edlia: Um estudo de branding sobre a entrada da LOUD no CBLOL<\/strong><\/a><\/span><\/p>\n<ul>\n<li>Estudante: Rafael Barbosa Costa Lima Espinheira<\/li>\n<li>Tema: Branding<\/li>\n<li>Palavras-chave: LOUD; CBLOL; branding; esports; marca.<\/li>\n<li>Orienta\u00e7\u00e3o: Professora Doutora Ana Carolina Soares Costa Vimieiro<\/li>\n<li>Coorienta\u00e7\u00e3o: Professor Doutor Pablo Moreno Fernandes Viana<\/li>\n<\/ul>\n<p>\u00a0<\/p>\n\n\n\n<p><span style=\"color: #000000;\"><strong><a style=\"color: #000000;\" href=\"https:\/\/drive.google.com\/file\/d\/1BUWxeFrnhs6d9pnpSfXA_6oD3MWIiVMx\/view?usp=sharing\" target=\"_blank\" rel=\"noopener\">Rubrica: Uma ocupa\u00e7\u00e3o f\u00edsico-digital de arte LGBTQIA+<\/a><\/strong><\/span><\/p>\n<ul>\n<li>Estudantes: Fernando Eduardo Ferreira de Sousa e Gabriel Meireles Pimenta<\/li>\n<li>Tema: Artes Visuais LGBTQIA+<\/li>\n<li>Palavras-chave: LGBTQIA+; Arte; Exposi\u00e7\u00e3o, Visibilidade, Ocupa\u00e7\u00e3o, Artes Visuais.<\/li>\n<li>Orienta\u00e7\u00e3o: Carlos Magno Camargos Mendon\u00e7a<\/li>\n<\/ul>\n<p>\u00a0<\/p>\n\n\n\n<p><span style=\"color: #000000;\"><strong><a style=\"color: #000000;\" href=\"https:\/\/drive.google.com\/file\/d\/1qtd3_CmAvJWutJJIZ9qTl296BxHVdKzn\/view?usp=sharing\" target=\"_blank\" rel=\"noopener\">Cultura da fofoca: Uma an\u00e1lise da dicotomia do p\u00fablico e privado no perfil de Instagram Gossip do Dia<\/a><\/strong><\/span><\/p>\n<ul>\n<li>Estudantes: J\u00falia Odete Siqueira Parracho e Mariana Bastos e Silva Marques Rebou\u00e7as<\/li>\n<li>Tema: Cultura da fofoca<\/li>\n<li>Palavras-chave: Celebridade; P\u00fablico; Privado, Fofoca; Cultura; Redes Sociais.<\/li>\n<li>Orienta\u00e7\u00e3o: Profa. Dra. Paula Guimar\u00e3es Sim\u00f5es<\/li>\n<li>Coorienta\u00e7\u00e3o: Profa. Ma. Dayana Cristina Barboza Carneiro<\/li>\n<\/ul>\n<p>\u00a0<\/p>\n\n\n\n<p><span style=\"color: #000000;\"><a style=\"color: #000000;\" href=\"https:\/\/drive.google.com\/file\/d\/11n2pqy6VwrFQIegk5TD6ab_3brwb-qPl\/view?usp=sharing\" target=\"_blank\" rel=\"noopener\"><strong>A vida ordin\u00e1ria de todos n\u00f3s \u2013 Viv\u00eancias, experi\u00eancias e rituais cotidianos de pessoas LGBTQIA+<\/strong><\/a><\/span><\/p>\n<ul>\n<li>Estudantes: Ta\u00eds Ribeiro Soares Oliveira e Sofia da Silva Pacheco<\/li>\n<li>Tema: LGBTQIA+<\/li>\n<li>Palavras-chave: Celebridade; P\u00fablico; Privado, Fofoca; Cultura; Redes Sociais.<\/li>\n<\/ul>\n<p>\u00a0<\/p>\n\n\n\n<p><span style=\"color: #000000;\"><strong><a style=\"color: #000000;\" href=\"https:\/\/drive.google.com\/file\/d\/12vsaEc47AxK_OTm493C-lBESVAGAX51s\/view?usp=sharing\" target=\"_blank\" rel=\"noopener\">De quem \u00e9 o meu corpo? \u2013 Corporeidades femininas e sociais<\/a><\/strong><\/span><\/p>\n<ul>\n<li>Estudante: Mariana Boniolo Machado<\/li>\n<li>Tema: Fotografia<\/li>\n<li>Palavras-chave: Fotografia; Escreviv\u00eancia; Feminino; Fotoescreviv\u00eancia; Imagem Pol\u00edtica; Mulher; Performance de g\u00eanero; Relatos de si; Retrato.<\/li>\n<li>Orienta\u00e7\u00e3o: Profa. \u00c2ngela Cristina Salgueiro Marques<\/li>\n<li>Coorienta\u00e7\u00e3o: Profa. Patr\u00edcia Gomes de Azevedo<\/li>\n<\/ul>\n<p>\u00a0<\/p>\n\n\n\n<p><span style=\"color: #000000;\"><strong><a style=\"color: #000000;\" href=\"https:\/\/drive.google.com\/file\/d\/1Zt2SuO8WKds2Z97snx4cBuSfGRZPsgC-\/view?usp=sharing\" target=\"_blank\" rel=\"noopener\">O humor como forma de realizar cr\u00edticas e reflex\u00f5es: a representa\u00e7\u00e3o da pol\u00edcia pelo canal Porta dos Fundos<\/a><\/strong><\/span><\/p>\n<ul>\n<li>Estudante: Rafael de Salvo Lisboa<\/li>\n<li>Tema: Humor como cr\u00edtica social<\/li>\n<li>Palavras-chave: Porta dos Fundos. Pol\u00edcia. Viol\u00eancia Policial. Humor. Esquetes.<\/li>\n<li>Orienta\u00e7\u00e3o: Profa. Dra. Cl\u00e1udia Mesquita<\/li>\n<\/ul>\n<p>\u00a0<\/p>\n\n\n\n<p><strong><a href=\"https:\/\/drive.google.com\/file\/d\/13fIITIJtVt2C-6roQI92SyKQ9LFVJdcl\/view?usp=sharing\" target=\"_blank\" rel=\"noopener\"><span style=\"color: #000000;\">Foi longe demais? A constru\u00e7\u00e3o da imagem p\u00fablica de Pabllo Vittar e a celebriza\u00e7\u00e3o da cultura drag queen em espa\u00e7os midi\u00e1ticos<\/span><\/a><\/strong><\/p>\n<ul>\n<li>Estudante: Gabriel Soares de Souza<\/li>\n<li>Tema: Cultura Drag Queen<\/li>\n<li>Palavras-chave: Pabllo Vittar; cultura drag queen; representa\u00e7\u00e3o; visibilidade.<\/li>\n<li>Orienta\u00e7\u00e3o: Profa. Dra. Paula Guimar\u00e3es Sim\u00f5es<\/li>\n<li>Coorienta\u00e7\u00e3o: Bel. Pedro Henrique da Paix\u00e3o Rocha<\/li>\n<\/ul>\n<p>\u00a0<\/p>\n\n\n\n<p><span style=\"color: #000000;\"><strong><a style=\"color: #000000;\" href=\"https:\/\/drive.google.com\/file\/d\/1v9ZFL51C2_xF6U4Ytzrws3ZJZF4qZoeF\/view?usp=sharing\" target=\"_blank\" rel=\"noopener\">Desprop\u00f3sitos: a poesia nasce com quem a escreve<\/a><\/strong><\/span><\/p>\n<ul>\n<li>Estudante: Luiza Nestor Fernandes<\/li>\n<li>Tema: Poesia<\/li>\n<li>Palavras-chave: Poesia; webs\u00e9rie documental; identidade; forma\u00e7\u00e3o; crescimento; mem\u00f3rias; artistas independentes.<\/li>\n<li>Orienta\u00e7\u00e3o: Prof. Dr. Juarez Guimar\u00e3es Dias<\/li>\n<\/ul>\n<p>\u00a0<\/p>\n\n\n\n<p><span style=\"color: #000000;\"><strong><a style=\"color: #000000;\" href=\"https:\/\/drive.google.com\/file\/d\/1ofRlegMHzqK7PTU6aTnBsQ-ixJ9PffxA\/view?usp=sharing\" target=\"_blank\" rel=\"noopener\">Capeta da Vilarinho: perseguindo a lenda por Venda Nova<\/a><\/strong><\/span><\/p>\n<ul>\n<li>Estudante: Lincoln Vin\u00edcios Ov\u00eddio Siqueira<\/li>\n<li>Tema: Epis\u00f3dios de \u00e1udio sobre lenda<\/li>\n<li>Palavras-chave: Podcast. Lenda Urbana. Boato. Cultura Popular. Hist\u00f3ria de Venda Nova.<\/li>\n<li>Orienta\u00e7\u00e3o: Profa. Dra. Cl\u00e1udia Mesquita<\/li>\n<\/ul>\n<p>\u00a0<\/p>\n\n\n\n<p><span style=\"color: #000000;\"><strong><a style=\"color: #000000;\" href=\"https:\/\/drive.google.com\/file\/d\/132jdnTrbf3H6HTQP_5r_DkxRymHm85GJ\/view?usp=sharing\" target=\"_blank\" rel=\"noopener\">Manifesta\u00e7\u00f5es art\u00edsticas ind\u00edgenas em BH: um estudo sobre a repercuss\u00e3o virtual do CURA 2021<\/a><\/strong><\/span><\/p>\n<ul>\n<li>Estudantes: Daniel Jo\u00e3o Vieira e Izabella Figueiredo Malard Marchese<\/li>\n<li>Tema: Arte Urbana Ind\u00edgena<\/li>\n<li>Palavras-chave: Arte Urbana, Arte Ind\u00edgena, Estudos de Recep\u00e7\u00e3o, Redes Sociais.<\/li>\n<li>Orienta\u00e7\u00e3o: Profa. Angela Cristina Salgueiro Marques<\/li>\n<\/ul>\n<p>\u00a0<\/p>\n\n\n\n<p><span style=\"color: #000000;\"><strong><a style=\"color: #000000;\" href=\"https:\/\/drive.google.com\/file\/d\/1P4KKlVN_05uW-1UzcciDZ_iB5ShLNzA8\/view?usp=sharing\" target=\"_blank\" rel=\"noopener\">Fotolivro: Relembr\u00e2ncias; Sobre o que \u00e9 ser fot\u00f3grafo?<\/a><\/strong><\/span><\/p>\n<ul>\n<li>Estudante: Luiz Paulo de Carvalho Lavall<\/li>\n<li>Tema: Fotolivro<\/li>\n<li>Palavras-chave: Fotolivro; Fotografia; Fotogr\u00e1fo; Pessoal; Profissional; Mem\u00f3rias; Curador de Conte\u00fado.<\/li>\n<li>Orienta\u00e7\u00e3o: Prof. Eduardo de Jesus<\/li>\n<\/ul>\n<p>\u00a0<\/p>\n\n\n\n<p><span style=\"color: #000000;\"><strong><a style=\"color: #000000;\" href=\"https:\/\/drive.google.com\/file\/d\/1eoiPUVMtia0rhysbqD4CfHK0eblDyPZn\/view?usp=sharing\" target=\"_blank\" rel=\"noopener\">A nostalgia e a experi\u00eancia como estrat\u00e9gia de comunica\u00e7\u00e3o do streaming: um estudo de caso da Disney Plus Brasil<\/a><\/strong><\/span><\/p>\n<ul>\n<li>Estudante: Bergsthem Santana Silva<\/li>\n<li>Tema: Streaming<\/li>\n<li>Palavras-chave: Comunica\u00e7\u00e3o, streaming, redes sociais, Disney, nostalgia, marketing de experi\u00eancias.<\/li>\n<li>Orienta\u00e7\u00e3o: Prof. Dr. Daniel Reis Silva<\/li>\n<\/ul>\n<p>\u00a0<\/p>\n\n\n\n<p><span style=\"color: #000000;\"><strong><a style=\"color: #000000;\" href=\"https:\/\/drive.google.com\/file\/d\/1HI4bHo0Dfz4howGu7EsLNaszODIrT3PA\/view?usp=sharing\" target=\"_blank\" rel=\"noopener\">A experi\u00eancia do usu\u00e1rio (UX) na Minha UFMG: um estudo sobre a rela\u00e7\u00e3o dos alunos de gradua\u00e7\u00e3o com a plataforma<\/a><\/strong><\/span><\/p>\n<ul>\n<li>Estudante: Ana Caroline de Araujo Chaves<\/li>\n<li>Tema: UX<\/li>\n<li>Palavras-chave: Experi\u00eancia do Usu\u00e1rio. Minha UFMG. Arquitetura de informa\u00e7\u00e3o. Usabilidade.<\/li>\n<li>Orienta\u00e7\u00e3o: Profa. Camila Maciel Campolina Alves Mantovani<\/li>\n<\/ul>\n<p>\u00a0<\/p>\n\n\n\n<p><span style=\"color: #000000;\"><strong><a style=\"color: #000000;\" href=\"https:\/\/drive.google.com\/file\/d\/1a05AxB1yqgO_oyYVkuDkXUgA5Qlan4mK\/view?usp=sharing\" target=\"_blank\" rel=\"noopener\">Espelho, espelho meu: existe algum livro como eu? Discuss\u00f5es sobre identidade cultural e acessibilidade na Literatura Surda<\/a><\/strong><\/span><\/p>\n<ul>\n<li>Estudante: Marcelle Jardim Verissimo<\/li>\n<li>Tema: Literatura Surda<\/li>\n<li>Palavras-chave: Literatura Surda, <em>SignWriting<\/em>, Identidade, Cultura e Acessibilidade.<\/li>\n<li>Orienta\u00e7\u00e3o: Profa. Dra. S\u00f4nia Caldas Pessoa<\/li>\n<\/ul>\n<p>\u00a0<\/p>\n\n\n\n<p><span style=\"color: #000000;\"><strong><a style=\"color: #000000;\" href=\"https:\/\/drive.google.com\/file\/d\/1hXEg6KzQnuoD9Hrb9KWxGo1tJhZnTr2N\/view?usp=sharing\" target=\"_blank\" rel=\"noopener\">Entre Mechas e Madeixas: O significado por tr\u00e1s dos cabelos<\/a><\/strong><\/span><\/p>\n<ul>\n<li>Estudantes: Ana Clara Fernandes Corr\u00eaa e Isabela Lima Rodrigues<\/li>\n<li>Tema: Curta-metragem &#8220;Entre mechas e madeixas&#8221;<\/li>\n<li>Palavras-chave: Cabelos. Mulheres. Document\u00e1rio.<\/li>\n<li>Orienta\u00e7\u00e3o: Profa. Dra. Cl\u00e1udia Mesquita<\/li>\n<\/ul>\n<p>\u00a0<\/p>\n\n\n\n<p><span style=\"color: #000000;\"><strong><a style=\"color: #000000;\" href=\"https:\/\/drive.google.com\/file\/d\/17eHpVbk8vD4uEDiOjeO1XeMSFbOUhlfA\/view?usp=sharing\" target=\"_blank\" rel=\"noopener\">Baleiros em Cena: viv\u00eancias dos vendedores de balas no centro de Belo Horizonte<\/a><\/strong><\/span><\/p>\n<ul>\n<li>Estudantes: Luana Novais Gontijo e Pedro Lucas da Silva Morais<\/li>\n<li>Tema: Document\u00e1rio<\/li>\n<li>Palavras-chave: Document\u00e1rio; cotidiano; vendedores de bala; cidade; Belo Horizonte.<\/li>\n<li>Orienta\u00e7\u00e3o: Eduardo Ant\u00f4nio de Jesus<\/li>\n<\/ul>\n<p>\u00a0<\/p>\n\n\n\n<p><span style=\"color: #000000;\"><strong><a style=\"color: #000000;\" href=\"https:\/\/drive.google.com\/file\/d\/1dyyYp8gdVL-0mkO04mwy3woNXawDKnhU\/view?usp=sharing\" target=\"_blank\" rel=\"noopener\">A brasileira j\u00e1 nasce formada em Marketing: uma an\u00e1lise sobre os processos comunicacionais de mulheres de baixa renda do Brasil em seus microempreendimentos e contextos cotidianos<\/a><\/strong><\/span><\/p>\n<ul>\n<li>Estudante: Leonardo do Prado Moreno<\/li>\n<li>Tema: Marketing e microempreendedorismo<\/li>\n<li>Palavras-chave: Microempreendedorismo; comunica\u00e7\u00e3o; interseccionalidade; baixa-renda; g\u00eanero; marketing.<\/li>\n<li>Orienta\u00e7\u00e3o: Profa. Dra. Vanessa Cardozo Brand\u00e3o<\/li>\n<\/ul>\n<p>\u00a0<\/p>\n\n\n\n<p><span style=\"color: #000000;\"><strong><a style=\"color: #000000;\" href=\"https:\/\/drive.google.com\/file\/d\/1EaOmYGPmB-1tmRQHvewdzr4qRGMvsb5w\/view?usp=sharing\" target=\"_blank\" rel=\"noopener\">O Decl\u00ednio De Walter White \u2013 Uma an\u00e1lise estil\u00edstica do arco do personagem<\/a><\/strong><\/span><\/p>\n<ul>\n<li>Estudante: Mariana Mata Tavares Pereira do Nascimento<\/li>\n<li>Tema: Arco do personagem<\/li>\n<li>Palavras-chave: Mariana Mata Tavares Pereira do Nascimento<\/li>\n<li>Orienta\u00e7\u00e3o: Simone Rocha<\/li>\n<\/ul>\n<p>\u00a0<\/p>\n\n\n\n<p><span style=\"color: #000000;\"><strong><a style=\"color: #000000;\" href=\"https:\/\/drive.google.com\/file\/d\/1nDVmz2NRtnkHIwp8Ul_OzqjvrlYNJ9jq\/view?usp=sharing\" target=\"_blank\" rel=\"noopener\">O Funk Cantado por Mulheres: Di\u00e1logos sobre o Sentido e o Espa\u00e7o Ocupado pela M\u00fasica na Viv\u00eancia de Funkeiras Belo-Horizontinas<\/a><\/strong><\/span><\/p>\n<ul>\n<li>Estudante: Laura Mansur Pereira<\/li>\n<li>Tema: Funk<\/li>\n<li>Palavras-chave: Cultura, Funk, Belo Horizonte, G\u00eanero, Mulheres.<\/li>\n<li>Orienta\u00e7\u00e3o: Profa. Dra. Camila Maciel Campolina Alves Mantovani<\/li>\n<\/ul>\n<p>\u00a0<\/p>\n\n\n\n<p><span style=\"color: #000000;\"><a style=\"color: #000000;\" href=\"https:\/\/drive.google.com\/file\/d\/148t-5tYz0Kd6CH9_emd4Lu8s5qjLdDp2\/view?usp=sharing\" target=\"_blank\" rel=\"noopener\"><strong>Fandom &amp; Consumo: As pr\u00e1ticas do empreendedorismo fanmade<\/strong><\/a><\/span><\/p>\n<ul>\n<li>Estudante: Larissa Loureiro da Silva<\/li>\n<li>Tema: Empreendedorismo fanmade<\/li>\n<li>Palavras-chave: Cultura, Funk, Belo Horizonte, G\u00eanero, Mulheres.<\/li>\n<li>Orienta\u00e7\u00e3o: Prof. Dr. Pablo Moreno Fernandes Viana<\/li>\n<\/ul>\n<p>\u00a0<\/p>\n\n\n\n<p><span style=\"color: #000000;\"><a style=\"color: #000000;\" href=\"https:\/\/drive.google.com\/file\/d\/1mP0RGiJQdKE1hX0K3Z6SwhdpveaA3yZY\/view?usp=sharing\" target=\"_blank\" rel=\"noopener\"><strong>Spartanas: Um Plano Fora das Quatro Linhas<\/strong><\/a><\/span><\/p>\n<ul>\n<li>Estudantes: Alberto Lucas Favato, Maria Nat\u00e1lia Tavares Silva e Sabrina Marcela Costa Manso<\/li>\n<li>Tema: Futebol feminino e Comunica\u00e7\u00e3o<\/li>\n<li>Palavras-chave: Comunica\u00e7\u00e3o; Futebol Feminino; Misoginia; Am\u00e9rica Mineiro.<\/li>\n<li>Orienta\u00e7\u00e3o: Ana Carolina Soares Costa Vimieiro<\/li>\n<\/ul>\n<p>\u00a0<\/p>\n\n\n\n<p><strong><span style=\"color: #000000;\"><a style=\"color: #000000;\" href=\"https:\/\/drive.google.com\/file\/d\/1_YS0Be_Hp4U8tId5HPIPa7CNELwXa1TA\/view?usp=sharing\" target=\"_blank\" rel=\"noopener\">Inspiracast: Um podcast de refer\u00eancia para projetos publicit\u00e1rios e profissionais da \u00e1rea<\/a><\/span><\/strong><\/p>\n<ul>\n<li>Estudantes: Isabela Medeiros Romero e Felipe Silva \u00c1lvares<\/li>\n<li>Tema: Podcast<\/li>\n<li>Palavras-chave: publicidade; campanha publicit\u00e1ria; podcast; dire\u00e7\u00e3o de arte; reda\u00e7\u00e3o.<\/li>\n<li>Orienta\u00e7\u00e3o: Dra. Graziela Valadares Gomes de Mello Vianna<\/li>\n<\/ul>\n<p>\u00a0<\/p>\n<p><span style=\"color: #ff6600;\"><a style=\"color: #ff6600;\" href=\"https:\/\/www.fafich.ufmg.br\/publicidadeepropaganda\/portifolio-de-tccc\/\">Voltar para a listagem de semestres<\/a><\/span><\/p>\n<p><span style=\"color: #ff6600;\"><a style=\"color: #ff6600;\" href=\"https:\/\/www.fafich.ufmg.br\/publicidadeepropaganda\/o-curso\/trabalho-de-conclusao-de-curso\/\">Ver as regras gerais dos TCCs<\/a><\/span><\/p>\n<p>\u00a0<\/p>\n","protected":false},"excerpt":{"rendered":"<p>Faaa\u00e7a o L imediatamente, fam\u00edlia: Um estudo de branding sobre a entrada da LOUD no CBLOL Estudante: Rafael Barbosa Costa Lima Espinheira Tema: Branding Palavras-chave: LOUD; CBLOL; branding; esports; marca. Orienta\u00e7\u00e3o: Professora Doutora Ana Carolina Soares Costa Vimieiro Coorienta\u00e7\u00e3o: Professor Doutor Pablo Moreno Fernandes Viana \u00a0 Rubrica: Uma ocupa\u00e7\u00e3o f\u00edsico-digital de arte LGBTQIA+ Estudantes: Fernando [&hellip;]<\/p>\n","protected":false},"author":1,"featured_media":0,"parent":0,"menu_order":0,"comment_status":"closed","ping_status":"closed","template":"","meta":[],"categories":[],"_links":{"self":[{"href":"https:\/\/www.fafich.ufmg.br\/publicidadeepropaganda\/wp-json\/wp\/v2\/pages\/2120"}],"collection":[{"href":"https:\/\/www.fafich.ufmg.br\/publicidadeepropaganda\/wp-json\/wp\/v2\/pages"}],"about":[{"href":"https:\/\/www.fafich.ufmg.br\/publicidadeepropaganda\/wp-json\/wp\/v2\/types\/page"}],"author":[{"embeddable":true,"href":"https:\/\/www.fafich.ufmg.br\/publicidadeepropaganda\/wp-json\/wp\/v2\/users\/1"}],"replies":[{"embeddable":true,"href":"https:\/\/www.fafich.ufmg.br\/publicidadeepropaganda\/wp-json\/wp\/v2\/comments?post=2120"}],"version-history":[{"count":6,"href":"https:\/\/www.fafich.ufmg.br\/publicidadeepropaganda\/wp-json\/wp\/v2\/pages\/2120\/revisions"}],"predecessor-version":[{"id":2332,"href":"https:\/\/www.fafich.ufmg.br\/publicidadeepropaganda\/wp-json\/wp\/v2\/pages\/2120\/revisions\/2332"}],"wp:attachment":[{"href":"https:\/\/www.fafich.ufmg.br\/publicidadeepropaganda\/wp-json\/wp\/v2\/media?parent=2120"}],"wp:term":[{"taxonomy":"category","embeddable":true,"href":"https:\/\/www.fafich.ufmg.br\/publicidadeepropaganda\/wp-json\/wp\/v2\/categories?post=2120"}],"curies":[{"name":"wp","href":"https:\/\/api.w.org\/{rel}","templated":true}]}}