{"id":2125,"date":"2024-11-25T10:49:59","date_gmt":"2024-11-25T13:49:59","guid":{"rendered":"https:\/\/www.fafich.ufmg.br\/publicidadeepropaganda\/?page_id=2125"},"modified":"2025-05-06T08:27:56","modified_gmt":"2025-05-06T11:27:56","slug":"2021-2","status":"publish","type":"page","link":"https:\/\/www.fafich.ufmg.br\/publicidadeepropaganda\/2021-2\/","title":{"rendered":"2021\/2"},"content":{"rendered":"\n<p><span style=\"color: #000000;\"><a style=\"color: #000000;\" href=\"https:\/\/drive.google.com\/file\/d\/1ECzurPbXmXriRiXw6HXeI1CDPL1rpMWX\/view?usp=drive_link\"><strong><span data-sheets-root=\"1\">Transumanismo, consumo e pol\u00edtica: a rela\u00e7\u00e3o entre a inten\u00e7\u00e3o de uso da tecnologia de edi\u00e7\u00e3o gen\u00e9tica CRISPR, a percep\u00e7\u00e3o de desumaniza\u00e7\u00e3o dos seus usu\u00e1rios e o espectro pol\u00edtico<\/span><\/strong><\/a><\/span><\/p>\n<ul>\n<li>Estudante: <span data-sheets-root=\"1\">Gabriela Falcon Barreto<\/span><\/li>\n<li>Palavras-chave: Produto editorial. Baralho cigano. Arte divinat\u00f3ria. Projeto gr\u00e1fico.<\/li>\n<li>Orienta\u00e7\u00e3o: Prof. F\u00e1bio Roberto Ferreira Borges<\/li>\n<li><span style=\"font-weight: 400;\">Data da Defesa: 20\/01\/2022<\/span><\/li>\n<\/ul>\n<p><span style=\"color: #000000;\"><a style=\"color: #000000;\" href=\"https:\/\/drive.google.com\/file\/d\/13GWoAaBOuKV4Nkqy0qxGiZNADBa6eWTu\/view?usp=drive_link\"><strong><span data-sheets-root=\"1\">Vida privada, sociedade do espetaculo e publicidade: um estudo de caso de Gabriela Pugliesi no Instagram no epis\u00f3dio \u201cfoda-se a vida&#8221;<\/span><\/strong><\/a><\/span><\/p>\n<ul>\n<li>Estudantes: <span data-sheets-root=\"1\">Alessandra Miranda da Costa e Greg\u00f3rio Matuzal\u00e9m Barbosa Pinheiro<\/span><\/li>\n<li>Palavras-chave: Gabriela Pugliesi; Crise de Imagem; Narrativa; \u00c9tica Publicit\u00e1ria; Sociedade do Espet\u00e1culo;\u00a0 influenciador Digital.<\/li>\n<li><span style=\"font-weight: 400;\">Orienta\u00e7\u00e3o: Profa. Vanessa Veiga de Oliveira<\/span><\/li>\n<li>Data de Defesa: 31\/01\/2022<\/li>\n<\/ul>\n<p><span style=\"color: #000000;\"><a style=\"color: #000000;\" href=\"https:\/\/drive.google.com\/file\/d\/1TIPFwfSZA3dRttjsQvEsyAtm-fiihP6S\/view?usp=drive_link\"><strong><span data-sheets-root=\"1\">VISUALIDADES DO FETICHE HOMOER\u00d3TICO: a constru\u00e7\u00e3o de sentido no fashion film BOLD ARMY da marca Bold Strap<\/span><\/strong><\/a><\/span><\/p>\n<ul>\n<li>Estudante: <span data-sheets-root=\"1\">Abner Pereira Guedes<\/span><\/li>\n<li>Sexualidade. Fetichismo. Semi\u00f3tica.<\/li>\n<li><span style=\"font-weight: 400;\">Orienta\u00e7\u00e3o: Prof. <span data-sheets-root=\"1\">Carlos Magno Camargos Mendon\u00e7a<\/span><\/span><\/li>\n<li><span style=\"font-weight: 400;\">Data de Defesa: 03\/02\/2022<\/span><\/li>\n<\/ul>\n\n\n\n<p><span style=\"color: #000000;\"><a style=\"color: #000000;\" href=\"https:\/\/drive.google.com\/file\/d\/1SFbZ_iyUo8NayjJVsnEucu0bDkvnCZdf\/view?usp=drive_link\"><strong><span data-sheets-root=\"1\">CONSULTORIA E GEST\u00c3O DE MARCA NO TERCEIRO SETOR: um plano de Branding para o Lacre do Bem<\/span><\/strong><\/a><\/span><\/p>\n<ul>\n<li>Estudantes: Alana Milo Campos, Daniel Bismarck Rabello Campos, Gabriela Ribeiro de Almeida, Sofia \u00c1guida Sgarbi<\/li>\n<li>Palavras-chave: Consultoria. Branding. Terceiro setor. Comunica\u00e7\u00e3o. TXM Branding.<\/li>\n<li><span style=\"font-weight: 400;\">Orienta\u00e7\u00e3o: Profa. <span data-sheets-root=\"1\">Vanessa Cardozo Brand\u00e3o<\/span><\/span><\/li>\n<li><span style=\"font-weight: 400;\">Data de Defesa: 03\/02\/2022<\/span><\/li>\n<\/ul>\n<p><span style=\"color: #000000;\"><a style=\"color: #000000;\" href=\"https:\/\/drive.google.com\/file\/d\/1EFx2cMAkw4u4610PzL7wF99dwYPvAxEO\/view?usp=drive_link\"><strong><span data-sheets-root=\"1\">Filme &#8220;Ainda eu mesma?<\/span><\/strong><\/a><strong><a style=\"color: #000000;\" href=\"https:\/\/drive.google.com\/file\/d\/1EFx2cMAkw4u4610PzL7wF99dwYPvAxEO\/view?usp=drive_link\">&#8220;<\/a> &#8211; Bastidores de um filme-ensaio<\/strong><\/span><\/p>\n<ul>\n<li>Estudante: <span data-sheets-root=\"1\">Let\u00edcia Gabriela dos Santos Costa<\/span><\/li>\n<li>Palavras-chave: sexualidade, pandemia, filme-ensaio.<\/li>\n<li>Orienta\u00e7\u00e3o: Prof. <span data-sheets-root=\"1\">Eduardo Ant\u00f4nio de Jesus<\/span><\/li>\n<li><span style=\"font-weight: 400;\">Data da Defesa: 03\/02\/2022<\/span><\/li>\n<\/ul>\n<p><span style=\"color: #000000;\"><a style=\"color: #000000;\" href=\"https:\/\/drive.google.com\/file\/d\/1DWtQY4_juiLq4MF2h3cu8QTzW7giy3a1\/view?usp=drive_link\"><strong><span data-sheets-root=\"1\">CONSUMO SUSTENT\u00c1VEL NA MODA: UMA AN\u00c1LISE DOS TRABALHOS ACAD\u00caMICOS PUBLICADOS ENTRE 1992 E 2020 E AS NOVAS OPORTUNIDADES PARA O CAMPO<\/span><\/strong><\/a><\/span><\/p>\n<ul>\n<li>Estudante: <span data-sheets-root=\"1\">Jos\u00e9 Miguel Gomes de Abreu<\/span><\/li>\n<li>Palavras-chave: consumo, moda, sustentabilidade, bibliometria, revis\u00e3o sistem\u00e1tica.<\/li>\n<li>Orienta\u00e7\u00e3o: Profa. Juliana Maria Magalh\u00e3es Christino<\/li>\n<li>Coorienta\u00e7\u00e3o: Frederico Leoc\u00e1dio Ferreira<\/li>\n<li><span style=\"font-weight: 400;\">Data da Defesa: 03\/02\/2022<\/span><\/li>\n<\/ul>\n\n\n\n<p><span style=\"color: #000000;\"><a style=\"color: #000000;\" href=\"https:\/\/drive.google.com\/file\/d\/1BYKrBxgzTo1Lish16HcdJgcbvc5rlx8z\/view?usp=drive_link\"><strong><span data-sheets-root=\"1\">Os impactos dos vieses raciais no algoritmo do Instagram na carreira de criadores de conte\u00fado negros<\/span><\/strong><\/a><\/span><\/p>\n<ul>\n<li>Estudante: <span data-sheets-root=\"1\">Ariel Thamara Alberto Alves<\/span><\/li>\n<li>Palavras-chave: Algoritmos raciais; Racismo; Instagram; Microagress\u00f5es digitais; Criadores de conte\u00fado negros.<\/li>\n<li>Orienta\u00e7\u00e3o: Profa. <span data-sheets-root=\"1\">Vanessa Veiga de Oliveira<\/span><\/li>\n<li>Coorienta\u00e7\u00e3o: Bruna Silveira Martins de Oliveira<\/li>\n<li>Data da Defesa: 04\/02\/2022<\/li>\n<\/ul>\n<p><strong><span style=\"color: #000000;\"><a style=\"color: #000000;\" href=\"https:\/\/drive.google.com\/file\/d\/1LDKIaeGDDINSHWwvavYCoMTkii66u3VT\/view?usp=sharing\">Da Comunica\u00e7\u00e3o \u00e0 Experi\u00eancia do Usu\u00e1rio (<\/a><\/span>UX)<\/strong><span style=\"color: #000000;\"><a style=\"color: #000000;\" href=\"https:\/\/drive.google.com\/file\/d\/1LDKIaeGDDINSHWwvavYCoMTkii66u3VT\/view?usp=sharing\"><strong>: um guia para profissionais da comunica\u00e7\u00e3o que desejam trabalhar com Design de Experi\u00eancia<\/strong><\/a><\/span><\/p>\n<ul>\n<li>Estudante: St\u00e9fany Gabrielle Resende Magalh\u00e3es<\/li>\n<li>Palavras-chave: Design Centrado no Usu\u00e1rio. Experi\u00eancia do Usu\u00e1rio. Design. Comunica\u00e7\u00e3o.<\/li>\n<li>Orienta\u00e7\u00e3o: <span style=\"font-weight: 400;\">Profa. Camila Maciel Campolina Alves Mantovani<\/span><\/li>\n<li>Data da Defesa: 04\/02\/2022<\/li>\n<\/ul>\n<p><span style=\"color: #000000;\"><a style=\"color: #000000;\" href=\"https:\/\/drive.google.com\/file\/d\/1MJI057puG9VjybGyBJUm5IZ_mUEP818z\/view?usp=sharing\"><strong>O USO DA RELIGI\u00c3O CRIST\u00c3 NO ENGAJAMENTO POL\u00cdTICO COM APOIADORES DO GOVERNO BOLSONARO NO CERCADINHO VIP<\/strong><\/a><\/span><\/p>\n<ul>\n<li>Estudante: Victor Castro Martins Farias<\/li>\n<li>Palavras-chave: Jair Bolsonaro, apoiadores, religi\u00e3o, cercadinho, intera\u00e7\u00e3o, evang\u00e9licos.<\/li>\n<li><span style=\"font-weight: 400;\">Orienta\u00e7\u00e3o: Profa. Gabriella Hauber<\/span><\/li>\n<li>Data da Defesa: 04\/02\/2022<\/li>\n<\/ul>\n<p><span style=\"color: #000000;\"><a style=\"color: #000000;\" href=\"https:\/\/drive.google.com\/file\/d\/1TpetDyxINOZadbdRxZYF1TH-M8wPh-JD\/view?usp=drive_link\"><strong><span data-sheets-root=\"1\">Baralho Cigano da Serpente Dourada<\/span><\/strong><\/a><\/span><\/p>\n<ul>\n<li>Estudante: <span data-sheets-root=\"1\">Victor Hugo C\u00f4rtes Costa<\/span><\/li>\n<li>Orienta\u00e7\u00e3o: Prof. Carlos Magno Camargos Mendon\u00e7a<\/li>\n<li>Data da Defesa: 02\/02\/2022<\/li>\n<\/ul>\n<p><span style=\"color: #000000;\"><a style=\"color: #000000;\" href=\"https:\/\/drive.google.com\/file\/d\/1PyJ-LN-MFvmXHw0jgr_eUrYNlr600Cr5\/view?usp=drive_link\"><strong><span data-sheets-root=\"1\">MULHERES NO APOCALIPSE: Imagens de controle e resist\u00eancia em The Last of Us Parte II<\/span><\/strong><\/a><\/span><\/p>\n<ul>\n<li>Estudante: <span data-sheets-root=\"1\">Fernanda Mudesto Passos<\/span><\/li>\n<li>Palavras-chave: Representa\u00e7\u00e3o. Estere\u00f3tipos. Imagens de controle. G\u00eanero. Videogames. The Last of Us Parte II.<\/li>\n<li>Orienta\u00e7\u00e3o: Profa. Ana Carolina Soares Costa Vimieiro<\/li>\n<li>Coorienta\u00e7\u00e3o: Paloma Lopes Arantes<\/li>\n<li>Data da Defesa: 04\/02\/2022<\/li>\n<\/ul>\n\n\n\n<p><span style=\"color: #000000;\"><a style=\"color: #000000;\" href=\"https:\/\/drive.google.com\/file\/d\/1pnq5MII-G3WHGnc_Zh8m8dP069cp-8UH\/view?usp=drive_link\"><strong><span data-sheets-root=\"1\">Errar \u00e9 humano, mas e se for um negro? Uma an\u00e1lise do BBB 21<\/span><\/strong><\/a><\/span><\/p>\n<ul>\n<li>Estudante: <span data-sheets-root=\"1\">Caroline da Concei\u00e7\u00e3o Marques<\/span><\/li>\n<li>Palavras-chave: Racismo. Interseccionalidade. Big Brother Brasil. Cultura do Cancelamento. Erro.<\/li>\n<li>Orienta\u00e7\u00e3o: Prof. Pablo Moreno Fernandes<\/li>\n<li><span style=\"font-weight: 400;\">Data de Defesa: 14\/02\/2022<\/span><\/li>\n<\/ul>\n\n\n\n<hr class=\"wp-block-separator\"\/>\n\n\n\n<p><span style=\"color: #ff6600;\"><a style=\"color: #ff6600;\" href=\"https:\/\/www.fafich.ufmg.br\/publicidadeepropaganda\/portifolio-de-tccc\/\">Voltar para a listagem de semestres<\/a><\/span><\/p>\n<p><span style=\"color: #ff6600;\"><a style=\"color: #ff6600;\" href=\"https:\/\/www.fafich.ufmg.br\/publicidadeepropaganda\/o-curso\/trabalho-de-conclusao-de-curso\/\">Ver as regras gerais dos TCCs<\/a><\/span><\/p>\n","protected":false},"excerpt":{"rendered":"<p>Transumanismo, consumo e pol\u00edtica: a rela\u00e7\u00e3o entre a inten\u00e7\u00e3o de uso da tecnologia de edi\u00e7\u00e3o gen\u00e9tica CRISPR, a percep\u00e7\u00e3o de desumaniza\u00e7\u00e3o dos seus usu\u00e1rios e o espectro pol\u00edtico Estudante: Gabriela Falcon Barreto Palavras-chave: Produto editorial. Baralho cigano. Arte divinat\u00f3ria. Projeto gr\u00e1fico. Orienta\u00e7\u00e3o: Prof. F\u00e1bio Roberto Ferreira Borges Data da Defesa: 20\/01\/2022 Vida privada, sociedade do [&hellip;]<\/p>\n","protected":false},"author":1,"featured_media":0,"parent":0,"menu_order":0,"comment_status":"closed","ping_status":"closed","template":"","meta":[],"categories":[],"_links":{"self":[{"href":"https:\/\/www.fafich.ufmg.br\/publicidadeepropaganda\/wp-json\/wp\/v2\/pages\/2125"}],"collection":[{"href":"https:\/\/www.fafich.ufmg.br\/publicidadeepropaganda\/wp-json\/wp\/v2\/pages"}],"about":[{"href":"https:\/\/www.fafich.ufmg.br\/publicidadeepropaganda\/wp-json\/wp\/v2\/types\/page"}],"author":[{"embeddable":true,"href":"https:\/\/www.fafich.ufmg.br\/publicidadeepropaganda\/wp-json\/wp\/v2\/users\/1"}],"replies":[{"embeddable":true,"href":"https:\/\/www.fafich.ufmg.br\/publicidadeepropaganda\/wp-json\/wp\/v2\/comments?post=2125"}],"version-history":[{"count":19,"href":"https:\/\/www.fafich.ufmg.br\/publicidadeepropaganda\/wp-json\/wp\/v2\/pages\/2125\/revisions"}],"predecessor-version":[{"id":2389,"href":"https:\/\/www.fafich.ufmg.br\/publicidadeepropaganda\/wp-json\/wp\/v2\/pages\/2125\/revisions\/2389"}],"wp:attachment":[{"href":"https:\/\/www.fafich.ufmg.br\/publicidadeepropaganda\/wp-json\/wp\/v2\/media?parent=2125"}],"wp:term":[{"taxonomy":"category","embeddable":true,"href":"https:\/\/www.fafich.ufmg.br\/publicidadeepropaganda\/wp-json\/wp\/v2\/categories?post=2125"}],"curies":[{"name":"wp","href":"https:\/\/api.w.org\/{rel}","templated":true}]}}