{"id":506,"date":"2025-03-21T15:53:03","date_gmt":"2025-03-21T18:53:03","guid":{"rendered":"https:\/\/www.fafich.ufmg.br\/relacoespublicas\/?page_id=506"},"modified":"2026-03-04T11:24:15","modified_gmt":"2026-03-04T14:24:15","slug":"inicio","status":"publish","type":"page","link":"https:\/\/www.fafich.ufmg.br\/relacoespublicas\/?page_id=506","title":{"rendered":"In\u00edcio"},"content":{"rendered":"\n<p>O curso de gradua\u00e7\u00e3o em Rela\u00e7\u00f5es P\u00fablicas oferece anualmente 20 vagas para o 2\u00ba semestre letivo (manh\u00e3). A carga hor\u00e1ria total do curso \u00e9 de 3.315 horas (221 cr\u00e9ditos), com dura\u00e7\u00e3o padr\u00e3o de 8 semestres (diurno).<\/p>\n\n\n\n<p><strong>Perfil do egresso em Rela\u00e7\u00f5es P\u00fablicas pela UFMG:<\/strong><br>O perfil do egresso aponta para profissionais com capacidade de atuar nas \u00e1reas de comunica\u00e7\u00e3o em organiza\u00e7\u00f5es p\u00fablicas, privadas e do terceiro setor, na proposi\u00e7\u00e3o, an\u00e1lise e gest\u00e3o de pol\u00edticas, estrat\u00e9gias e instrumentos de comunica\u00e7\u00e3o e relacionamento com seus p\u00fablicos; na realiza\u00e7\u00e3o de atividades de pesquisa e an\u00e1lise, de assessoria e consultoria, de planejamento e divulga\u00e7\u00e3o, podendo ser tamb\u00e9m empreendedor da \u00e1rea para diversos segmentos.<\/p>\n\n\n\n<p><strong>Atividades realizadas por um RP<\/strong><br>\u2013 realizar pesquisa e diagn\u00f3stico da comunica\u00e7\u00e3o em organiza\u00e7\u00f5es de qualquer natureza, identificando e caracterizando os p\u00fablicos, problematizando o relacionamento que estabelece com os diversos grupos de interesse, desenvolvendo pesquisas e auditorias de opini\u00e3o e de imagem, realizando levantamentos sobre a performance comunicacional das organiza\u00e7\u00f5es e prospec\u00e7\u00f5es acerca de a\u00e7\u00f5es estrat\u00e9gicas de comunica\u00e7\u00e3o;<br>\u2013 identificar quest\u00f5es pol\u00edticas envolvidas no relacionamento dos diversos p\u00fablicos e as organiza\u00e7\u00f5es, com foco na produ\u00e7\u00e3o de legitimidade institucional;<br>\u2013 elaborar planos e programas de a\u00e7\u00e3o estrat\u00e9gica com os p\u00fablicos, baseados em diagn\u00f3sticos de situa\u00e7\u00f5es-problema de comunica\u00e7\u00e3o envolvendo o relacionamento das organiza\u00e7\u00f5es com os seus p\u00fablicos (ou com um p\u00fablico em particular) e seu posicionamento frente a dilemas e controv\u00e9rsias p\u00fablicas;<br>\u2013 identificar as necessidades de atua\u00e7\u00e3o socialmente respons\u00e1vel das organiza\u00e7\u00f5es e formular pol\u00edticas de comunica\u00e7\u00e3o direcionadas para a responsabilidade social;<br>\u2013 conhecer os meios de comunica\u00e7\u00e3o, suas caracter\u00edsticas, din\u00e2micas, interrela\u00e7\u00f5es e linguagens pr\u00f3prias, bem como as t\u00e9cnicas e instrumentos de comunica\u00e7\u00e3o dirigida;<br>\u2013 analisar a forma\u00e7\u00e3o e movimenta\u00e7\u00e3o de p\u00fablicos na sociedade, a identifica\u00e7\u00e3o e caracteriza\u00e7\u00e3o dos p\u00fablicos pelas organiza\u00e7\u00f5es; o embate entre os p\u00fablicos e o defrontamento entre os p\u00fablicos e as institui\u00e7\u00f5es; os processos de mobiliza\u00e7\u00e3o social.<br>\u2013 analisar as rela\u00e7\u00f5es entre opini\u00e3o p\u00fablica e a\u00e7\u00e3o social, a partir da forma\u00e7\u00e3o de opini\u00f5es e de atitudes acerca de quest\u00f5es que envolvem a vida social, em geral, e a aceita\u00e7\u00e3o social das institui\u00e7\u00f5es e de suas pr\u00e1ticas, em particular;<br>\u2013 tratar quest\u00f5es relativas \u00e0 imagem e reputa\u00e7\u00e3o institucional das organiza\u00e7\u00f5es e sua proje\u00e7\u00e3o no espa\u00e7o de visibilidade; bem como aos elementos simb\u00f3licos de constru\u00e7\u00e3o da marca em seus aspectos institucionais.<br>\u2013 coordenar equipes envolvidas com planejamento e execu\u00e7\u00e3o de atividades de comunica\u00e7\u00e3o, de forma integrada, nos contextos organizacionais.<\/p>\n","protected":false},"excerpt":{"rendered":"<p>O curso de gradua\u00e7\u00e3o em Rela\u00e7\u00f5es P\u00fablicas oferece anualmente 20 vagas para o 2\u00ba semestre letivo (manh\u00e3). A carga hor\u00e1ria total do curso \u00e9 de 3.315 horas (221 cr\u00e9ditos), com dura\u00e7\u00e3o padr\u00e3o de 8 semestres (diurno). Perfil do egresso em Rela\u00e7\u00f5es P\u00fablicas pela UFMG:O perfil do egresso aponta para profissionais com capacidade de atuar nas [&hellip;]<\/p>\n","protected":false},"author":2,"featured_media":0,"parent":0,"menu_order":0,"comment_status":"closed","ping_status":"closed","template":"","meta":{"_acf_changed":false,"footnotes":""},"class_list":["post-506","page","type-page","status-publish","hentry"],"acf":[],"_links":{"self":[{"href":"https:\/\/www.fafich.ufmg.br\/relacoespublicas\/index.php?rest_route=\/wp\/v2\/pages\/506"}],"collection":[{"href":"https:\/\/www.fafich.ufmg.br\/relacoespublicas\/index.php?rest_route=\/wp\/v2\/pages"}],"about":[{"href":"https:\/\/www.fafich.ufmg.br\/relacoespublicas\/index.php?rest_route=\/wp\/v2\/types\/page"}],"author":[{"embeddable":true,"href":"https:\/\/www.fafich.ufmg.br\/relacoespublicas\/index.php?rest_route=\/wp\/v2\/users\/2"}],"replies":[{"embeddable":true,"href":"https:\/\/www.fafich.ufmg.br\/relacoespublicas\/index.php?rest_route=%2Fwp%2Fv2%2Fcomments&post=506"}],"version-history":[{"count":5,"href":"https:\/\/www.fafich.ufmg.br\/relacoespublicas\/index.php?rest_route=\/wp\/v2\/pages\/506\/revisions"}],"predecessor-version":[{"id":1061,"href":"https:\/\/www.fafich.ufmg.br\/relacoespublicas\/index.php?rest_route=\/wp\/v2\/pages\/506\/revisions\/1061"}],"wp:attachment":[{"href":"https:\/\/www.fafich.ufmg.br\/relacoespublicas\/index.php?rest_route=%2Fwp%2Fv2%2Fmedia&parent=506"}],"curies":[{"name":"wp","href":"https:\/\/api.w.org\/{rel}","templated":true}]}}

Início

<p>O curso de graduação em Relações Públicas oferece anualmente 20 vagas para o 2º semestre letivo (manhã). A carga horária total do curso é de 3.315 horas (221 créditos), com duração padrão de 8 semestres (diurno).</p>



<p><strong>Perfil do egresso em Relações Públicas pela UFMG:</strong><br>O perfil do egresso aponta para profissionais com capacidade de atuar nas áreas de comunicação em organizações públicas, privadas e do terceiro setor, na proposição, análise e gestão de políticas, estratégias e instrumentos de comunicação e relacionamento com seus públicos; na realização de atividades de pesquisa e análise, de assessoria e consultoria, de planejamento e divulgação, podendo ser também empreendedor da área para diversos segmentos.</p>



<p><strong>Atividades realizadas por um RP</strong><br>– realizar pesquisa e diagnóstico da comunicação em organizações de qualquer natureza, identificando e caracterizando os públicos, problematizando o relacionamento que estabelece com os diversos grupos de interesse, desenvolvendo pesquisas e auditorias de opinião e de imagem, realizando levantamentos sobre a performance comunicacional das organizações e prospecções acerca de ações estratégicas de comunicação;<br>– identificar questões políticas envolvidas no relacionamento dos diversos públicos e as organizações, com foco na produção de legitimidade institucional;<br>– elaborar planos e programas de ação estratégica com os públicos, baseados em diagnósticos de situações-problema de comunicação envolvendo o relacionamento das organizações com os seus públicos (ou com um público em particular) e seu posicionamento frente a dilemas e controvérsias públicas;<br>– identificar as necessidades de atuação socialmente responsável das organizações e formular políticas de comunicação direcionadas para a responsabilidade social;<br>– conhecer os meios de comunicação, suas características, dinâmicas, interrelações e linguagens próprias, bem como as técnicas e instrumentos de comunicação dirigida;<br>– analisar a formação e movimentação de públicos na sociedade, a identificação e caracterização dos públicos pelas organizações; o embate entre os públicos e o defrontamento entre os públicos e as instituições; os processos de mobilização social.<br>– analisar as relações entre opinião pública e ação social, a partir da formação de opiniões e de atitudes acerca de questões que envolvem a vida social, em geral, e a aceitação social das instituições e de suas práticas, em particular;<br>– tratar questões relativas à imagem e reputação institucional das organizações e sua projeção no espaço de visibilidade; bem como aos elementos simbólicos de construção da marca em seus aspectos institucionais.<br>– coordenar equipes envolvidas com planejamento e execução de atividades de comunicação, de forma integrada, nos contextos organizacionais.</p>

<p>O curso de graduação em Relações Públicas oferece anualmente 20 vagas para o 2º semestre letivo (manhã). A carga horária total do curso é de 3.315 horas (221 créditos), com duração padrão de 8 semestres (diurno). Perfil do egresso em Relações Públicas pela UFMG:O perfil do egresso aponta para profissionais com capacidade de atuar nas [&hellip;]</p>
