{"id":509,"date":"2025-03-21T15:53:03","date_gmt":"2025-03-21T18:53:03","guid":{"rendered":"https:\/\/www.fafich.ufmg.br\/relacoespublicas\/?page_id=509"},"modified":"2026-03-04T11:24:24","modified_gmt":"2026-03-04T14:24:24","slug":"larp-lab-de-rp","status":"publish","type":"page","link":"https:\/\/www.fafich.ufmg.br\/relacoespublicas\/?page_id=509","title":{"rendered":"LARP \u2014 Laborat\u00f3rio de RP"},"content":{"rendered":"\n<p>aborat\u00f3rio de Rela\u00e7\u00f5es P\u00fablicas Pl\u00ednio Carneiro \u2013 LARP<br>O laborat\u00f3rio concentra diversas atividades relacionadas \u00e0 pr\u00e1tica e reflex\u00e3o das Rela\u00e7\u00f5es P\u00fablicas. D\u00e1 suporte \u00e0 realiza\u00e7\u00e3o de projetos de ensino, pesquisa e extens\u00e3o. Conta com equipamentos e materiais necess\u00e1rios ao desenvolvimento de atividades pr\u00e1ticas, abriga estagi\u00e1rios e monitores (bolsistas ou volunt\u00e1rios) dos projetos. Em outros momentos operou como um centro ativador de atividades, projetos e a\u00e7\u00f5es do curso. O desafio \u00e9 reestabelecer a centralidade desse laborat\u00f3rio aproximando-o, como mostramos anteriormente, aos contextos dos projetos e a\u00e7\u00f5es de extens\u00e3o.<\/p>\n\n\n\n<p><\/p>\n","protected":false},"excerpt":{"rendered":"<p>aborat\u00f3rio de Rela\u00e7\u00f5es P\u00fablicas Pl\u00ednio Carneiro \u2013 LARPO laborat\u00f3rio concentra diversas atividades relacionadas \u00e0 pr\u00e1tica e reflex\u00e3o das Rela\u00e7\u00f5es P\u00fablicas. D\u00e1 suporte \u00e0 realiza\u00e7\u00e3o de projetos de ensino, pesquisa e extens\u00e3o. Conta com equipamentos e materiais necess\u00e1rios ao desenvolvimento de atividades pr\u00e1ticas, abriga estagi\u00e1rios e monitores (bolsistas ou volunt\u00e1rios) dos projetos. Em outros momentos operou [&hellip;]<\/p>\n","protected":false},"author":2,"featured_media":0,"parent":0,"menu_order":0,"comment_status":"closed","ping_status":"closed","template":"","meta":{"_acf_changed":false,"footnotes":""},"class_list":["post-509","page","type-page","status-publish","hentry"],"acf":[],"_links":{"self":[{"href":"https:\/\/www.fafich.ufmg.br\/relacoespublicas\/index.php?rest_route=\/wp\/v2\/pages\/509"}],"collection":[{"href":"https:\/\/www.fafich.ufmg.br\/relacoespublicas\/index.php?rest_route=\/wp\/v2\/pages"}],"about":[{"href":"https:\/\/www.fafich.ufmg.br\/relacoespublicas\/index.php?rest_route=\/wp\/v2\/types\/page"}],"author":[{"embeddable":true,"href":"https:\/\/www.fafich.ufmg.br\/relacoespublicas\/index.php?rest_route=\/wp\/v2\/users\/2"}],"replies":[{"embeddable":true,"href":"https:\/\/www.fafich.ufmg.br\/relacoespublicas\/index.php?rest_route=%2Fwp%2Fv2%2Fcomments&post=509"}],"version-history":[{"count":3,"href":"https:\/\/www.fafich.ufmg.br\/relacoespublicas\/index.php?rest_route=\/wp\/v2\/pages\/509\/revisions"}],"predecessor-version":[{"id":1062,"href":"https:\/\/www.fafich.ufmg.br\/relacoespublicas\/index.php?rest_route=\/wp\/v2\/pages\/509\/revisions\/1062"}],"wp:attachment":[{"href":"https:\/\/www.fafich.ufmg.br\/relacoespublicas\/index.php?rest_route=%2Fwp%2Fv2%2Fmedia&parent=509"}],"curies":[{"name":"wp","href":"https:\/\/api.w.org\/{rel}","templated":true}]}}

LARP — Laboratório de RP

<p>aboratório de Relações Públicas Plínio Carneiro – LARP<br>O laboratório concentra diversas atividades relacionadas à prática e reflexão das Relações Públicas. Dá suporte à realização de projetos de ensino, pesquisa e extensão. Conta com equipamentos e materiais necessários ao desenvolvimento de atividades práticas, abriga estagiários e monitores (bolsistas ou voluntários) dos projetos. Em outros momentos operou como um centro ativador de atividades, projetos e ações do curso. O desafio é reestabelecer a centralidade desse laboratório aproximando-o, como mostramos anteriormente, aos contextos dos projetos e ações de extensão.</p>



<p></p>

<p>aboratório de Relações Públicas Plínio Carneiro – LARPO laboratório concentra diversas atividades relacionadas à prática e reflexão das Relações Públicas. Dá suporte à realização de projetos de ensino, pesquisa e extensão. Conta com equipamentos e materiais necessários ao desenvolvimento de atividades práticas, abriga estagiários e monitores (bolsistas ou voluntários) dos projetos. Em outros momentos operou [&hellip;]</p>
