{"id":512,"date":"2025-03-21T15:53:03","date_gmt":"2025-03-21T18:53:03","guid":{"rendered":"https:\/\/www.fafich.ufmg.br\/relacoespublicas\/?page_id=512"},"modified":"2026-03-04T11:19:23","modified_gmt":"2026-03-04T14:19:23","slug":"biblioteca-luiz-antonio-paixao","status":"publish","type":"page","link":"https:\/\/www.fafich.ufmg.br\/relacoespublicas\/?page_id=512","title":{"rendered":"Biblioteca Luiz Ant\u00f4nio Paix\u00e3o"},"content":{"rendered":"\n<p>E do lado do audit\u00f3rio Bicalho, encontra-se a Biblioteca da FAFICH. Lugar importante para a vida de todos que por aqui passam e cujo acervo \u00e9 uma refer\u00eancia na \u00e1rea das Ci\u00eancias Humanas, para todo o Estado de Minas Gerais.<br>A Biblioteca homenageia o professor Luiz Ant\u00f4nio Paix\u00e3o. E quem foi ele?<br>Nascido em Belo Horizonte em 1947, Ant\u00f4nio Lu\u00eds Paix\u00e3o fazia o secund\u00e1rio no Estadual Central quando o Golpe de 64 estourou. Militante do Partid\u00e3o naquela \u00e9poca, entrou para a FAFICH e, juntamente com outros estudantes e professores da casa, ajudou a criar um curso paralelo de Ci\u00eancias Sociais. Formado, participante ativo dos movimentos contraculturais e dos setores te\u00f3ricos mais radicais da AP, Paix\u00e3o concluiu o Mestrado em Ci\u00eancia Pol\u00edtica na FAFICH e foi para New York fazer doutorado em sociologia. A tese nunca foi defendida, mas a experi\u00eancia estrangeira foi decisiva para tornar Paix\u00e3o um dos pioneiros nos estudos sociol\u00f3gicos sobre viol\u00eancia e criminalidade no Brasil e um dos mais not\u00e1veis especialistas em sociologia das\u00a0organiza\u00e7\u00f5es, tendo deixado in\u00fameros legados na \u00e1rea, entre as quais a cria\u00e7\u00e3o do CRISP na UFMG. Leitor compulsivo, cr\u00edtico contundente, n\u00e3o fazia concess\u00f5es com ningu\u00e9m, nem consigo mesmo. Analista fino, trabalhador incans\u00e1vel, n\u00e3o costumava perder a eleg\u00e2ncia, nem a piada. Como escreveram alguns de seus muitos amigos de FAFICH, de boteco e da vida, \u201cSeus amigos sabem que ningu\u00e9m estava livre de suas piadas. Se ela era boa, n\u00e3o havia amizade nem rever\u00eancia intelectual que privasse o Paix\u00e3o e seu p\u00fablico de uma grande risada \u00e0 custa do alheio. Ningu\u00e9m ficava tampouco ao largo de suas agudas cr\u00edticas intelectuais. S\u00f3 que n\u00e3o dava para ficar ofendido ou raivoso. Tudo era dito com tanta delicadeza e precis\u00e3o ou com tanta gra\u00e7a que a cr\u00edtica virava proveito. Amigos, amigos; resenhas, pareceres, avalia\u00e7\u00f5es e piadas \u00e0 parte\u201d. Flama ardente e iluminante, Paix\u00e3o nos deixou abruptamente em 1996. Teve uma vida breve, mas intensa!<\/p>\n","protected":false},"excerpt":{"rendered":"<p>E do lado do audit\u00f3rio Bicalho, encontra-se a Biblioteca da FAFICH. Lugar importante para a vida de todos que por aqui passam e cujo acervo \u00e9 uma refer\u00eancia na \u00e1rea das Ci\u00eancias Humanas, para todo o Estado de Minas Gerais.A Biblioteca homenageia o professor Luiz Ant\u00f4nio Paix\u00e3o. E quem foi ele?Nascido em Belo Horizonte em [&hellip;]<\/p>\n","protected":false},"author":2,"featured_media":0,"parent":0,"menu_order":0,"comment_status":"closed","ping_status":"closed","template":"","meta":{"_acf_changed":false,"footnotes":""},"class_list":["post-512","page","type-page","status-publish","hentry"],"acf":[],"_links":{"self":[{"href":"https:\/\/www.fafich.ufmg.br\/relacoespublicas\/index.php?rest_route=\/wp\/v2\/pages\/512"}],"collection":[{"href":"https:\/\/www.fafich.ufmg.br\/relacoespublicas\/index.php?rest_route=\/wp\/v2\/pages"}],"about":[{"href":"https:\/\/www.fafich.ufmg.br\/relacoespublicas\/index.php?rest_route=\/wp\/v2\/types\/page"}],"author":[{"embeddable":true,"href":"https:\/\/www.fafich.ufmg.br\/relacoespublicas\/index.php?rest_route=\/wp\/v2\/users\/2"}],"replies":[{"embeddable":true,"href":"https:\/\/www.fafich.ufmg.br\/relacoespublicas\/index.php?rest_route=%2Fwp%2Fv2%2Fcomments&post=512"}],"version-history":[{"count":3,"href":"https:\/\/www.fafich.ufmg.br\/relacoespublicas\/index.php?rest_route=\/wp\/v2\/pages\/512\/revisions"}],"predecessor-version":[{"id":1047,"href":"https:\/\/www.fafich.ufmg.br\/relacoespublicas\/index.php?rest_route=\/wp\/v2\/pages\/512\/revisions\/1047"}],"wp:attachment":[{"href":"https:\/\/www.fafich.ufmg.br\/relacoespublicas\/index.php?rest_route=%2Fwp%2Fv2%2Fmedia&parent=512"}],"curies":[{"name":"wp","href":"https:\/\/api.w.org\/{rel}","templated":true}]}}

Biblioteca Luiz Antônio Paixão

<p>E do lado do auditório Bicalho, encontra-se a Biblioteca da FAFICH. Lugar importante para a vida de todos que por aqui passam e cujo acervo é uma referência na área das Ciências Humanas, para todo o Estado de Minas Gerais.<br>A Biblioteca homenageia o professor Luiz Antônio Paixão. E quem foi ele?<br>Nascido em Belo Horizonte em 1947, Antônio Luís Paixão fazia o secundário no Estadual Central quando o Golpe de 64 estourou. Militante do Partidão naquela época, entrou para a FAFICH e, juntamente com outros estudantes e professores da casa, ajudou a criar um curso paralelo de Ciências Sociais. Formado, participante ativo dos movimentos contraculturais e dos setores teóricos mais radicais da AP, Paixão concluiu o Mestrado em Ciência Política na FAFICH e foi para New York fazer doutorado em sociologia. A tese nunca foi defendida, mas a experiência estrangeira foi decisiva para tornar Paixão um dos pioneiros nos estudos sociológicos sobre violência e criminalidade no Brasil e um dos mais notáveis especialistas em sociologia das organizações, tendo deixado inúmeros legados na área, entre as quais a criação do CRISP na UFMG. Leitor compulsivo, crítico contundente, não fazia concessões com ninguém, nem consigo mesmo. Analista fino, trabalhador incansável, não costumava perder a elegância, nem a piada. Como escreveram alguns de seus muitos amigos de FAFICH, de boteco e da vida, “Seus amigos sabem que ninguém estava livre de suas piadas. Se ela era boa, não havia amizade nem reverência intelectual que privasse o Paixão e seu público de uma grande risada à custa do alheio. Ninguém ficava tampouco ao largo de suas agudas críticas intelectuais. Só que não dava para ficar ofendido ou raivoso. Tudo era dito com tanta delicadeza e precisão ou com tanta graça que a crítica virava proveito. Amigos, amigos; resenhas, pareceres, avaliações e piadas à parte”. Flama ardente e iluminante, Paixão nos deixou abruptamente em 1996. Teve uma vida breve, mas intensa!</p>

<p>E do lado do auditório Bicalho, encontra-se a Biblioteca da FAFICH. Lugar importante para a vida de todos que por aqui passam e cujo acervo é uma referência na área das Ciências Humanas, para todo o Estado de Minas Gerais.A Biblioteca homenageia o professor Luiz Antônio Paixão. E quem foi ele?Nascido em Belo Horizonte em [&hellip;]</p>
