{"id":513,"date":"2025-03-21T15:53:03","date_gmt":"2025-03-21T18:53:03","guid":{"rendered":"https:\/\/www.fafich.ufmg.br\/relacoespublicas\/?page_id=513"},"modified":"2026-03-04T11:18:51","modified_gmt":"2026-03-04T14:18:51","slug":"auditorio-bicalho","status":"publish","type":"page","link":"https:\/\/www.fafich.ufmg.br\/relacoespublicas\/?page_id=513","title":{"rendered":"Audit\u00f3rio Bicalho"},"content":{"rendered":"\n<p><\/p>\n\n\n\n<p>Luiz de Carvalho Bicalho tamb\u00e9m foi aluno e professor da FAFICH. Foi estudante quando essa unidade ainda era conhecida como FAFI \u2013 Faculdade de Filosofia. Come\u00e7ou os estudos em 1941 e terminou em 1943, o bacharelado em Filosofia.<\/p>\n\n\n\n<p>Bicalho foi militante do Partido Comunista do Brasil no per\u00edodo 1945-1958, tendo no curso dos anos cinquenta integrado o Comit\u00ea Regional de Belo Horizonte, e, segundo os registros, chegou a ser Secret\u00e1rio de Massas, com o codinome Pedro, ao qual se somou Badu, este mais \u201cpopular\u201d como ele comentava e lembram ainda as pessoas mais chegadas.<\/p>\n\n\n\n<p>Dois anos depois do Relat\u00f3rio Kruschov (1956), ele se afastou do Partido, mas continuou ligado ao ide\u00e1rio de esquerda, evidenciando em suas a\u00e7\u00f5es a tentativa de aliar a \u201cindaga\u00e7\u00e3o filos\u00f3fica e a pr\u00e1xis pol\u00edtica\u201d, como ressaltam seus bi\u00f3grafos, buscando a companhia de Sartre, para al\u00e9m da de Marx.&nbsp;<\/p>\n\n\n\n<p>Afastado do PCB, passou a dedicar-se \u00e0 vida acad\u00eamica, tendo acumulado as fun\u00e7\u00f5es de professor de filosofia do Col\u00e9gio Aplica\u00e7\u00e3o da antiga FAFICH (1959-1962), do Col\u00e9gio Municipal (1958-1980), da FAFICH num primeiro per\u00edodo (1960-1962), seguido de uma experi\u00eancia de cerca dois anos na UnB (1962-1963), tendo voltado \u00e0 UFMG no segundo semestre de 1963, onde permaneceu at\u00e9 se aposentar em 1988.<\/p>\n\n\n\n<p>Ressalte-se ainda, que Bicalho foi um dos fundadores da UnB, integrando a equipe de Darcy Ribeiro, ocasi\u00e3o em que assumiu o cargo de primeiro Diretor da Secretaria Geral dos Cursos, correspondente nos dias de hoje ao de pr\u00f3-reitor de gradua\u00e7\u00e3o da UFMG (mar\u00e7o de 1962 a agosto de 1963, quando rompeu com Darcy Ribeiro e voltou para Belo Horizonte),<\/p>\n\n\n\n<p>Ao longo de seu trabalho a na UFMG, participou ativamente da implanta\u00e7\u00e3o do programa de p\u00f3s-gradua\u00e7\u00e3o em filosofia (mestrado), com seus cursos sobre&nbsp;<em>O Capital<\/em>&nbsp;de Marx, em plenos anos de chumbo, atraindo estudantes de v\u00e1rias \u00e1reas da UFMG. Paralelamente, foi uma presen\u00e7a constante nas greves e nos movimentos dos professores, quando ajudou a fundar a APUBH. Al\u00e9m de coordenador do mestrado (1980-1982), concorreu em 1982 ao cargo de Diretor da FAFICH, tendo sido o mais votado nas elei\u00e7\u00f5es gerais e na Congrega\u00e7\u00e3o; contudo, n\u00e3o foi indicado pelo Conselho Universit\u00e1rio da UFMG e, portanto, n\u00e3o foi nomeado pela ent\u00e3o Ministra da Educa\u00e7\u00e3o do Governo Figueiredo.&nbsp;<\/p>\n\n\n\n<p>J\u00e1 aposentado, Luiz de Carvalho Bicalho foi homenageado em 1989 pela Congrega\u00e7\u00e3o da FAFICH em sess\u00e3o solene comemorativa do cinquenten\u00e1rio da Faculdade, pela \u201crelevante contribui\u00e7\u00e3o a esta casa\u201d.<\/p>\n\n\n\n<p>Em 1994 a Congrega\u00e7\u00e3o concedeu-lhe o t\u00edtulo de professor em\u00e9rito da Faculdade, tendo sido as sauda\u00e7\u00f5es publicadas na revista&nbsp;<em>Kriterion<\/em>&nbsp;em 1995, n. 91.<\/p>\n\n\n\n<p>Muito estimado pelos colegas e estudantes, vivendo cercado por estes nos cursos e nos bares das redondezas da Rua Carangola, onde estava localizada a velha FAFICH, Bicalho era um exemplo de intelig\u00eancia viva, generosidade intelectual e intelectual p\u00fablico engajado, como nas Diretas-J\u00e1, ao seguir os caminhos de Sartre e de Marx, nos quais se espelhava e buscou seus modelos.<\/p>\n\n\n\n<p>O Audit\u00f3rio Luiz de Carvalho Bicalho \u00e9 mais homenagem da Faculdade \u00e0 sua mem\u00f3ria e ao seu exemplo.&nbsp; &nbsp;<\/p>\n","protected":false},"excerpt":{"rendered":"<p>Luiz de Carvalho Bicalho tamb\u00e9m foi aluno e professor da FAFICH. Foi estudante quando essa unidade ainda era conhecida como FAFI \u2013 Faculdade de Filosofia. Come\u00e7ou os estudos em 1941 e terminou em 1943, o bacharelado em Filosofia. Bicalho foi militante do Partido Comunista do Brasil no per\u00edodo 1945-1958, tendo no curso dos anos cinquenta [&hellip;]<\/p>\n","protected":false},"author":2,"featured_media":0,"parent":0,"menu_order":0,"comment_status":"closed","ping_status":"closed","template":"","meta":{"_acf_changed":false,"footnotes":""},"class_list":["post-513","page","type-page","status-publish","hentry"],"acf":[],"_links":{"self":[{"href":"https:\/\/www.fafich.ufmg.br\/relacoespublicas\/index.php?rest_route=\/wp\/v2\/pages\/513"}],"collection":[{"href":"https:\/\/www.fafich.ufmg.br\/relacoespublicas\/index.php?rest_route=\/wp\/v2\/pages"}],"about":[{"href":"https:\/\/www.fafich.ufmg.br\/relacoespublicas\/index.php?rest_route=\/wp\/v2\/types\/page"}],"author":[{"embeddable":true,"href":"https:\/\/www.fafich.ufmg.br\/relacoespublicas\/index.php?rest_route=\/wp\/v2\/users\/2"}],"replies":[{"embeddable":true,"href":"https:\/\/www.fafich.ufmg.br\/relacoespublicas\/index.php?rest_route=%2Fwp%2Fv2%2Fcomments&post=513"}],"version-history":[{"count":3,"href":"https:\/\/www.fafich.ufmg.br\/relacoespublicas\/index.php?rest_route=\/wp\/v2\/pages\/513\/revisions"}],"predecessor-version":[{"id":1044,"href":"https:\/\/www.fafich.ufmg.br\/relacoespublicas\/index.php?rest_route=\/wp\/v2\/pages\/513\/revisions\/1044"}],"wp:attachment":[{"href":"https:\/\/www.fafich.ufmg.br\/relacoespublicas\/index.php?rest_route=%2Fwp%2Fv2%2Fmedia&parent=513"}],"curies":[{"name":"wp","href":"https:\/\/api.w.org\/{rel}","templated":true}]}}

Auditório Bicalho

<p></p>



<p>Luiz de Carvalho Bicalho também foi aluno e professor da FAFICH. Foi estudante quando essa unidade ainda era conhecida como FAFI – Faculdade de Filosofia. Começou os estudos em 1941 e terminou em 1943, o bacharelado em Filosofia.</p>



<p>Bicalho foi militante do Partido Comunista do Brasil no período 1945-1958, tendo no curso dos anos cinquenta integrado o Comitê Regional de Belo Horizonte, e, segundo os registros, chegou a ser Secretário de Massas, com o codinome Pedro, ao qual se somou Badu, este mais “popular” como ele comentava e lembram ainda as pessoas mais chegadas.</p>



<p>Dois anos depois do Relatório Kruschov (1956), ele se afastou do Partido, mas continuou ligado ao ideário de esquerda, evidenciando em suas ações a tentativa de aliar a “indagação filosófica e a práxis política”, como ressaltam seus biógrafos, buscando a companhia de Sartre, para além da de Marx.&nbsp;</p>



<p>Afastado do PCB, passou a dedicar-se à vida acadêmica, tendo acumulado as funções de professor de filosofia do Colégio Aplicação da antiga FAFICH (1959-1962), do Colégio Municipal (1958-1980), da FAFICH num primeiro período (1960-1962), seguido de uma experiência de cerca dois anos na UnB (1962-1963), tendo voltado à UFMG no segundo semestre de 1963, onde permaneceu até se aposentar em 1988.</p>



<p>Ressalte-se ainda, que Bicalho foi um dos fundadores da UnB, integrando a equipe de Darcy Ribeiro, ocasião em que assumiu o cargo de primeiro Diretor da Secretaria Geral dos Cursos, correspondente nos dias de hoje ao de pró-reitor de graduação da UFMG (março de 1962 a agosto de 1963, quando rompeu com Darcy Ribeiro e voltou para Belo Horizonte),</p>



<p>Ao longo de seu trabalho a na UFMG, participou ativamente da implantação do programa de pós-graduação em filosofia (mestrado), com seus cursos sobre&nbsp;<em>O Capital</em>&nbsp;de Marx, em plenos anos de chumbo, atraindo estudantes de várias áreas da UFMG. Paralelamente, foi uma presença constante nas greves e nos movimentos dos professores, quando ajudou a fundar a APUBH. Além de coordenador do mestrado (1980-1982), concorreu em 1982 ao cargo de Diretor da FAFICH, tendo sido o mais votado nas eleições gerais e na Congregação; contudo, não foi indicado pelo Conselho Universitário da UFMG e, portanto, não foi nomeado pela então Ministra da Educação do Governo Figueiredo.&nbsp;</p>



<p>Já aposentado, Luiz de Carvalho Bicalho foi homenageado em 1989 pela Congregação da FAFICH em sessão solene comemorativa do cinquentenário da Faculdade, pela “relevante contribuição a esta casa”.</p>



<p>Em 1994 a Congregação concedeu-lhe o título de professor emérito da Faculdade, tendo sido as saudações publicadas na revista&nbsp;<em>Kriterion</em>&nbsp;em 1995, n. 91.</p>



<p>Muito estimado pelos colegas e estudantes, vivendo cercado por estes nos cursos e nos bares das redondezas da Rua Carangola, onde estava localizada a velha FAFICH, Bicalho era um exemplo de inteligência viva, generosidade intelectual e intelectual público engajado, como nas Diretas-Já, ao seguir os caminhos de Sartre e de Marx, nos quais se espelhava e buscou seus modelos.</p>



<p>O Auditório Luiz de Carvalho Bicalho é mais homenagem da Faculdade à sua memória e ao seu exemplo.&nbsp; &nbsp;</p>

<p>Luiz de Carvalho Bicalho também foi aluno e professor da FAFICH. Foi estudante quando essa unidade ainda era conhecida como FAFI – Faculdade de Filosofia. Começou os estudos em 1941 e terminou em 1943, o bacharelado em Filosofia. Bicalho foi militante do Partido Comunista do Brasil no período 1945-1958, tendo no curso dos anos cinquenta [&hellip;]</p>
