{"id":514,"date":"2025-03-21T15:53:03","date_gmt":"2025-03-21T18:53:03","guid":{"rendered":"https:\/\/www.fafich.ufmg.br\/relacoespublicas\/?page_id=514"},"modified":"2026-03-04T11:18:58","modified_gmt":"2026-03-04T14:18:58","slug":"auditorio-sonia-viegas","status":"publish","type":"page","link":"https:\/\/www.fafich.ufmg.br\/relacoespublicas\/?page_id=514","title":{"rendered":"Audit\u00f3rio S\u00f4nia Viegas"},"content":{"rendered":"\n<p><\/p>\n\n\n\n<p>Muitos imaginam que esse audit\u00f3rio perten\u00e7a \u00e0 Faculdade de Letras, j\u00e1 que estamos bem aos fundos da cantina da Letras. Por\u00e9m, esse \u00e9 um audit\u00f3rio que pertence \u00e0 FAFICH e na verdade, nem poderia ser diferente, j\u00e1 que S\u00f4nia Viegas foi uma professora do curso de Filosofia, entre 1966 a 1985, e foi muito importante e querida para a FAFICH e para a UFMG. S\u00f4nia lecionou na UFMG por 22 anos, at\u00e9 sua morte prematura, aos 45 anos, em 1989, causada por um c\u00e2ncer de mama.<br>S\u00f4nia Viegas tamb\u00e9m foi aluna da FAFICH. Ela concluiu em 1966 o curso de gradua\u00e7\u00e3o em Filosofia na UFMG, e em 1977 concluiu o mestrado em Filosofia, sob dire\u00e7\u00e3o do ent\u00e3o professor Henrique Claudio de Lima Vaz, o Pe. Vaz. Sua disserta\u00e7\u00e3o, intitulada A palavra po\u00e9tica e a palavra filos\u00f3fica no Grande Sert\u00e3o: Veredas, foi posteriormente transformada em livro com o t\u00edtulo Vereda tr\u00e1gica do Grande Sert\u00e3o: Veredas (1985). Nesta obra, S\u00f4nia examina a estreita rela\u00e7\u00e3o entre literatura e filosofia e faz emergir, mediante o exame do itiner\u00e1rio de Riobaldo, o car\u00e1ter tr\u00e1gico da exist\u00eancia humana.<br>Sua atividade intelectual, assim como a docente, se desenvolveu em diferentes campos da investiga\u00e7\u00e3o filos\u00f3fica, e, mais particularmente, nas \u00e1reas da Est\u00e9tica e da Filosofia da Arte, da Antropologia e da Fenomenologia. Em diversos tipos de registros, escritos e em a\u00fadio, sua obra constitui um rico acervo de reflex\u00f5es acerca da cultura em suas mais variadas express\u00f5es, compreendendo as artes pl\u00e1sticas, o cinema, o teatro, a dan\u00e7a e a literatura. Os seus cursos na Universidade, sempre muito concorridos, eram frequentados n\u00e3o s\u00f3 por estudantes universit\u00e1rios, mas, tamb\u00e9m, por pessoas vindas das mais diferentes profiss\u00f5es e segmentos da comunidade de Belo Horizonte.<\/p>\n\n\n\n<p>Para atender \u00e0 demanda da comunidade externa \u00e0 universidade, S\u00f4nia criou em 1986 o N\u00facleo de Filosofia, espa\u00e7o em que ela pr\u00f3pria e outros colegas ofereceriam cursos de introdu\u00e7\u00e3o \u00e0 Filosofia, historia e filosofia da arte, entre outros. Na d\u00e9cada de 90, S\u00f4nia criou e foi protagonista do \u201cCinema Comentado\u201d, evento que foi uma experi\u00eancia pioneira naquela \u00e9poca, em que, ap\u00f3s a proje\u00e7\u00e3o de um filme, era apresentado um coment\u00e1rio a partir do qual se convidava os presentes a uma conversa e a uma reflex\u00e3o sobre os temas e quest\u00f5es suscitados pelo filme. Este evento foi um marco na hist\u00f3ria cultural de Belo Horizonte. O livro&nbsp;<em>Cinema Comentado&nbsp;<\/em>reuniu alguns dos coment\u00e1rios apresentados no quadro deste evento. Boa parte de seus escritos foram reunidos em uma colet\u00e2nea organizada pelo Professor Marcelo Marques e publicada em 3 volumes em 2009. Mais recentemente, um perfil biogr\u00e1fico da professora, de autoria de Miriam Campolina Diniz Peixoto, foi publicado na cole\u00e7\u00e3o BH Perfis (2019) com o titulo&nbsp;<em>S\u00f4nia Viegas. Uma pensadora da Cultura<\/em>.&nbsp;<\/p>\n\n\n\n<p>Com todas essas informa\u00e7\u00f5es a gente pode ver que S\u00f4nia Viegas foi uma pessoa muito importante para se pensar a rela\u00e7\u00e3o entre cultura e filosofia, para estabelecer um di\u00e1logo n\u00e3o s\u00f3 com os alunos, mas com toda a comunidade externa \u00e0 UFMG e por isso n\u00e3o poderia deixar de ser homenageada, dando nome a um dos audit\u00f3rios da FAFICH.<\/p>\n","protected":false},"excerpt":{"rendered":"<p>Muitos imaginam que esse audit\u00f3rio perten\u00e7a \u00e0 Faculdade de Letras, j\u00e1 que estamos bem aos fundos da cantina da Letras. Por\u00e9m, esse \u00e9 um audit\u00f3rio que pertence \u00e0 FAFICH e na verdade, nem poderia ser diferente, j\u00e1 que S\u00f4nia Viegas foi uma professora do curso de Filosofia, entre 1966 a 1985, e foi muito importante [&hellip;]<\/p>\n","protected":false},"author":2,"featured_media":0,"parent":0,"menu_order":0,"comment_status":"closed","ping_status":"closed","template":"","meta":{"_acf_changed":false,"footnotes":""},"class_list":["post-514","page","type-page","status-publish","hentry"],"acf":[],"_links":{"self":[{"href":"https:\/\/www.fafich.ufmg.br\/relacoespublicas\/index.php?rest_route=\/wp\/v2\/pages\/514"}],"collection":[{"href":"https:\/\/www.fafich.ufmg.br\/relacoespublicas\/index.php?rest_route=\/wp\/v2\/pages"}],"about":[{"href":"https:\/\/www.fafich.ufmg.br\/relacoespublicas\/index.php?rest_route=\/wp\/v2\/types\/page"}],"author":[{"embeddable":true,"href":"https:\/\/www.fafich.ufmg.br\/relacoespublicas\/index.php?rest_route=\/wp\/v2\/users\/2"}],"replies":[{"embeddable":true,"href":"https:\/\/www.fafich.ufmg.br\/relacoespublicas\/index.php?rest_route=%2Fwp%2Fv2%2Fcomments&post=514"}],"version-history":[{"count":3,"href":"https:\/\/www.fafich.ufmg.br\/relacoespublicas\/index.php?rest_route=\/wp\/v2\/pages\/514\/revisions"}],"predecessor-version":[{"id":1045,"href":"https:\/\/www.fafich.ufmg.br\/relacoespublicas\/index.php?rest_route=\/wp\/v2\/pages\/514\/revisions\/1045"}],"wp:attachment":[{"href":"https:\/\/www.fafich.ufmg.br\/relacoespublicas\/index.php?rest_route=%2Fwp%2Fv2%2Fmedia&parent=514"}],"curies":[{"name":"wp","href":"https:\/\/api.w.org\/{rel}","templated":true}]}}

Auditório Sônia Viegas

<p></p>



<p>Muitos imaginam que esse auditório pertença à Faculdade de Letras, já que estamos bem aos fundos da cantina da Letras. Porém, esse é um auditório que pertence à FAFICH e na verdade, nem poderia ser diferente, já que Sônia Viegas foi uma professora do curso de Filosofia, entre 1966 a 1985, e foi muito importante e querida para a FAFICH e para a UFMG. Sônia lecionou na UFMG por 22 anos, até sua morte prematura, aos 45 anos, em 1989, causada por um câncer de mama.<br>Sônia Viegas também foi aluna da FAFICH. Ela concluiu em 1966 o curso de graduação em Filosofia na UFMG, e em 1977 concluiu o mestrado em Filosofia, sob direção do então professor Henrique Claudio de Lima Vaz, o Pe. Vaz. Sua dissertação, intitulada A palavra poética e a palavra filosófica no Grande Sertão: Veredas, foi posteriormente transformada em livro com o título Vereda trágica do Grande Sertão: Veredas (1985). Nesta obra, Sônia examina a estreita relação entre literatura e filosofia e faz emergir, mediante o exame do itinerário de Riobaldo, o caráter trágico da existência humana.<br>Sua atividade intelectual, assim como a docente, se desenvolveu em diferentes campos da investigação filosófica, e, mais particularmente, nas áreas da Estética e da Filosofia da Arte, da Antropologia e da Fenomenologia. Em diversos tipos de registros, escritos e em aúdio, sua obra constitui um rico acervo de reflexões acerca da cultura em suas mais variadas expressões, compreendendo as artes plásticas, o cinema, o teatro, a dança e a literatura. Os seus cursos na Universidade, sempre muito concorridos, eram frequentados não só por estudantes universitários, mas, também, por pessoas vindas das mais diferentes profissões e segmentos da comunidade de Belo Horizonte.</p>



<p>Para atender à demanda da comunidade externa à universidade, Sônia criou em 1986 o Núcleo de Filosofia, espaço em que ela própria e outros colegas ofereceriam cursos de introdução à Filosofia, historia e filosofia da arte, entre outros. Na década de 90, Sônia criou e foi protagonista do “Cinema Comentado”, evento que foi uma experiência pioneira naquela época, em que, após a projeção de um filme, era apresentado um comentário a partir do qual se convidava os presentes a uma conversa e a uma reflexão sobre os temas e questões suscitados pelo filme. Este evento foi um marco na história cultural de Belo Horizonte. O livro&nbsp;<em>Cinema Comentado&nbsp;</em>reuniu alguns dos comentários apresentados no quadro deste evento. Boa parte de seus escritos foram reunidos em uma coletânea organizada pelo Professor Marcelo Marques e publicada em 3 volumes em 2009. Mais recentemente, um perfil biográfico da professora, de autoria de Miriam Campolina Diniz Peixoto, foi publicado na coleção BH Perfis (2019) com o titulo&nbsp;<em>Sônia Viegas. Uma pensadora da Cultura</em>.&nbsp;</p>



<p>Com todas essas informações a gente pode ver que Sônia Viegas foi uma pessoa muito importante para se pensar a relação entre cultura e filosofia, para estabelecer um diálogo não só com os alunos, mas com toda a comunidade externa à UFMG e por isso não poderia deixar de ser homenageada, dando nome a um dos auditórios da FAFICH.</p>

<p>Muitos imaginam que esse auditório pertença à Faculdade de Letras, já que estamos bem aos fundos da cantina da Letras. Porém, esse é um auditório que pertence à FAFICH e na verdade, nem poderia ser diferente, já que Sônia Viegas foi uma professora do curso de Filosofia, entre 1966 a 1985, e foi muito importante [&hellip;]</p>
