{"id":539,"date":"2025-03-21T15:56:12","date_gmt":"2025-03-21T18:56:12","guid":{"rendered":"https:\/\/www.fafich.ufmg.br\/relacoespublicas\/?page_id=539"},"modified":"2026-03-04T11:23:54","modified_gmt":"2026-03-04T14:23:54","slug":"formas-de-ingresso","status":"publish","type":"page","link":"https:\/\/www.fafich.ufmg.br\/relacoespublicas\/?page_id=539","title":{"rendered":"Formas de ingresso"},"content":{"rendered":"\n<p><\/p>\n\n\n\n<p><strong>O curso de Rela\u00e7\u00f5es P\u00fablicas oferece 20 vagas anuais para o 2\u00ba semestre (manh\u00e3).<\/strong><\/p>\n\n\n\n<p>A sele\u00e7\u00e3o para as vagas ocorre por meio do&nbsp;<a href=\"https:\/\/sisu.mec.gov.br\/\" target=\"_blank\" rel=\"noreferrer noopener\">Sistema de Sele\u00e7\u00e3o Unificada<\/a>&nbsp;(Sisu), que utiliza notas do&nbsp;<a href=\"https:\/\/enem.inep.gov.br\/\" target=\"_blank\" rel=\"noreferrer noopener\">Exame Nacional do Ensino M\u00e9dio<\/a>&nbsp;(Enem). Acompanhe, na p\u00e1gina do Sisu UFMG, informa\u00e7\u00f5es atualizadas sobre:<\/p>\n\n\n\n<p>\u2013&nbsp;<a href=\"https:\/\/www.ufmg.br\/sisu\/cursos-e-vagas\/\" target=\"_blank\" rel=\"noreferrer noopener\">Vagas \/ Nota de corte<\/a><br>\u2013&nbsp;<a href=\"https:\/\/www.ufmg.br\/sisu\/normas\/\" target=\"_blank\" rel=\"noreferrer noopener\">Reserva de vagas<\/a><br>\u2013&nbsp;<a href=\"https:\/\/www.ufmg.br\/sisu\/duvidas\/\" target=\"_blank\" rel=\"noreferrer noopener\">Perguntas frequentes<\/a><br>\u2013&nbsp;<a href=\"https:\/\/www.ufmg.br\/sisu\/assistencia-estudantil\/\" target=\"_blank\" rel=\"noreferrer noopener\">Assist\u00eancia Estudantil<\/a><\/p>\n\n\n\n<p><strong>O curso de Rela\u00e7\u00f5es P\u00fablicas tamb\u00e9m recebe estudantes nas seguintes modalidades:<\/strong><\/p>\n\n\n\n<p><strong>Transfer\u00eancia Comum<\/strong>: \u00c9 a aceita\u00e7\u00e3o de um estudante de outra Institui\u00e7\u00e3o de Ensino Superior (IES), seja ela nacional ou estrangeira, condicionada \u00e0 exist\u00eancia de vagas remanescentes;<\/p>\n\n\n\n<p><strong>Transfer\u00eancia Especial<\/strong>: Destinada a servidores p\u00fablicos federais, ou seus dependentes, estudantes de cursos de Rela\u00e7\u00f5es P\u00fablicas de outras institui\u00e7\u00f5es p\u00fablicas de ensino superior, cujo munic\u00edpio sede de resid\u00eancia seja Belo Horizonte ou munic\u00edpio pr\u00f3ximo a Belo Horizonte que n\u00e3o possua institui\u00e7\u00e3o p\u00fablica de ensino superior que oferte curso de Rela\u00e7\u00f5es P\u00fablicas.<\/p>\n\n\n\n<p><strong>Programa Estudante Conv\u00eanio (PEC-G)<\/strong>: \u00c9 resultado de acordos de coopera\u00e7\u00e3o cultural, cient\u00edfica e tecnol\u00f3gica assinados entre pa\u00edses em desenvolvimento visando \u00e0 forma\u00e7\u00e3o de recursos humanos. Possibilita que estudantes desses pa\u00edses realizem seus estudos no Brasil;<\/p>\n\n\n\n<p><strong>Obten\u00e7\u00e3o de Novo T\u00edtulo<\/strong>: Oportunidade oferecida aos diplomados em curso superior de ingressarem no Curso de Rela\u00e7\u00f5es P\u00fablicas, na ocorr\u00eancia de vagas remanescentes ofertadas em processo seletivo;<\/p>\n\n\n\n<p><strong>Reop\u00e7\u00e3o<\/strong>: Possibilidade dada aos estudantes da UFMG, ingressos via Sisu, de se transferirem para o Curso de Rela\u00e7\u00f5es P\u00fablicas, por meio de processo seletivo interno (desde que exista a oferta de vagas remanescentes) e seja atendida a integraliza\u00e7\u00e3o de 35 e 75% dos cr\u00e9ditos do curso de origem;<\/p>\n\n\n\n<p><strong>Refugiados pol\u00edticos<\/strong>: Ingresso decorrente da aceita\u00e7\u00e3o de refugiados pol\u00edticos como alunos de cursos de gradua\u00e7\u00e3o, de acordo com a&nbsp;<a href=\"https:\/\/www.fafich.ufmg.br\/relacoespublicas\/wp-content\/uploads\/2019\/12\/Resol-03cepe2004.pdf\">Resolu\u00e7\u00e3o n\u00b0 03\/2004<\/a>, do CEPE\/UFMG.<\/p>\n\n\n\n<p>Em todos os casos, a avalia\u00e7\u00e3o dos requerimentos \u00e9 feita pelo&nbsp;<a href=\"https:\/\/www.fafich.ufmg.br\/relacoespublicas\/o-colegiado\/sobre-o-colegiado\/\" target=\"_blank\" rel=\"noreferrer noopener\">Colegiado<\/a>.<br>Para informa\u00e7\u00f5es de vagas remanescentes, consulte o&nbsp;<a href=\"https:\/\/www2.ufmg.br\/drca\" target=\"_blank\" rel=\"noreferrer noopener\">DRCA<\/a>.<\/p>\n","protected":false},"excerpt":{"rendered":"<p>O curso de Rela\u00e7\u00f5es P\u00fablicas oferece 20 vagas anuais para o 2\u00ba semestre (manh\u00e3). A sele\u00e7\u00e3o para as vagas ocorre por meio do&nbsp;Sistema de Sele\u00e7\u00e3o Unificada&nbsp;(Sisu), que utiliza notas do&nbsp;Exame Nacional do Ensino M\u00e9dio&nbsp;(Enem). Acompanhe, na p\u00e1gina do Sisu UFMG, informa\u00e7\u00f5es atualizadas sobre: \u2013&nbsp;Vagas \/ Nota de corte\u2013&nbsp;Reserva de vagas\u2013&nbsp;Perguntas frequentes\u2013&nbsp;Assist\u00eancia Estudantil O curso de [&hellip;]<\/p>\n","protected":false},"author":2,"featured_media":0,"parent":0,"menu_order":0,"comment_status":"closed","ping_status":"closed","template":"","meta":{"_acf_changed":false,"footnotes":""},"class_list":["post-539","page","type-page","status-publish","hentry"],"acf":[],"_links":{"self":[{"href":"https:\/\/www.fafich.ufmg.br\/relacoespublicas\/index.php?rest_route=\/wp\/v2\/pages\/539"}],"collection":[{"href":"https:\/\/www.fafich.ufmg.br\/relacoespublicas\/index.php?rest_route=\/wp\/v2\/pages"}],"about":[{"href":"https:\/\/www.fafich.ufmg.br\/relacoespublicas\/index.php?rest_route=\/wp\/v2\/types\/page"}],"author":[{"embeddable":true,"href":"https:\/\/www.fafich.ufmg.br\/relacoespublicas\/index.php?rest_route=\/wp\/v2\/users\/2"}],"replies":[{"embeddable":true,"href":"https:\/\/www.fafich.ufmg.br\/relacoespublicas\/index.php?rest_route=%2Fwp%2Fv2%2Fcomments&post=539"}],"version-history":[{"count":5,"href":"https:\/\/www.fafich.ufmg.br\/relacoespublicas\/index.php?rest_route=\/wp\/v2\/pages\/539\/revisions"}],"predecessor-version":[{"id":1059,"href":"https:\/\/www.fafich.ufmg.br\/relacoespublicas\/index.php?rest_route=\/wp\/v2\/pages\/539\/revisions\/1059"}],"wp:attachment":[{"href":"https:\/\/www.fafich.ufmg.br\/relacoespublicas\/index.php?rest_route=%2Fwp%2Fv2%2Fmedia&parent=539"}],"curies":[{"name":"wp","href":"https:\/\/api.w.org\/{rel}","templated":true}]}}