{"id":540,"date":"2025-03-21T15:56:12","date_gmt":"2025-03-21T18:56:12","guid":{"rendered":"https:\/\/www.fafich.ufmg.br\/relacoespublicas\/?page_id=540"},"modified":"2026-03-04T11:26:41","modified_gmt":"2026-03-04T14:26:41","slug":"projeto-pedagogico","status":"publish","type":"page","link":"https:\/\/www.fafich.ufmg.br\/relacoespublicas\/?page_id=540","title":{"rendered":"Projeto pedag\u00f3gico"},"content":{"rendered":"\n<p><\/p>\n\n\n\n<p>Na&nbsp;&nbsp;UFMG,&nbsp;o&nbsp;curr\u00edculo&nbsp;do&nbsp;curso de&nbsp;gradua\u00e7\u00e3o&nbsp;em&nbsp;<strong>Rela\u00e7\u00f5es&nbsp;P\u00fablicas<\/strong>&nbsp;foi estruturado&nbsp;de&nbsp;forma&nbsp;a&nbsp;valorizar&nbsp;a reflex\u00e3o,&nbsp;por&nbsp;parte&nbsp;do estudante,&nbsp;da pr\u00e1tica profissional&nbsp;que&nbsp;ele&nbsp;desempenhar\u00e1&nbsp;e&nbsp;encoraj\u00e1-lo,&nbsp;desde&nbsp;os&nbsp;per\u00edodos&nbsp;iniciais,&nbsp;a pesquisar&nbsp;e&nbsp;a&nbsp;buscar&nbsp;inova\u00e7\u00f5es&nbsp;do&nbsp;fazer&nbsp;de&nbsp;suas&nbsp;atividades. Condizente&nbsp;com&nbsp;os princ\u00edpios did\u00e1tico-pedag\u00f3gicos definidos pela UFMG para&nbsp;a forma\u00e7\u00e3o em Comunica\u00e7\u00e3o&nbsp;Social,&nbsp;o&nbsp;curso valoriza&nbsp;uma&nbsp;s\u00f3lida&nbsp;e&nbsp;abrangente&nbsp;forma\u00e7\u00e3o&nbsp;te\u00f3rica&nbsp;no campo&nbsp;das&nbsp;ci\u00eancias&nbsp;humanas&nbsp;e&nbsp;sociais,&nbsp;bem&nbsp;como&nbsp;uma&nbsp;integra\u00e7\u00e3o&nbsp;com&nbsp;a&nbsp;pesquisa&nbsp;e com a extens\u00e3o, estimulando e valorizando a participa\u00e7\u00e3o dos discentes em projetos, segundo&nbsp;os princ\u00edpios de flexibilidade e interdisciplinaridade. Considera&nbsp;a participa\u00e7\u00e3o&nbsp;&nbsp;ativa&nbsp;dos&nbsp;discentes&nbsp;na&nbsp;defini\u00e7\u00e3o&nbsp;de&nbsp;seus&nbsp;percursos e&nbsp;na&nbsp;concep\u00e7\u00e3o&nbsp;de projetos integrados.<\/p>\n\n\n\n<p><a href=\"https:\/\/www.fafich.ufmg.br\/relacoespublicas\/wp-content\/uploads\/2020\/01\/Projeto-Pedag%C3%B3gico-do-Curso-de-Rela%C3%A7%C3%B5es-P%C3%BAblicas-UFMG.pdf\">Projeto Pedag\u00f3gico do Curso de Rela\u00e7\u00f5es P\u00fablicas<\/a><\/p>\n","protected":false},"excerpt":{"rendered":"<p>Na&nbsp;&nbsp;UFMG,&nbsp;o&nbsp;curr\u00edculo&nbsp;do&nbsp;curso de&nbsp;gradua\u00e7\u00e3o&nbsp;em&nbsp;Rela\u00e7\u00f5es&nbsp;P\u00fablicas&nbsp;foi estruturado&nbsp;de&nbsp;forma&nbsp;a&nbsp;valorizar&nbsp;a reflex\u00e3o,&nbsp;por&nbsp;parte&nbsp;do estudante,&nbsp;da pr\u00e1tica profissional&nbsp;que&nbsp;ele&nbsp;desempenhar\u00e1&nbsp;e&nbsp;encoraj\u00e1-lo,&nbsp;desde&nbsp;os&nbsp;per\u00edodos&nbsp;iniciais,&nbsp;a pesquisar&nbsp;e&nbsp;a&nbsp;buscar&nbsp;inova\u00e7\u00f5es&nbsp;do&nbsp;fazer&nbsp;de&nbsp;suas&nbsp;atividades. Condizente&nbsp;com&nbsp;os princ\u00edpios did\u00e1tico-pedag\u00f3gicos definidos pela UFMG para&nbsp;a forma\u00e7\u00e3o em Comunica\u00e7\u00e3o&nbsp;Social,&nbsp;o&nbsp;curso valoriza&nbsp;uma&nbsp;s\u00f3lida&nbsp;e&nbsp;abrangente&nbsp;forma\u00e7\u00e3o&nbsp;te\u00f3rica&nbsp;no campo&nbsp;das&nbsp;ci\u00eancias&nbsp;humanas&nbsp;e&nbsp;sociais,&nbsp;bem&nbsp;como&nbsp;uma&nbsp;integra\u00e7\u00e3o&nbsp;com&nbsp;a&nbsp;pesquisa&nbsp;e com a extens\u00e3o, estimulando e valorizando a participa\u00e7\u00e3o dos discentes em projetos, segundo&nbsp;os princ\u00edpios de flexibilidade e interdisciplinaridade. Considera&nbsp;a participa\u00e7\u00e3o&nbsp;&nbsp;ativa&nbsp;dos&nbsp;discentes&nbsp;na&nbsp;defini\u00e7\u00e3o&nbsp;de&nbsp;seus&nbsp;percursos e&nbsp;na&nbsp;concep\u00e7\u00e3o&nbsp;de projetos integrados. Projeto Pedag\u00f3gico do Curso de Rela\u00e7\u00f5es P\u00fablicas<\/p>\n","protected":false},"author":2,"featured_media":0,"parent":0,"menu_order":0,"comment_status":"closed","ping_status":"closed","template":"","meta":{"_acf_changed":false,"footnotes":""},"class_list":["post-540","page","type-page","status-publish","hentry"],"acf":[],"_links":{"self":[{"href":"https:\/\/www.fafich.ufmg.br\/relacoespublicas\/index.php?rest_route=\/wp\/v2\/pages\/540"}],"collection":[{"href":"https:\/\/www.fafich.ufmg.br\/relacoespublicas\/index.php?rest_route=\/wp\/v2\/pages"}],"about":[{"href":"https:\/\/www.fafich.ufmg.br\/relacoespublicas\/index.php?rest_route=\/wp\/v2\/types\/page"}],"author":[{"embeddable":true,"href":"https:\/\/www.fafich.ufmg.br\/relacoespublicas\/index.php?rest_route=\/wp\/v2\/users\/2"}],"replies":[{"embeddable":true,"href":"https:\/\/www.fafich.ufmg.br\/relacoespublicas\/index.php?rest_route=%2Fwp%2Fv2%2Fcomments&post=540"}],"version-history":[{"count":4,"href":"https:\/\/www.fafich.ufmg.br\/relacoespublicas\/index.php?rest_route=\/wp\/v2\/pages\/540\/revisions"}],"predecessor-version":[{"id":1074,"href":"https:\/\/www.fafich.ufmg.br\/relacoespublicas\/index.php?rest_route=\/wp\/v2\/pages\/540\/revisions\/1074"}],"wp:attachment":[{"href":"https:\/\/www.fafich.ufmg.br\/relacoespublicas\/index.php?rest_route=%2Fwp%2Fv2%2Fmedia&parent=540"}],"curies":[{"name":"wp","href":"https:\/\/api.w.org\/{rel}","templated":true}]}}

Projeto pedagógico

<p></p>



<p>Na&nbsp;&nbsp;UFMG,&nbsp;o&nbsp;currículo&nbsp;do&nbsp;curso de&nbsp;graduação&nbsp;em&nbsp;<strong>Relações&nbsp;Públicas</strong>&nbsp;foi estruturado&nbsp;de&nbsp;forma&nbsp;a&nbsp;valorizar&nbsp;a reflexão,&nbsp;por&nbsp;parte&nbsp;do estudante,&nbsp;da prática profissional&nbsp;que&nbsp;ele&nbsp;desempenhará&nbsp;e&nbsp;encorajá-lo,&nbsp;desde&nbsp;os&nbsp;períodos&nbsp;iniciais,&nbsp;a pesquisar&nbsp;e&nbsp;a&nbsp;buscar&nbsp;inovações&nbsp;do&nbsp;fazer&nbsp;de&nbsp;suas&nbsp;atividades. Condizente&nbsp;com&nbsp;os princípios didático-pedagógicos definidos pela UFMG para&nbsp;a formação em Comunicação&nbsp;Social,&nbsp;o&nbsp;curso valoriza&nbsp;uma&nbsp;sólida&nbsp;e&nbsp;abrangente&nbsp;formação&nbsp;teórica&nbsp;no campo&nbsp;das&nbsp;ciências&nbsp;humanas&nbsp;e&nbsp;sociais,&nbsp;bem&nbsp;como&nbsp;uma&nbsp;integração&nbsp;com&nbsp;a&nbsp;pesquisa&nbsp;e com a extensão, estimulando e valorizando a participação dos discentes em projetos, segundo&nbsp;os princípios de flexibilidade e interdisciplinaridade. Considera&nbsp;a participação&nbsp;&nbsp;ativa&nbsp;dos&nbsp;discentes&nbsp;na&nbsp;definição&nbsp;de&nbsp;seus&nbsp;percursos e&nbsp;na&nbsp;concepção&nbsp;de projetos integrados.</p>



<p><a href="https://www.fafich.ufmg.br/relacoespublicas/wp-content/uploads/2020/01/Projeto-Pedag%C3%B3gico-do-Curso-de-Rela%C3%A7%C3%B5es-P%C3%BAblicas-UFMG.pdf">Projeto Pedagógico do Curso de Relações Públicas</a></p>

<p>Na&nbsp;&nbsp;UFMG,&nbsp;o&nbsp;currículo&nbsp;do&nbsp;curso de&nbsp;graduação&nbsp;em&nbsp;Relações&nbsp;Públicas&nbsp;foi estruturado&nbsp;de&nbsp;forma&nbsp;a&nbsp;valorizar&nbsp;a reflexão,&nbsp;por&nbsp;parte&nbsp;do estudante,&nbsp;da prática profissional&nbsp;que&nbsp;ele&nbsp;desempenhará&nbsp;e&nbsp;encorajá-lo,&nbsp;desde&nbsp;os&nbsp;períodos&nbsp;iniciais,&nbsp;a pesquisar&nbsp;e&nbsp;a&nbsp;buscar&nbsp;inovações&nbsp;do&nbsp;fazer&nbsp;de&nbsp;suas&nbsp;atividades. Condizente&nbsp;com&nbsp;os princípios didático-pedagógicos definidos pela UFMG para&nbsp;a formação em Comunicação&nbsp;Social,&nbsp;o&nbsp;curso valoriza&nbsp;uma&nbsp;sólida&nbsp;e&nbsp;abrangente&nbsp;formação&nbsp;teórica&nbsp;no campo&nbsp;das&nbsp;ciências&nbsp;humanas&nbsp;e&nbsp;sociais,&nbsp;bem&nbsp;como&nbsp;uma&nbsp;integração&nbsp;com&nbsp;a&nbsp;pesquisa&nbsp;e com a extensão, estimulando e valorizando a participação dos discentes em projetos, segundo&nbsp;os princípios de flexibilidade e interdisciplinaridade. Considera&nbsp;a participação&nbsp;&nbsp;ativa&nbsp;dos&nbsp;discentes&nbsp;na&nbsp;definição&nbsp;de&nbsp;seus&nbsp;percursos e&nbsp;na&nbsp;concepção&nbsp;de projetos integrados. Projeto Pedagógico do Curso de Relações Públicas</p>
