{"id":542,"date":"2025-03-21T15:56:12","date_gmt":"2025-03-21T18:56:12","guid":{"rendered":"https:\/\/www.fafich.ufmg.br\/relacoespublicas\/?page_id=542"},"modified":"2026-03-04T11:26:19","modified_gmt":"2026-03-04T14:26:19","slug":"planos-de-ensino","status":"publish","type":"page","link":"https:\/\/www.fafich.ufmg.br\/relacoespublicas\/?page_id=542","title":{"rendered":"Planos de Ensino"},"content":{"rendered":"\n<p><\/p>\n\n\n\n<p><strong>2019\/2:<\/strong>&nbsp;Acesse o Plano de Ensino das disciplinas do curso de Rela\u00e7\u00f5es P\u00fablicas neste&nbsp;<a href=\"https:\/\/drive.google.com\/drive\/folders\/1IO2MsPv9qUwoo57VbPHbGhkLEq98g9Rf?usp=sharing\">link<\/a><\/p>\n\n\n\n<p><strong>2020\/1:<\/strong>&nbsp;Acesse o Plano de Ensino das disciplinas do curso de Rela\u00e7\u00f5es P\u00fablicas no formato ERE neste&nbsp;<a href=\"https:\/\/drive.google.com\/drive\/folders\/1fbebDnodvjmvYgG05CgMgp-ZT6xJKBfW?usp=sharing\">link<\/a><\/p>\n\n\n\n<p><strong>2020\/2:<\/strong>&nbsp;Acesse o Plano de Ensino das disciplinas do curso de Rela\u00e7\u00f5es P\u00fablicas no formato ERE neste&nbsp;<a href=\"https:\/\/drive.google.com\/drive\/folders\/1auvZ1r34QoQptUM4migIaxFBLBvKb3Kc?usp=sharing\">link<\/a><\/p>\n\n\n\n<p><strong>2021\/1:<\/strong>&nbsp;Acesse o Plano de Ensino das disciplinas do curso de Rela\u00e7\u00f5es P\u00fablicas no formato ERE neste&nbsp;<a href=\"https:\/\/drive.google.com\/drive\/folders\/1rJkZX-rJTerwo2FSFAXYdUFR47LrQvNa?usp=sharing\">link<\/a><\/p>\n\n\n\n<p><strong>2021\/2:<\/strong>&nbsp;Acesse o Plano de Ensino das disciplinas do curso de Rela\u00e7\u00f5es P\u00fablicas no formato EHE neste&nbsp;<a href=\"https:\/\/drive.google.com\/drive\/folders\/11HNnXsV0zvmSHrAQNLrIy_UIUxcABdIc?usp=sharing\">link<\/a><\/p>\n\n\n\n<p><strong>2022\/1:<\/strong>&nbsp;Acesso o Plano de Ensino das disciplinas neste&nbsp;<a href=\"https:\/\/drive.google.com\/drive\/folders\/1npyJFzQDzlGi3HVIPzmGGFwt-7B0Dfbn?usp=sharing\">link<\/a><\/p>\n\n\n\n<p><strong>2022\/2:<\/strong>&nbsp;Acesso o Plano de Ensino das disciplinas neste&nbsp;<a href=\"https:\/\/drive.google.com\/drive\/folders\/1oH-D80zkxJTtcIdDLprWobjhQJ01U0he?usp=sharing\">link<\/a><\/p>\n\n\n\n<p><strong>2023\/1:<\/strong>&nbsp;Acesso o Plano de Ensino das disciplinas neste&nbsp;<a href=\"https:\/\/drive.google.com\/drive\/folders\/1jmkGNjFzEjl5qj-ttSlcQbBKoDxR4ALC?usp=sharing\">link<\/a><\/p>\n\n\n\n<p><strong>2023\/2:<\/strong>&nbsp;Acesso o Plano de Ensino das disciplinas neste&nbsp;<a href=\"https:\/\/drive.google.com\/drive\/folders\/123HKR8YiQPmcXJMBdcTVKmMtOb1drLZY?usp=sharing\">link<\/a><\/p>\n\n\n\n<p><strong>2024\/1:<\/strong>&nbsp;Acesso o Plano de Ensino das disciplinas neste&nbsp;<a href=\"https:\/\/drive.google.com\/drive\/folders\/13riA26gRnRbcZfgqGp_4o3my7GEgAMeR?usp=sharing\">link<\/a><\/p>\n","protected":false},"excerpt":{"rendered":"<p>2019\/2:&nbsp;Acesse o Plano de Ensino das disciplinas do curso de Rela\u00e7\u00f5es P\u00fablicas neste&nbsp;link 2020\/1:&nbsp;Acesse o Plano de Ensino das disciplinas do curso de Rela\u00e7\u00f5es P\u00fablicas no formato ERE neste&nbsp;link 2020\/2:&nbsp;Acesse o Plano de Ensino das disciplinas do curso de Rela\u00e7\u00f5es P\u00fablicas no formato ERE neste&nbsp;link 2021\/1:&nbsp;Acesse o Plano de Ensino das disciplinas do curso de [&hellip;]<\/p>\n","protected":false},"author":2,"featured_media":0,"parent":0,"menu_order":0,"comment_status":"closed","ping_status":"closed","template":"","meta":{"_acf_changed":false,"footnotes":""},"class_list":["post-542","page","type-page","status-publish","hentry"],"acf":[],"_links":{"self":[{"href":"https:\/\/www.fafich.ufmg.br\/relacoespublicas\/index.php?rest_route=\/wp\/v2\/pages\/542"}],"collection":[{"href":"https:\/\/www.fafich.ufmg.br\/relacoespublicas\/index.php?rest_route=\/wp\/v2\/pages"}],"about":[{"href":"https:\/\/www.fafich.ufmg.br\/relacoespublicas\/index.php?rest_route=\/wp\/v2\/types\/page"}],"author":[{"embeddable":true,"href":"https:\/\/www.fafich.ufmg.br\/relacoespublicas\/index.php?rest_route=\/wp\/v2\/users\/2"}],"replies":[{"embeddable":true,"href":"https:\/\/www.fafich.ufmg.br\/relacoespublicas\/index.php?rest_route=%2Fwp%2Fv2%2Fcomments&post=542"}],"version-history":[{"count":3,"href":"https:\/\/www.fafich.ufmg.br\/relacoespublicas\/index.php?rest_route=\/wp\/v2\/pages\/542\/revisions"}],"predecessor-version":[{"id":1072,"href":"https:\/\/www.fafich.ufmg.br\/relacoespublicas\/index.php?rest_route=\/wp\/v2\/pages\/542\/revisions\/1072"}],"wp:attachment":[{"href":"https:\/\/www.fafich.ufmg.br\/relacoespublicas\/index.php?rest_route=%2Fwp%2Fv2%2Fmedia&parent=542"}],"curies":[{"name":"wp","href":"https:\/\/api.w.org\/{rel}","templated":true}]}}

<p></p>



<p><strong>2019/2:</strong>&nbsp;Acesse o Plano de Ensino das disciplinas do curso de Relações Públicas neste&nbsp;<a href="https://drive.google.com/drive/folders/1IO2MsPv9qUwoo57VbPHbGhkLEq98g9Rf?usp=sharing">link</a></p>



<p><strong>2020/1:</strong>&nbsp;Acesse o Plano de Ensino das disciplinas do curso de Relações Públicas no formato ERE neste&nbsp;<a href="https://drive.google.com/drive/folders/1fbebDnodvjmvYgG05CgMgp-ZT6xJKBfW?usp=sharing">link</a></p>



<p><strong>2020/2:</strong>&nbsp;Acesse o Plano de Ensino das disciplinas do curso de Relações Públicas no formato ERE neste&nbsp;<a href="https://drive.google.com/drive/folders/1auvZ1r34QoQptUM4migIaxFBLBvKb3Kc?usp=sharing">link</a></p>



<p><strong>2021/1:</strong>&nbsp;Acesse o Plano de Ensino das disciplinas do curso de Relações Públicas no formato ERE neste&nbsp;<a href="https://drive.google.com/drive/folders/1rJkZX-rJTerwo2FSFAXYdUFR47LrQvNa?usp=sharing">link</a></p>



<p><strong>2021/2:</strong>&nbsp;Acesse o Plano de Ensino das disciplinas do curso de Relações Públicas no formato EHE neste&nbsp;<a href="https://drive.google.com/drive/folders/11HNnXsV0zvmSHrAQNLrIy_UIUxcABdIc?usp=sharing">link</a></p>



<p><strong>2022/1:</strong>&nbsp;Acesso o Plano de Ensino das disciplinas neste&nbsp;<a href="https://drive.google.com/drive/folders/1npyJFzQDzlGi3HVIPzmGGFwt-7B0Dfbn?usp=sharing">link</a></p>



<p><strong>2022/2:</strong>&nbsp;Acesso o Plano de Ensino das disciplinas neste&nbsp;<a href="https://drive.google.com/drive/folders/1oH-D80zkxJTtcIdDLprWobjhQJ01U0he?usp=sharing">link</a></p>



<p><strong>2023/1:</strong>&nbsp;Acesso o Plano de Ensino das disciplinas neste&nbsp;<a href="https://drive.google.com/drive/folders/1jmkGNjFzEjl5qj-ttSlcQbBKoDxR4ALC?usp=sharing">link</a></p>



<p><strong>2023/2:</strong>&nbsp;Acesso o Plano de Ensino das disciplinas neste&nbsp;<a href="https://drive.google.com/drive/folders/123HKR8YiQPmcXJMBdcTVKmMtOb1drLZY?usp=sharing">link</a></p>



<p><strong>2024/1:</strong>&nbsp;Acesso o Plano de Ensino das disciplinas neste&nbsp;<a href="https://drive.google.com/drive/folders/13riA26gRnRbcZfgqGp_4o3my7GEgAMeR?usp=sharing">link</a></p>

<p>2019/2:&nbsp;Acesse o Plano de Ensino das disciplinas do curso de Relações Públicas neste&nbsp;link 2020/1:&nbsp;Acesse o Plano de Ensino das disciplinas do curso de Relações Públicas no formato ERE neste&nbsp;link 2020/2:&nbsp;Acesse o Plano de Ensino das disciplinas do curso de Relações Públicas no formato ERE neste&nbsp;link 2021/1:&nbsp;Acesse o Plano de Ensino das disciplinas do curso de [&hellip;]</p>
