{"id":544,"date":"2025-03-21T15:56:12","date_gmt":"2025-03-21T18:56:12","guid":{"rendered":"https:\/\/www.fafich.ufmg.br\/relacoespublicas\/?page_id=544"},"modified":"2026-03-04T11:19:28","modified_gmt":"2026-03-04T14:19:28","slug":"colacao-de-grau","status":"publish","type":"page","link":"https:\/\/www.fafich.ufmg.br\/relacoespublicas\/?page_id=544","title":{"rendered":"Cola\u00e7\u00e3o de grau"},"content":{"rendered":"\n<p><\/p>\n\n\n\n<p>No per\u00edodo estipulado pelo calend\u00e1rio acad\u00eamico da UFMG, o discente com condi\u00e7\u00f5es de integralizar a carga hor\u00e1ria do curso deve solicitar a cola\u00e7\u00e3o de grau&nbsp;<strong>pelo Moodle do Colegiado de RP<\/strong>&nbsp;preenchendo&nbsp;<a href=\"https:\/\/www.fafich.ufmg.br\/relacoespublicas\/wp-content\/uploads\/2022\/04\/Requerimento_Colacao-GRAU.pdf\">o formul\u00e1rio<\/a>.<\/p>\n\n\n\n<p>\u2665 Assista as cola\u00e7\u00f5es de grau em Rela\u00e7\u00f5es P\u00fablicas:<\/p>\n\n\n\n<p><a href=\"https:\/\/www.youtube.com\/watch?v=fsk7svVLNso&amp;t=219s\">2020\/1<\/a><\/p>\n\n\n\n<p><a href=\"https:\/\/www.youtube.com\/watch?v=jaaEbd-7XMI\">2020\/2<\/a><\/p>\n\n\n\n<p><a href=\"https:\/\/www.youtube.com\/watch?v=_-9LVKcdF_U\">2021\/1<\/a><\/p>\n\n\n\n<p><a href=\"https:\/\/www.youtube.com\/watch?v=o2neyg_M_5Y&amp;t=1s\">2021\/2<\/a><\/p>\n","protected":false},"excerpt":{"rendered":"<p>No per\u00edodo estipulado pelo calend\u00e1rio acad\u00eamico da UFMG, o discente com condi\u00e7\u00f5es de integralizar a carga hor\u00e1ria do curso deve solicitar a cola\u00e7\u00e3o de grau&nbsp;pelo Moodle do Colegiado de RP&nbsp;preenchendo&nbsp;o formul\u00e1rio. \u2665 Assista as cola\u00e7\u00f5es de grau em Rela\u00e7\u00f5es P\u00fablicas: 2020\/1 2020\/2 2021\/1 2021\/2<\/p>\n","protected":false},"author":2,"featured_media":0,"parent":0,"menu_order":0,"comment_status":"closed","ping_status":"closed","template":"","meta":{"_acf_changed":false,"footnotes":""},"class_list":["post-544","page","type-page","status-publish","hentry"],"acf":[],"_links":{"self":[{"href":"https:\/\/www.fafich.ufmg.br\/relacoespublicas\/index.php?rest_route=\/wp\/v2\/pages\/544"}],"collection":[{"href":"https:\/\/www.fafich.ufmg.br\/relacoespublicas\/index.php?rest_route=\/wp\/v2\/pages"}],"about":[{"href":"https:\/\/www.fafich.ufmg.br\/relacoespublicas\/index.php?rest_route=\/wp\/v2\/types\/page"}],"author":[{"embeddable":true,"href":"https:\/\/www.fafich.ufmg.br\/relacoespublicas\/index.php?rest_route=\/wp\/v2\/users\/2"}],"replies":[{"embeddable":true,"href":"https:\/\/www.fafich.ufmg.br\/relacoespublicas\/index.php?rest_route=%2Fwp%2Fv2%2Fcomments&post=544"}],"version-history":[{"count":3,"href":"https:\/\/www.fafich.ufmg.br\/relacoespublicas\/index.php?rest_route=\/wp\/v2\/pages\/544\/revisions"}],"predecessor-version":[{"id":1048,"href":"https:\/\/www.fafich.ufmg.br\/relacoespublicas\/index.php?rest_route=\/wp\/v2\/pages\/544\/revisions\/1048"}],"wp:attachment":[{"href":"https:\/\/www.fafich.ufmg.br\/relacoespublicas\/index.php?rest_route=%2Fwp%2Fv2%2Fmedia&parent=544"}],"curies":[{"name":"wp","href":"https:\/\/api.w.org\/{rel}","templated":true}]}}

Colação de grau

<p></p>



<p>No período estipulado pelo calendário acadêmico da UFMG, o discente com condições de integralizar a carga horária do curso deve solicitar a colação de grau&nbsp;<strong>pelo Moodle do Colegiado de RP</strong>&nbsp;preenchendo&nbsp;<a href="https://www.fafich.ufmg.br/relacoespublicas/wp-content/uploads/2022/04/Requerimento_Colacao-GRAU.pdf">o formulário</a>.</p>



<p>♥ Assista as colações de grau em Relações Públicas:</p>



<p><a href="https://www.youtube.com/watch?v=fsk7svVLNso&amp;t=219s">2020/1</a></p>



<p><a href="https://www.youtube.com/watch?v=jaaEbd-7XMI">2020/2</a></p>



<p><a href="https://www.youtube.com/watch?v=_-9LVKcdF_U">2021/1</a></p>



<p><a href="https://www.youtube.com/watch?v=o2neyg_M_5Y&amp;t=1s">2021/2</a></p>

<p>No período estipulado pelo calendário acadêmico da UFMG, o discente com condições de integralizar a carga horária do curso deve solicitar a colação de grau&nbsp;pelo Moodle do Colegiado de RP&nbsp;preenchendo&nbsp;o formulário. ♥ Assista as colações de grau em Relações Públicas: 2020/1 2020/2 2021/1 2021/2</p>
