{"id":547,"date":"2025-03-21T15:56:12","date_gmt":"2025-03-21T18:56:12","guid":{"rendered":"https:\/\/www.fafich.ufmg.br\/relacoespublicas\/?page_id=547"},"modified":"2026-03-04T11:27:26","modified_gmt":"2026-03-04T14:27:26","slug":"sobre-o-colegiado","status":"publish","type":"page","link":"https:\/\/www.fafich.ufmg.br\/relacoespublicas\/?page_id=547","title":{"rendered":"Sobre o colegiado"},"content":{"rendered":"\n<p><\/p>\n\n\n\n<p>O Colegiado de Gradua\u00e7\u00e3o \u00e9 o \u00f3rg\u00e3o deliberativo respons\u00e1vel pela edi\u00e7\u00e3o das normas que disciplinam quest\u00f5es did\u00e1ticas relativas ao curso de Rela\u00e7\u00f5es P\u00fablicas. \u00c9 dirigido por docentes que assumem a fun\u00e7\u00e3o de coordena\u00e7\u00e3o e subcoordena\u00e7\u00e3o e que s\u00e3o eleitos pelos membros do colegiado.<\/p>\n\n\n\n<p>Possui representantes discentes; al\u00e9m de professores da&nbsp;<a href=\"http:\/\/www.fafich.ufmg.br\/\" target=\"_blank\" rel=\"noreferrer noopener\">Faculdade de Filosofia e Ci\u00eancias Humanas<\/a>&nbsp;e dos Departamentos de&nbsp;<a href=\"http:\/\/www.fafich.ufmg.br\/dcs\/\" target=\"_blank\" rel=\"noreferrer noopener\">Comunica\u00e7\u00e3o Social<\/a>,&nbsp;<a href=\"https:\/\/www.eba.ufmg.br\/\" target=\"_blank\" rel=\"noreferrer noopener\">Fotografia, Teatro e Cinema<\/a>&nbsp;e&nbsp;<a href=\"https:\/\/www.face.ufmg.br\/departamentos\/ciencias-administrativas\/o-departamento.html\" target=\"_blank\" rel=\"noreferrer noopener\">Ci\u00eancias Administrativas<\/a>, que oferecem disciplinas ao curso de Rela\u00e7\u00f5es P\u00fablicas.<\/p>\n\n\n\n<p>Dentre as fun\u00e7\u00f5es do Colegiado est\u00e3o: coordenar e orientar as atividades do curso; requerer e organizar ofertas de disciplinas de sua matriz curricular; avaliar representa\u00e7\u00f5es e recursos sobre mat\u00e9ria did\u00e1tica; representar ao \u00f3rg\u00e3o competente no caso de infra\u00e7\u00e3o disciplinar; al\u00e9m de deliberar sobre quest\u00f5es relativas \u00e0 matr\u00edcula, trancamentos, reop\u00e7\u00e3o, dispensa de disciplina, transfer\u00eancia e obten\u00e7\u00e3o de novo t\u00edtulo.<\/p>\n\n\n\n<p>Veja, no&nbsp;<a href=\"https:\/\/www2.ufmg.br\/sods\/Sods\/Sobre-a-UFMG\/Regimento-Geral\" target=\"_blank\" rel=\"noreferrer noopener\">regimento geral da UFMG<\/a>, as normativas e atribui\u00e7\u00f5es completas dos \u00f3rg\u00e3os colegiados.<\/p>\n","protected":false},"excerpt":{"rendered":"<p>O Colegiado de Gradua\u00e7\u00e3o \u00e9 o \u00f3rg\u00e3o deliberativo respons\u00e1vel pela edi\u00e7\u00e3o das normas que disciplinam quest\u00f5es did\u00e1ticas relativas ao curso de Rela\u00e7\u00f5es P\u00fablicas. \u00c9 dirigido por docentes que assumem a fun\u00e7\u00e3o de coordena\u00e7\u00e3o e subcoordena\u00e7\u00e3o e que s\u00e3o eleitos pelos membros do colegiado. Possui representantes discentes; al\u00e9m de professores da&nbsp;Faculdade de Filosofia e Ci\u00eancias Humanas&nbsp;e [&hellip;]<\/p>\n","protected":false},"author":2,"featured_media":0,"parent":0,"menu_order":0,"comment_status":"closed","ping_status":"closed","template":"","meta":{"_acf_changed":false,"footnotes":""},"class_list":["post-547","page","type-page","status-publish","hentry"],"acf":[],"_links":{"self":[{"href":"https:\/\/www.fafich.ufmg.br\/relacoespublicas\/index.php?rest_route=\/wp\/v2\/pages\/547"}],"collection":[{"href":"https:\/\/www.fafich.ufmg.br\/relacoespublicas\/index.php?rest_route=\/wp\/v2\/pages"}],"about":[{"href":"https:\/\/www.fafich.ufmg.br\/relacoespublicas\/index.php?rest_route=\/wp\/v2\/types\/page"}],"author":[{"embeddable":true,"href":"https:\/\/www.fafich.ufmg.br\/relacoespublicas\/index.php?rest_route=\/wp\/v2\/users\/2"}],"replies":[{"embeddable":true,"href":"https:\/\/www.fafich.ufmg.br\/relacoespublicas\/index.php?rest_route=%2Fwp%2Fv2%2Fcomments&post=547"}],"version-history":[{"count":3,"href":"https:\/\/www.fafich.ufmg.br\/relacoespublicas\/index.php?rest_route=\/wp\/v2\/pages\/547\/revisions"}],"predecessor-version":[{"id":1079,"href":"https:\/\/www.fafich.ufmg.br\/relacoespublicas\/index.php?rest_route=\/wp\/v2\/pages\/547\/revisions\/1079"}],"wp:attachment":[{"href":"https:\/\/www.fafich.ufmg.br\/relacoespublicas\/index.php?rest_route=%2Fwp%2Fv2%2Fmedia&parent=547"}],"curies":[{"name":"wp","href":"https:\/\/api.w.org\/{rel}","templated":true}]}}

<p></p>



<p>O Colegiado de Graduação é o órgão deliberativo responsável pela edição das normas que disciplinam questões didáticas relativas ao curso de Relações Públicas. É dirigido por docentes que assumem a função de coordenação e subcoordenação e que são eleitos pelos membros do colegiado.</p>



<p>Possui representantes discentes; além de professores da&nbsp;<a href="http://www.fafich.ufmg.br/" target="_blank" rel="noreferrer noopener">Faculdade de Filosofia e Ciências Humanas</a>&nbsp;e dos Departamentos de&nbsp;<a href="http://www.fafich.ufmg.br/dcs/" target="_blank" rel="noreferrer noopener">Comunicação Social</a>,&nbsp;<a href="https://www.eba.ufmg.br/" target="_blank" rel="noreferrer noopener">Fotografia, Teatro e Cinema</a>&nbsp;e&nbsp;<a href="https://www.face.ufmg.br/departamentos/ciencias-administrativas/o-departamento.html" target="_blank" rel="noreferrer noopener">Ciências Administrativas</a>, que oferecem disciplinas ao curso de Relações Públicas.</p>



<p>Dentre as funções do Colegiado estão: coordenar e orientar as atividades do curso; requerer e organizar ofertas de disciplinas de sua matriz curricular; avaliar representações e recursos sobre matéria didática; representar ao órgão competente no caso de infração disciplinar; além de deliberar sobre questões relativas à matrícula, trancamentos, reopção, dispensa de disciplina, transferência e obtenção de novo título.</p>



<p>Veja, no&nbsp;<a href="https://www2.ufmg.br/sods/Sods/Sobre-a-UFMG/Regimento-Geral" target="_blank" rel="noreferrer noopener">regimento geral da UFMG</a>, as normativas e atribuições completas dos órgãos colegiados.</p>

<p>O Colegiado de Graduação é o órgão deliberativo responsável pela edição das normas que disciplinam questões didáticas relativas ao curso de Relações Públicas. É dirigido por docentes que assumem a função de coordenação e subcoordenação e que são eleitos pelos membros do colegiado. Possui representantes discentes; além de professores da&nbsp;Faculdade de Filosofia e Ciências Humanas&nbsp;e [&hellip;]</p>
