{"id":548,"date":"2025-03-21T15:56:12","date_gmt":"2025-03-21T18:56:12","guid":{"rendered":"https:\/\/www.fafich.ufmg.br\/relacoespublicas\/?page_id=548"},"modified":"2026-03-19T16:18:18","modified_gmt":"2026-03-19T19:18:18","slug":"coordenacao-e-membros-do-colegiado","status":"publish","type":"page","link":"https:\/\/www.fafich.ufmg.br\/relacoespublicas\/?page_id=548","title":{"rendered":"Coordena\u00e7\u00e3o e membros do Colegiado"},"content":{"rendered":"\n<p><\/p>\n\n\n\n<p><strong>Integrantes<\/strong><\/p>\n\n\n\n<p><strong>Coordena\u00e7\u00e3o do Curso de Rela\u00e7\u00f5es P\u00fablicas<\/strong><\/p>\n\n\n\n<p>Prof. Eduardo Ant\u00f4nio de Jesus (coordenador)<br>Prof. Andr\u00e9 Guimar\u00e3es Brasil (subcoordenador)<br>Mandato: (12\/07\/2024 \u2013 12\/07\/2026)<\/p>\n\n\n\n<p><strong>DOCENTES<\/strong><\/p>\n\n\n\n<p><strong>Departamento de Comunica\u00e7\u00e3o Social (FAFICH):<\/strong><\/p>\n\n\n\n<p><em>Prof\u00aa.&nbsp;Camila Mantovani (titular) \/&nbsp;Marcio Simeone Henriques&nbsp;(suplente)<\/em><br>Mandato: (09\/10\/2023 \u2013 09\/10\/2025)<\/p>\n\n\n\n<p><em>Prof.&nbsp;Douglas Aparecido Ferreira&nbsp;(titular) \/ Prof.&nbsp;Leandro Lima (suplente)<\/em><br>Mandato: (08\/04\/2024 \u2013 08\/04\/2026)<\/p>\n\n\n\n<p><em>Prof\u00aa P\u00e2mela Guimar\u00e3es da Silva (titular) \/ Prof\u00aa Valeria de F\u00e1tima Raimundo (suplente)<\/em><br>Mandato: (16\/04\/2025 \u2013 16\/04\/2027)<\/p>\n\n\n\n<p><strong>Departamento de Ci\u00eancias Administrativas&nbsp;(FACE):<br><\/strong><br><em>Profa. F\u00e1bio Roberto Ferreira Borges (titular)<br><\/em><em>Profa.&nbsp;Juliana Magalh\u00e3es Christino (suplente)<br><\/em>Mandato: (11\/04\/2024 \u2013 11\/04\/2026)<\/p>\n\n\n\n<p><strong>Departamento de Fotografia,Teatro e Cinema (EBA):<\/strong><\/p>\n\n\n\n<p><em>Prof\u00aa&nbsp;Anna Karina Castanheira Bartolomeu (titular)<br>Prof\u00aa&nbsp; Patr\u00edcia Gomes Azevedo (suplente)<br><\/em>Mandato: (11\/12\/2023 \u2013 11\/12\/2025)<\/p>\n\n\n\n<p><strong>Faculdade de Filosofia e Ci\u00eancias Humanas:<\/strong><\/p>\n\n\n\n<p><em>Prof\u00aa.\u00a0Helcimara de Souza Telles (titular)<br>Prof.\u00a0Claudio Santiago Dias Junior (suplente)<br><\/em>Mandato: (06\/02\/2026 \u2013 06\/02\/2028)<\/p>\n\n\n\n<p><\/p>\n","protected":false},"excerpt":{"rendered":"<p>Integrantes Coordena\u00e7\u00e3o do Curso de Rela\u00e7\u00f5es P\u00fablicas Prof. Eduardo Ant\u00f4nio de Jesus (coordenador)Prof. Andr\u00e9 Guimar\u00e3es Brasil (subcoordenador)Mandato: (12\/07\/2024 \u2013 12\/07\/2026) DOCENTES Departamento de Comunica\u00e7\u00e3o Social (FAFICH): Prof\u00aa.&nbsp;Camila Mantovani (titular) \/&nbsp;Marcio Simeone Henriques&nbsp;(suplente)Mandato: (09\/10\/2023 \u2013 09\/10\/2025) Prof.&nbsp;Douglas Aparecido Ferreira&nbsp;(titular) \/ Prof.&nbsp;Leandro Lima (suplente)Mandato: (08\/04\/2024 \u2013 08\/04\/2026) Prof\u00aa P\u00e2mela Guimar\u00e3es da Silva (titular) \/ Prof\u00aa Valeria de [&hellip;]<\/p>\n","protected":false},"author":2,"featured_media":0,"parent":0,"menu_order":0,"comment_status":"closed","ping_status":"closed","template":"","meta":{"_acf_changed":false,"footnotes":""},"class_list":["post-548","page","type-page","status-publish","hentry"],"acf":[],"_links":{"self":[{"href":"https:\/\/www.fafich.ufmg.br\/relacoespublicas\/index.php?rest_route=\/wp\/v2\/pages\/548"}],"collection":[{"href":"https:\/\/www.fafich.ufmg.br\/relacoespublicas\/index.php?rest_route=\/wp\/v2\/pages"}],"about":[{"href":"https:\/\/www.fafich.ufmg.br\/relacoespublicas\/index.php?rest_route=\/wp\/v2\/types\/page"}],"author":[{"embeddable":true,"href":"https:\/\/www.fafich.ufmg.br\/relacoespublicas\/index.php?rest_route=\/wp\/v2\/users\/2"}],"replies":[{"embeddable":true,"href":"https:\/\/www.fafich.ufmg.br\/relacoespublicas\/index.php?rest_route=%2Fwp%2Fv2%2Fcomments&post=548"}],"version-history":[{"count":6,"href":"https:\/\/www.fafich.ufmg.br\/relacoespublicas\/index.php?rest_route=\/wp\/v2\/pages\/548\/revisions"}],"predecessor-version":[{"id":1113,"href":"https:\/\/www.fafich.ufmg.br\/relacoespublicas\/index.php?rest_route=\/wp\/v2\/pages\/548\/revisions\/1113"}],"wp:attachment":[{"href":"https:\/\/www.fafich.ufmg.br\/relacoespublicas\/index.php?rest_route=%2Fwp%2Fv2%2Fmedia&parent=548"}],"curies":[{"name":"wp","href":"https:\/\/api.w.org\/{rel}","templated":true}]}}

Coordenação e membros do Colegiado

<p></p>



<p><strong>Integrantes</strong></p>



<p><strong>Coordenação do Curso de Relações Públicas</strong></p>



<p>Prof. Eduardo Antônio de Jesus (coordenador)<br>Prof. André Guimarães Brasil (subcoordenador)<br>Mandato: (12/07/2024 – 12/07/2026)</p>



<p><strong>DOCENTES</strong></p>



<p><strong>Departamento de Comunicação Social (FAFICH):</strong></p>



<p><em>Profª.&nbsp;Camila Mantovani (titular) /&nbsp;Marcio Simeone Henriques&nbsp;(suplente)</em><br>Mandato: (09/10/2023 – 09/10/2025)</p>



<p><em>Prof.&nbsp;Douglas Aparecido Ferreira&nbsp;(titular) / Prof.&nbsp;Leandro Lima (suplente)</em><br>Mandato: (08/04/2024 – 08/04/2026)</p>



<p><em>Profª Pâmela Guimarães da Silva (titular) / Profª Valeria de Fátima Raimundo (suplente)</em><br>Mandato: (16/04/2025 – 16/04/2027)</p>



<p><strong>Departamento de Ciências Administrativas&nbsp;(FACE):<br></strong><br><em>Profa. Fábio Roberto Ferreira Borges (titular)<br></em><em>Profa.&nbsp;Juliana Magalhães Christino (suplente)<br></em>Mandato: (11/04/2024 – 11/04/2026)</p>



<p><strong>Departamento de Fotografia,Teatro e Cinema (EBA):</strong></p>



<p><em>Profª&nbsp;Anna Karina Castanheira Bartolomeu (titular)<br>Profª&nbsp; Patrícia Gomes Azevedo (suplente)<br></em>Mandato: (11/12/2023 – 11/12/2025)</p>



<p><strong>Faculdade de Filosofia e Ciências Humanas:</strong></p>



<p><em>Profª. Helcimara de Souza Telles (titular)<br>Prof. Claudio Santiago Dias Junior (suplente)<br></em>Mandato: (06/02/2026 – 06/02/2028)</p>



<p></p>

<p>Integrantes Coordenação do Curso de Relações Públicas Prof. Eduardo Antônio de Jesus (coordenador)Prof. André Guimarães Brasil (subcoordenador)Mandato: (12/07/2024 – 12/07/2026) DOCENTES Departamento de Comunicação Social (FAFICH): Profª.&nbsp;Camila Mantovani (titular) /&nbsp;Marcio Simeone Henriques&nbsp;(suplente)Mandato: (09/10/2023 – 09/10/2025) Prof.&nbsp;Douglas Aparecido Ferreira&nbsp;(titular) / Prof.&nbsp;Leandro Lima (suplente)Mandato: (08/04/2024 – 08/04/2026) Profª Pâmela Guimarães da Silva (titular) / Profª Valeria de [&hellip;]</p>
