{"id":549,"date":"2025-03-21T15:56:12","date_gmt":"2025-03-21T18:56:12","guid":{"rendered":"https:\/\/www.fafich.ufmg.br\/relacoespublicas\/?page_id=549"},"modified":"2026-03-04T11:18:15","modified_gmt":"2026-03-04T14:18:15","slug":"atas","status":"publish","type":"page","link":"https:\/\/www.fafich.ufmg.br\/relacoespublicas\/?page_id=549","title":{"rendered":"Atas do Colegiado"},"content":{"rendered":"\n<p><\/p>\n\n\n\n<p><strong>Atas das Reuni\u00f5es do Colegiado de Gradua\u00e7\u00e3o em Rela\u00e7\u00f5es P\u00fablicas<\/strong><\/p>\n\n\n\n<p><a href=\"https:\/\/www.fafich.ufmg.br\/relacoespublicas\/wp-content\/uploads\/2020\/09\/SEI_UFMG-0195593-Ata-06.09.2020.pdf\">Reuni\u00e3o&nbsp;<\/a>de 09.06.2020<\/p>\n\n\n\n<p><a href=\"https:\/\/www.fafich.ufmg.br\/relacoespublicas\/wp-content\/uploads\/2020\/09\/SEI_UFMG-0268573-Ata-03.08.2020-assinada.pdf\">Reuni\u00e3o&nbsp;<\/a>de 03.08.2020<\/p>\n\n\n\n<p><a href=\"https:\/\/www.fafich.ufmg.br\/relacoespublicas\/wp-content\/uploads\/2020\/10\/SEI_UFMG-0314156-Ata-21.09.2020.pdf\">Reuni\u00e3o<\/a>&nbsp;de 21.09.2020<\/p>\n\n\n\n<p><a href=\"https:\/\/www.fafich.ufmg.br\/relacoespublicas\/wp-content\/uploads\/2020\/10\/SEI_UFMG-0321072-Ata-19.10.2020.pdf\">Reuni\u00e3o<\/a>&nbsp;de 19.10.2020<\/p>\n\n\n\n<p><a href=\"https:\/\/www.fafich.ufmg.br\/relacoespublicas\/wp-content\/uploads\/2021\/03\/SEI_UFMG-0613821-Ata-25-1-2021.pdf\">Reuni\u00e3o<\/a>&nbsp;de 25.01.2021<\/p>\n\n\n\n<p><a href=\"https:\/\/www.fafich.ufmg.br\/relacoespublicas\/wp-content\/uploads\/2021\/03\/SEI_UFMG-0621010-Ata-15-3-21.pdf\">Reuni\u00e3o<\/a>&nbsp;de 15.03.2021<\/p>\n\n\n\n<p><a href=\"https:\/\/www.fafich.ufmg.br\/relacoespublicas\/wp-content\/uploads\/2021\/11\/SEI_UFMG-0731817-Ata-17.5.2021.pdf\">Reuni\u00e3o<\/a>&nbsp;de 17.05.2021 (elei\u00e7\u00e3o do NDE)<\/p>\n\n\n\n<p><a href=\"https:\/\/www.fafich.ufmg.br\/relacoespublicas\/wp-content\/uploads\/2021\/11\/SEI_UFMG-1065421-Ata-29.7.21.pdf\">Reuni\u00e3o<\/a>&nbsp;de 29.07.2021<\/p>\n\n\n\n<p><a href=\"https:\/\/www.fafich.ufmg.br\/relacoespublicas\/wp-content\/uploads\/2021\/11\/SEI_UFMG-1065423-Ata-2.9.21.pdf\">Reuni\u00e3o<\/a>&nbsp;de 02.09.2021<\/p>\n\n\n\n<p><a href=\"https:\/\/www.fafich.ufmg.br\/relacoespublicas\/wp-content\/uploads\/2020\/09\/ATA-2022.05.pdf\">Reuni\u00e3o<\/a>&nbsp;de 02.05.2022<\/p>\n\n\n\n<p><a href=\"https:\/\/www.fafich.ufmg.br\/relacoespublicas\/wp-content\/uploads\/2020\/09\/ATA-2022.11pdf.pdf\">Reuni\u00e3o<\/a>&nbsp;de 16.11.2022<\/p>\n\n\n\n<p><a href=\"https:\/\/www.fafich.ufmg.br\/relacoespublicas\/wp-content\/uploads\/2020\/09\/ATA-2022.11pdf.pdf\">Reuni\u00e3o<\/a>&nbsp;de 02.12.2022<\/p>\n\n\n\n<p><a href=\"https:\/\/www.fafich.ufmg.br\/relacoespublicas\/wp-content\/uploads\/2020\/09\/ATA-2022.11pdf.pdf\">Reuni\u00e3o<\/a>&nbsp;de 26.06.2023<\/p>\n\n\n\n<p>Reuni\u00e3o de 31.10.2023<\/p>\n\n\n\n<p><a href=\"https:\/\/www.fafich.ufmg.br\/relacoespublicas\/wp-content\/uploads\/2020\/09\/ATA-2022.11pdf.pdf\">Reuni\u00e3o<\/a>&nbsp;de 17.11.2023<\/p>\n\n\n\n<p><a href=\"https:\/\/www.fafich.ufmg.br\/relacoespublicas\/wp-content\/uploads\/2024\/07\/SEI_3197324_Ata-1.pdf\">Reuni\u00e3o<\/a>&nbsp;de 22.04.2024<\/p>\n","protected":false},"excerpt":{"rendered":"<p>Atas das Reuni\u00f5es do Colegiado de Gradua\u00e7\u00e3o em Rela\u00e7\u00f5es P\u00fablicas Reuni\u00e3o&nbsp;de 09.06.2020 Reuni\u00e3o&nbsp;de 03.08.2020 Reuni\u00e3o&nbsp;de 21.09.2020 Reuni\u00e3o&nbsp;de 19.10.2020 Reuni\u00e3o&nbsp;de 25.01.2021 Reuni\u00e3o&nbsp;de 15.03.2021 Reuni\u00e3o&nbsp;de 17.05.2021 (elei\u00e7\u00e3o do NDE) Reuni\u00e3o&nbsp;de 29.07.2021 Reuni\u00e3o&nbsp;de 02.09.2021 Reuni\u00e3o&nbsp;de 02.05.2022 Reuni\u00e3o&nbsp;de 16.11.2022 Reuni\u00e3o&nbsp;de 02.12.2022 Reuni\u00e3o&nbsp;de 26.06.2023 Reuni\u00e3o de 31.10.2023 Reuni\u00e3o&nbsp;de 17.11.2023 Reuni\u00e3o&nbsp;de 22.04.2024<\/p>\n","protected":false},"author":2,"featured_media":0,"parent":0,"menu_order":0,"comment_status":"closed","ping_status":"closed","template":"","meta":{"_acf_changed":false,"footnotes":""},"class_list":["post-549","page","type-page","status-publish","hentry"],"acf":[],"_links":{"self":[{"href":"https:\/\/www.fafich.ufmg.br\/relacoespublicas\/index.php?rest_route=\/wp\/v2\/pages\/549"}],"collection":[{"href":"https:\/\/www.fafich.ufmg.br\/relacoespublicas\/index.php?rest_route=\/wp\/v2\/pages"}],"about":[{"href":"https:\/\/www.fafich.ufmg.br\/relacoespublicas\/index.php?rest_route=\/wp\/v2\/types\/page"}],"author":[{"embeddable":true,"href":"https:\/\/www.fafich.ufmg.br\/relacoespublicas\/index.php?rest_route=\/wp\/v2\/users\/2"}],"replies":[{"embeddable":true,"href":"https:\/\/www.fafich.ufmg.br\/relacoespublicas\/index.php?rest_route=%2Fwp%2Fv2%2Fcomments&post=549"}],"version-history":[{"count":5,"href":"https:\/\/www.fafich.ufmg.br\/relacoespublicas\/index.php?rest_route=\/wp\/v2\/pages\/549\/revisions"}],"predecessor-version":[{"id":1040,"href":"https:\/\/www.fafich.ufmg.br\/relacoespublicas\/index.php?rest_route=\/wp\/v2\/pages\/549\/revisions\/1040"}],"wp:attachment":[{"href":"https:\/\/www.fafich.ufmg.br\/relacoespublicas\/index.php?rest_route=%2Fwp%2Fv2%2Fmedia&parent=549"}],"curies":[{"name":"wp","href":"https:\/\/api.w.org\/{rel}","templated":true}]}}