{"id":550,"date":"2025-03-21T15:56:12","date_gmt":"2025-03-21T18:56:12","guid":{"rendered":"https:\/\/www.fafich.ufmg.br\/relacoespublicas\/?page_id=550"},"modified":"2026-03-04T11:27:31","modified_gmt":"2026-03-04T14:27:31","slug":"sobre-o-nde","status":"publish","type":"page","link":"https:\/\/www.fafich.ufmg.br\/relacoespublicas\/?page_id=550","title":{"rendered":"Sobre o NDE"},"content":{"rendered":"\n<p><\/p>\n\n\n\n<p>S\u00e3o atribui\u00e7\u00f5es do N\u00facleo Docente Estruturante:<\/p>\n\n\n\n<p>1) Propor ao Colegiado do Curso medidas que preservem a atualidade do Projeto Pedag\u00f3gico do Curso (PPC), em face das demandas e possibilidades do campo de atua\u00e7\u00e3o profissional e da sociedade, em sentido amplo;<\/p>\n\n\n\n<p>2) Avaliar e contribuir sistematicamente para a consolida\u00e7\u00e3o do perfil profissional do egresso, considerando as Diretrizes Curriculares Nacionais, bem como a necessidade de promo\u00e7\u00e3o do desenvolvimento de compet\u00eancias, visando a adequada inser\u00e7\u00e3o social e profissional em seu campo de atua\u00e7\u00e3o;<\/p>\n\n\n\n<p>3) Implementar, junto ao Colegiado do Curso, a\u00e7\u00f5es que viabilizem as pol\u00edticas necess\u00e1rias \u00e0 efetiva\u00e7\u00e3o da flexibiliza\u00e7\u00e3o curricular;<\/p>\n\n\n\n<p>4) Criar estrat\u00e9gias para viabilizar a articula\u00e7\u00e3o entre o ensino, a extens\u00e3o, a pesquisa e a p\u00f3s-gradua\u00e7\u00e3o, considerando as demandas espec\u00edficas do curso e de cada \u00e1rea do conhecimento;<\/p>\n\n\n\n<p>5) Realizar anualmente uma atividade de avalia\u00e7\u00e3o do curso com participa\u00e7\u00e3o da comunidade acad\u00eamica que resulte em relat\u00f3rio, aprovado pelo Colegiado de Gradua\u00e7\u00e3o, a ser enviado \u00e0 Comiss\u00e3o Pr\u00f3pria de Avalia\u00e7\u00e3o (CPA) da UFMG.<\/p>\n\n\n\n<p><a href=\"https:\/\/www.fafich.ufmg.br\/relacoespublicas\/wp-content\/uploads\/2019\/12\/10rescepe2018NDE-1.pdf\" target=\"_blank\" rel=\"noreferrer noopener\">Acesse aqui<\/a>&nbsp;a resolu\u00e7\u00e3o do CEPE que institui e regulamenta as fun\u00e7\u00f5es do NDE.<\/p>\n","protected":false},"excerpt":{"rendered":"<p>S\u00e3o atribui\u00e7\u00f5es do N\u00facleo Docente Estruturante: 1) Propor ao Colegiado do Curso medidas que preservem a atualidade do Projeto Pedag\u00f3gico do Curso (PPC), em face das demandas e possibilidades do campo de atua\u00e7\u00e3o profissional e da sociedade, em sentido amplo; 2) Avaliar e contribuir sistematicamente para a consolida\u00e7\u00e3o do perfil profissional do egresso, considerando as [&hellip;]<\/p>\n","protected":false},"author":2,"featured_media":0,"parent":0,"menu_order":0,"comment_status":"closed","ping_status":"closed","template":"","meta":{"_acf_changed":false,"footnotes":""},"class_list":["post-550","page","type-page","status-publish","hentry"],"acf":[],"_links":{"self":[{"href":"https:\/\/www.fafich.ufmg.br\/relacoespublicas\/index.php?rest_route=\/wp\/v2\/pages\/550"}],"collection":[{"href":"https:\/\/www.fafich.ufmg.br\/relacoespublicas\/index.php?rest_route=\/wp\/v2\/pages"}],"about":[{"href":"https:\/\/www.fafich.ufmg.br\/relacoespublicas\/index.php?rest_route=\/wp\/v2\/types\/page"}],"author":[{"embeddable":true,"href":"https:\/\/www.fafich.ufmg.br\/relacoespublicas\/index.php?rest_route=\/wp\/v2\/users\/2"}],"replies":[{"embeddable":true,"href":"https:\/\/www.fafich.ufmg.br\/relacoespublicas\/index.php?rest_route=%2Fwp%2Fv2%2Fcomments&post=550"}],"version-history":[{"count":4,"href":"https:\/\/www.fafich.ufmg.br\/relacoespublicas\/index.php?rest_route=\/wp\/v2\/pages\/550\/revisions"}],"predecessor-version":[{"id":1080,"href":"https:\/\/www.fafich.ufmg.br\/relacoespublicas\/index.php?rest_route=\/wp\/v2\/pages\/550\/revisions\/1080"}],"wp:attachment":[{"href":"https:\/\/www.fafich.ufmg.br\/relacoespublicas\/index.php?rest_route=%2Fwp%2Fv2%2Fmedia&parent=550"}],"curies":[{"name":"wp","href":"https:\/\/api.w.org\/{rel}","templated":true}]}}

<p></p>



<p>São atribuições do Núcleo Docente Estruturante:</p>



<p>1) Propor ao Colegiado do Curso medidas que preservem a atualidade do Projeto Pedagógico do Curso (PPC), em face das demandas e possibilidades do campo de atuação profissional e da sociedade, em sentido amplo;</p>



<p>2) Avaliar e contribuir sistematicamente para a consolidação do perfil profissional do egresso, considerando as Diretrizes Curriculares Nacionais, bem como a necessidade de promoção do desenvolvimento de competências, visando a adequada inserção social e profissional em seu campo de atuação;</p>



<p>3) Implementar, junto ao Colegiado do Curso, ações que viabilizem as políticas necessárias à efetivação da flexibilização curricular;</p>



<p>4) Criar estratégias para viabilizar a articulação entre o ensino, a extensão, a pesquisa e a pós-graduação, considerando as demandas específicas do curso e de cada área do conhecimento;</p>



<p>5) Realizar anualmente uma atividade de avaliação do curso com participação da comunidade acadêmica que resulte em relatório, aprovado pelo Colegiado de Graduação, a ser enviado à Comissão Própria de Avaliação (CPA) da UFMG.</p>



<p><a href="https://www.fafich.ufmg.br/relacoespublicas/wp-content/uploads/2019/12/10rescepe2018NDE-1.pdf" target="_blank" rel="noreferrer noopener">Acesse aqui</a>&nbsp;a resolução do CEPE que institui e regulamenta as funções do NDE.</p>

<p>São atribuições do Núcleo Docente Estruturante: 1) Propor ao Colegiado do Curso medidas que preservem a atualidade do Projeto Pedagógico do Curso (PPC), em face das demandas e possibilidades do campo de atuação profissional e da sociedade, em sentido amplo; 2) Avaliar e contribuir sistematicamente para a consolidação do perfil profissional do egresso, considerando as [&hellip;]</p>
