{"id":554,"date":"2025-03-21T15:56:12","date_gmt":"2025-03-21T18:56:12","guid":{"rendered":"https:\/\/www.fafich.ufmg.br\/relacoespublicas\/?page_id=554"},"modified":"2026-03-04T11:27:04","modified_gmt":"2026-03-04T14:27:04","slug":"resolucoes-do-colegiado","status":"publish","type":"page","link":"https:\/\/www.fafich.ufmg.br\/relacoespublicas\/?page_id=554","title":{"rendered":"Resolu\u00e7\u00f5es do Colegiado"},"content":{"rendered":"\n<p><\/p>\n\n\n\n<p><a href=\"https:\/\/www.fafich.ufmg.br\/relacoespublicas\/wp-content\/uploads\/2020\/08\/Resoluc%CC%A7a%CC%83o-01.2018-Estabelece-normas-para-Criac%CC%A7a%CC%83o-dos-Projetos-de-Ensino-Estruturantes-Final-1.pdf\">Resolu\u00e7\u00e3o 01\/2018<\/a>&nbsp;\u2013 Estabelece o Projeto de Ensino Estruturante<\/p>\n\n\n\n<p><a href=\"https:\/\/www.fafich.ufmg.br\/relacoespublicas\/wp-content\/uploads\/2020\/08\/Resolucao-02.2018-Disciplina-de-Projetos.pdf\">Resolu\u00e7\u00e3o 02\/2018<\/a>&nbsp;\u2013 Defini\u00e7\u00f5es das disciplinas de Projetos<\/p>\n\n\n\n<p><a href=\"https:\/\/www.fafich.ufmg.br\/relacoespublicas\/wp-content\/uploads\/2020\/08\/Resolucao-032018-Formacao-Livre-e-FCA.pdf\">Resolu\u00e7\u00e3o 03\/2018<\/a>&nbsp;\u2013 Defini\u00e7\u00f5es sobre Forma\u00e7\u00e3o Livre e Forma\u00e7\u00e3o Complementar Aberta<\/p>\n\n\n\n<p><a href=\"https:\/\/www.fafich.ufmg.br\/relacoespublicas\/wp-content\/uploads\/2020\/08\/Resolucao-042018-Refugiados-Poli%CC%81ticos.pdf\">Resolu\u00e7\u00e3o 04\/2018<\/a>&nbsp;\u2013 Matr\u00edcula especial para refugiados pol\u00edticos<\/p>\n\n\n\n<p><a href=\"https:\/\/www.fafich.ufmg.br\/relacoespublicas\/wp-content\/uploads\/2020\/08\/Resolucao-052018-Projetos-Experimentais.pdf\">Resolu\u00e7\u00e3o 05\/2018<\/a>&nbsp;\u2013 Defini\u00e7\u00f5es sobre Projeto Experimental em Rela\u00e7\u00f5es P\u00fablicas<\/p>\n\n\n\n<p><a href=\"https:\/\/www.fafich.ufmg.br\/relacoespublicas\/wp-content\/uploads\/2020\/08\/Resolucao-062018-Mobilidade-Acade%CC%82mica.pdf\">Resolu\u00e7\u00e3o 06\/2018&nbsp;<\/a>\u2013 Defini\u00e7\u00f5es sobre Mobilidade Acad\u00eamica<\/p>\n\n\n\n<p><a href=\"https:\/\/www.fafich.ufmg.br\/relacoespublicas\/wp-content\/uploads\/2020\/08\/resoluc%CC%A7a%CC%83o-01-19-trancamento-total-e-parcial-APROVADA.pdf\">Resolu\u00e7\u00e3o 01\/2019<\/a>&nbsp;\u2013 Crit\u00e9rios para trancamento total e parcial<\/p>\n\n\n\n<p><a href=\"https:\/\/www.fafich.ufmg.br\/relacoespublicas\/wp-content\/uploads\/2020\/08\/Resoluc%CC%A7a%CC%83o-02-2019-estagio-obrigatorio-2.pdf\">Resolu\u00e7\u00e3o 02\/2019<\/a>&nbsp;\u2013 Defini\u00e7\u00f5es sobre est\u00e1gio obrigat\u00f3rio e n\u00e3o obrigat\u00f3rio<\/p>\n\n\n\n<p><a href=\"https:\/\/www.fafich.ufmg.br\/relacoespublicas\/wp-content\/uploads\/2020\/08\/Resoluc%CC%A7a%CC%83o-03-2019-numero-de-creditos.pdf\">Resolu\u00e7\u00e3o 03\/2019<\/a>&nbsp;\u2013 Defini\u00e7\u00f5es sobre n\u00famero m\u00ednimo e m\u00e1ximo de cr\u00e9ditos por semestre<\/p>\n\n\n\n<p><a href=\"https:\/\/www.fafich.ufmg.br\/relacoespublicas\/wp-content\/uploads\/2020\/08\/Resoluc%CC%A7a%CC%83o-04-2019-reopc%CC%A7a%CC%83o-2.pdf\">Resolu\u00e7\u00e3o 04\/2019&nbsp;<\/a>\u2013 Crit\u00e9rios para reop\u00e7\u00e3o para o curso de Rela\u00e7\u00f5es P\u00fablicas<\/p>\n\n\n\n<p><em>Resolu\u00e7\u00e3o 05\/2019 \u2013 Substitu\u00edda pela Resolu\u00e7\u00e3o 01\/2020&nbsp;<\/em><\/p>\n\n\n\n<p><a href=\"https:\/\/www.fafich.ufmg.br\/relacoespublicas\/wp-content\/uploads\/2020\/08\/COL-RP_-Resolucao-06.2019_-Aproveitamento-atividades-anteriores-ao-curso.pdf\">Resolu\u00e7\u00e3o 06\/2019<\/a>&nbsp;\u2013 Crit\u00e9rios para aproveitamento de estudos cursados anteriormente \u00e0 entrada em Rela\u00e7\u00f5es P\u00fablicas<\/p>\n\n\n\n<p><a href=\"https:\/\/www.fafich.ufmg.br\/relacoespublicas\/wp-content\/uploads\/2020\/09\/SEI_UFMG-0276253-Resoluc%CC%A7a%CC%83o-01-2020.pdf\">Resolu\u00e7\u00e3o 01\/2020<\/a>&nbsp;\u2013&nbsp;Crit\u00e9rios para atribui\u00e7\u00e3o de cr\u00e9ditos em atividades acad\u00eamicas curriculares com registro a posteriori (Aproveitamento de atividades \u2013 G5)<\/p>\n\n\n\n<p><a href=\"https:\/\/www.fafich.ufmg.br\/relacoespublicas\/wp-content\/uploads\/2021\/03\/SEI_UFMG-0612969-Resoluc%CC%A7a%CC%83o-01-2021-NDE-RP.pdf\">Resolu\u00e7\u00e3o 01\/2021<\/a>&nbsp;\u2013 Crit\u00e9rios para composi\u00e7\u00e3o e funcionamento&nbsp;do NDE (N\u00facleo Docente Estruturante) do curso de Rela\u00e7\u00f5es P\u00fablicas<\/p>\n","protected":false},"excerpt":{"rendered":"<p>Resolu\u00e7\u00e3o 01\/2018&nbsp;\u2013 Estabelece o Projeto de Ensino Estruturante Resolu\u00e7\u00e3o 02\/2018&nbsp;\u2013 Defini\u00e7\u00f5es das disciplinas de Projetos Resolu\u00e7\u00e3o 03\/2018&nbsp;\u2013 Defini\u00e7\u00f5es sobre Forma\u00e7\u00e3o Livre e Forma\u00e7\u00e3o Complementar Aberta Resolu\u00e7\u00e3o 04\/2018&nbsp;\u2013 Matr\u00edcula especial para refugiados pol\u00edticos Resolu\u00e7\u00e3o 05\/2018&nbsp;\u2013 Defini\u00e7\u00f5es sobre Projeto Experimental em Rela\u00e7\u00f5es P\u00fablicas Resolu\u00e7\u00e3o 06\/2018&nbsp;\u2013 Defini\u00e7\u00f5es sobre Mobilidade Acad\u00eamica Resolu\u00e7\u00e3o 01\/2019&nbsp;\u2013 Crit\u00e9rios para trancamento total e parcial [&hellip;]<\/p>\n","protected":false},"author":2,"featured_media":0,"parent":0,"menu_order":0,"comment_status":"closed","ping_status":"closed","template":"","meta":{"_acf_changed":false,"footnotes":""},"class_list":["post-554","page","type-page","status-publish","hentry"],"acf":[],"_links":{"self":[{"href":"https:\/\/www.fafich.ufmg.br\/relacoespublicas\/index.php?rest_route=\/wp\/v2\/pages\/554"}],"collection":[{"href":"https:\/\/www.fafich.ufmg.br\/relacoespublicas\/index.php?rest_route=\/wp\/v2\/pages"}],"about":[{"href":"https:\/\/www.fafich.ufmg.br\/relacoespublicas\/index.php?rest_route=\/wp\/v2\/types\/page"}],"author":[{"embeddable":true,"href":"https:\/\/www.fafich.ufmg.br\/relacoespublicas\/index.php?rest_route=\/wp\/v2\/users\/2"}],"replies":[{"embeddable":true,"href":"https:\/\/www.fafich.ufmg.br\/relacoespublicas\/index.php?rest_route=%2Fwp%2Fv2%2Fcomments&post=554"}],"version-history":[{"count":4,"href":"https:\/\/www.fafich.ufmg.br\/relacoespublicas\/index.php?rest_route=\/wp\/v2\/pages\/554\/revisions"}],"predecessor-version":[{"id":1076,"href":"https:\/\/www.fafich.ufmg.br\/relacoespublicas\/index.php?rest_route=\/wp\/v2\/pages\/554\/revisions\/1076"}],"wp:attachment":[{"href":"https:\/\/www.fafich.ufmg.br\/relacoespublicas\/index.php?rest_route=%2Fwp%2Fv2%2Fmedia&parent=554"}],"curies":[{"name":"wp","href":"https:\/\/api.w.org\/{rel}","templated":true}]}}