{"id":585,"date":"2025-03-21T15:59:20","date_gmt":"2025-03-21T18:59:20","guid":{"rendered":"https:\/\/www.fafich.ufmg.br\/relacoespublicas\/?page_id=585"},"modified":"2026-03-04T11:26:59","modified_gmt":"2026-03-04T14:26:59","slug":"raep-regime-academico-especial-p-permanencia","status":"publish","type":"page","link":"https:\/\/www.fafich.ufmg.br\/relacoespublicas\/?page_id=585","title":{"rendered":"RAEP \u2014 Regime acad\u00eamico especial para perman\u00eancia"},"content":{"rendered":"\n<p><\/p>\n\n\n\n<p>A partir de 2024\/1, os discentes possuem o direito de solicitar o&nbsp;<strong>Regime Acad\u00eamico Especial para Perman\u00eancia (RAEP),<\/strong>&nbsp;regido pela resolu\u00e7\u00e3o 01\/2023.<\/p>\n\n\n\n<p>O RAEP tem por objetivo favorecer o prosseguimento dos estudos e a perman\u00eancia qualificada nas trajet\u00f3rias de forma\u00e7\u00e3o de estudantes de gradua\u00e7\u00e3o em uma ou mais das seguintes situa\u00e7\u00f5es, permanentes ou transit\u00f3rias:<\/p>\n\n\n\n<p>a) doen\u00e7a cr\u00f4nica ou prolongada;<\/p>\n\n\n\n<p>b) defici\u00eancias;<\/p>\n\n\n\n<p>c) sofrimento mental;<\/p>\n\n\n\n<p>d) gesta\u00e7\u00e3o;<\/p>\n\n\n\n<p>e) guarda e companhia de filhos com menos de 4 (quatro) anos;<\/p>\n\n\n\n<p>f) responsabilidade legal por cuidados a pessoas doentes ou com defici\u00eancias; ou<\/p>\n\n\n\n<p>g) outras situa\u00e7\u00f5es an\u00e1logas consideradas pertinentes<\/p>\n\n\n\n<p>Para concess\u00e3o do RAEP, al\u00e9m da exig\u00eancia do estudante requerente se encontrar em uma ou mais das sete condi\u00e7\u00f5es previstas, \u00e9 necess\u00e1rio que tal condi\u00e7\u00e3o \u201c<em>comprometa, significativamente, a sua capacidade de dar prosseguimento aos seus estudos no ritmo padr\u00e3o previsto na proposta formativa do curso de v\u00ednculo e manter a sua perman\u00eancia qualificada na Universidade\u201d<\/em>.&nbsp;<strong>Ou seja, o fato de um estudante se encontrar em uma ou mais das situa\u00e7\u00f5es previstas n\u00e3o \u00e9 condi\u00e7\u00e3o suficiente para concess\u00e3o do RAEP.<\/strong><\/p>\n\n\n\n<p>Al\u00e9m disso, \u00e9 fundamental a apresenta\u00e7\u00e3o de<strong>&nbsp;documenta\u00e7\u00e3o comprobat\u00f3ria<\/strong>&nbsp;conforme defini\u00e7\u00e3o da resolu\u00e7\u00e3o 01\/2023<\/p>\n\n\n\n<p>Se concedido o RAEP, o discente ter\u00e1 direito \u00e0&nbsp;<strong>flexibiliza\u00e7\u00e3o de algumas regras do regime acad\u00eamico<\/strong>&nbsp;e da adapta\u00e7\u00e3o de estrat\u00e9gias pedag\u00f3gicas, de acordo com as possibilidades operacionais e pedag\u00f3gicas da Universidade. Em nenhuma situa\u00e7\u00e3o isso significa que as disciplinas se tornar\u00e3o \u00e0 dist\u00e2ncia.&nbsp;<strong>N\u00e3o existe ensino \u00e0 dist\u00e2ncia no curso de Rela\u00e7\u00f5es P\u00fablicas.&nbsp;<\/strong><\/p>\n\n\n\n<p>A concess\u00e3o do RAEP pode fazer, por exemplo: conceder mais semestres letivos para integraliza\u00e7\u00e3o do curso, reduzir a carga hor\u00e1ria para matr\u00edcula; facilitar pedidos de trancamento parcial e total; articular estrat\u00e9gias pedag\u00f3gicas nas disciplinas.<\/p>\n\n\n\n<p><strong>COMO SOLICITAR?<\/strong><\/p>\n\n\n\n<p>1) Preencher o formul\u00e1rio para solicita\u00e7\u00e3o de RAEP e submeter pelo Moodle do Colegiado de Rela\u00e7\u00f5es P\u00fablicas<\/p>\n\n\n\n<p>2) Preparar a documenta\u00e7\u00e3o comprobat\u00f3ria em um \u00fanico pdf e submeter&nbsp;pelo Moodle&nbsp;do Colegiado de Rela\u00e7\u00f5es P\u00fablicas<\/p>\n\n\n\n<p id=\"yui_3_17_2_1_1713565359402_37\">3) Acompanhar o andamento do processo, especialmente a solicita\u00e7\u00e3o de dilig\u00eancias, a partir de comunica\u00e7\u00e3o do Colegiado de Rela\u00e7\u00f5es P\u00fablicas.<\/p>\n\n\n\n<p>O Colegiado ir\u00e1 receber os pedidos de RAEP em fluxo cont\u00ednuo.<\/p>\n\n\n\n<p>Mais informa\u00e7\u00f5es entre em contato: relacoespublicas@fafich.ufmg.br ou v\u00e1 no atendimento presencial da coordena\u00e7\u00e3o<\/p>\n","protected":false},"excerpt":{"rendered":"<p>A partir de 2024\/1, os discentes possuem o direito de solicitar o&nbsp;Regime Acad\u00eamico Especial para Perman\u00eancia (RAEP),&nbsp;regido pela resolu\u00e7\u00e3o 01\/2023. O RAEP tem por objetivo favorecer o prosseguimento dos estudos e a perman\u00eancia qualificada nas trajet\u00f3rias de forma\u00e7\u00e3o de estudantes de gradua\u00e7\u00e3o em uma ou mais das seguintes situa\u00e7\u00f5es, permanentes ou transit\u00f3rias: a) doen\u00e7a cr\u00f4nica [&hellip;]<\/p>\n","protected":false},"author":2,"featured_media":0,"parent":0,"menu_order":0,"comment_status":"closed","ping_status":"closed","template":"","meta":{"_acf_changed":false,"footnotes":""},"class_list":["post-585","page","type-page","status-publish","hentry"],"acf":[],"_links":{"self":[{"href":"https:\/\/www.fafich.ufmg.br\/relacoespublicas\/index.php?rest_route=\/wp\/v2\/pages\/585"}],"collection":[{"href":"https:\/\/www.fafich.ufmg.br\/relacoespublicas\/index.php?rest_route=\/wp\/v2\/pages"}],"about":[{"href":"https:\/\/www.fafich.ufmg.br\/relacoespublicas\/index.php?rest_route=\/wp\/v2\/types\/page"}],"author":[{"embeddable":true,"href":"https:\/\/www.fafich.ufmg.br\/relacoespublicas\/index.php?rest_route=\/wp\/v2\/users\/2"}],"replies":[{"embeddable":true,"href":"https:\/\/www.fafich.ufmg.br\/relacoespublicas\/index.php?rest_route=%2Fwp%2Fv2%2Fcomments&post=585"}],"version-history":[{"count":3,"href":"https:\/\/www.fafich.ufmg.br\/relacoespublicas\/index.php?rest_route=\/wp\/v2\/pages\/585\/revisions"}],"predecessor-version":[{"id":1075,"href":"https:\/\/www.fafich.ufmg.br\/relacoespublicas\/index.php?rest_route=\/wp\/v2\/pages\/585\/revisions\/1075"}],"wp:attachment":[{"href":"https:\/\/www.fafich.ufmg.br\/relacoespublicas\/index.php?rest_route=%2Fwp%2Fv2%2Fmedia&parent=585"}],"curies":[{"name":"wp","href":"https:\/\/api.w.org\/{rel}","templated":true}]}}

RAEP — Regime acadêmico especial para permanência

<p></p>



<p>A partir de 2024/1, os discentes possuem o direito de solicitar o&nbsp;<strong>Regime Acadêmico Especial para Permanência (RAEP),</strong>&nbsp;regido pela resolução 01/2023.</p>



<p>O RAEP tem por objetivo favorecer o prosseguimento dos estudos e a permanência qualificada nas trajetórias de formação de estudantes de graduação em uma ou mais das seguintes situações, permanentes ou transitórias:</p>



<p>a) doença crônica ou prolongada;</p>



<p>b) deficiências;</p>



<p>c) sofrimento mental;</p>



<p>d) gestação;</p>



<p>e) guarda e companhia de filhos com menos de 4 (quatro) anos;</p>



<p>f) responsabilidade legal por cuidados a pessoas doentes ou com deficiências; ou</p>



<p>g) outras situações análogas consideradas pertinentes</p>



<p>Para concessão do RAEP, além da exigência do estudante requerente se encontrar em uma ou mais das sete condições previstas, é necessário que tal condição “<em>comprometa, significativamente, a sua capacidade de dar prosseguimento aos seus estudos no ritmo padrão previsto na proposta formativa do curso de vínculo e manter a sua permanência qualificada na Universidade”</em>.&nbsp;<strong>Ou seja, o fato de um estudante se encontrar em uma ou mais das situações previstas não é condição suficiente para concessão do RAEP.</strong></p>



<p>Além disso, é fundamental a apresentação de<strong>&nbsp;documentação comprobatória</strong>&nbsp;conforme definição da resolução 01/2023</p>



<p>Se concedido o RAEP, o discente terá direito à&nbsp;<strong>flexibilização de algumas regras do regime acadêmico</strong>&nbsp;e da adaptação de estratégias pedagógicas, de acordo com as possibilidades operacionais e pedagógicas da Universidade. Em nenhuma situação isso significa que as disciplinas se tornarão à distância.&nbsp;<strong>Não existe ensino à distância no curso de Relações Públicas.&nbsp;</strong></p>



<p>A concessão do RAEP pode fazer, por exemplo: conceder mais semestres letivos para integralização do curso, reduzir a carga horária para matrícula; facilitar pedidos de trancamento parcial e total; articular estratégias pedagógicas nas disciplinas.</p>



<p><strong>COMO SOLICITAR?</strong></p>



<p>1) Preencher o formulário para solicitação de RAEP e submeter pelo Moodle do Colegiado de Relações Públicas</p>



<p>2) Preparar a documentação comprobatória em um único pdf e submeter&nbsp;pelo Moodle&nbsp;do Colegiado de Relações Públicas</p>



<p id="yui_3_17_2_1_1713565359402_37">3) Acompanhar o andamento do processo, especialmente a solicitação de diligências, a partir de comunicação do Colegiado de Relações Públicas.</p>



<p>O Colegiado irá receber os pedidos de RAEP em fluxo contínuo.</p>



<p>Mais informações entre em contato: relacoespublicas@fafich.ufmg.br ou vá no atendimento presencial da coordenação</p>

<p>A partir de 2024/1, os discentes possuem o direito de solicitar o&nbsp;Regime Acadêmico Especial para Permanência (RAEP),&nbsp;regido pela resolução 01/2023. O RAEP tem por objetivo favorecer o prosseguimento dos estudos e a permanência qualificada nas trajetórias de formação de estudantes de graduação em uma ou mais das seguintes situações, permanentes ou transitórias: a) doença crônica [&hellip;]</p>
