{"id":586,"date":"2025-03-21T15:59:21","date_gmt":"2025-03-21T18:59:21","guid":{"rendered":"https:\/\/www.fafich.ufmg.br\/relacoespublicas\/?page_id=586"},"modified":"2026-03-04T11:27:11","modified_gmt":"2026-03-04T14:27:11","slug":"revisao-de-desligamento-da-ufmg","status":"publish","type":"page","link":"https:\/\/www.fafich.ufmg.br\/relacoespublicas\/?page_id=586","title":{"rendered":"Revis\u00e3o de desligamento da UFMG"},"content":{"rendered":"\n<p><\/p>\n\n\n\n<p>O estudante que tenha sido desligado poder\u00e1 solicitar revis\u00e3o de desligamento e transforma\u00e7\u00e3o de matr\u00edculas regulares em matr\u00edculas isoladas.<\/p>\n\n\n\n<p>O roteiro de revis\u00e3o do desligamento elaborado pelo DRCA pode ser acessado&nbsp;<a href=\"https:\/\/www.fafich.ufmg.br\/relacoespublicas\/wp-content\/uploads\/2024\/04\/roteiro_revisaodesligamento_estudante_rev-2.pdf\">aqui.<\/a><\/p>\n\n\n\n<blockquote class=\"wp-block-quote is-layout-flow wp-block-quote-is-layout-flow\">\n<p><strong>Crit\u00e9rios para desligamento na UFMG:<\/strong><\/p>\n<\/blockquote>\n\n\n\n<p>infrequentes&nbsp;em mais de 50% (cinquenta por cento) do total dos cr\u00e9ditos das atividades acad\u00eamicas curriculares em que estiveram matriculados(as) no segundo per\u00edodo letivo de 2019;<\/p>\n\n\n\n<p>com indicador de&nbsp;desempenho&nbsp;(RSG ou NSG)&nbsp;insuficiente[1]&nbsp;em tr\u00eas per\u00edodos letivos, consecutivos ou n\u00e3o;<\/p>\n\n\n\n<p>que excederam o tempo m\u00e1ximo de integraliza\u00e7\u00e3o atribu\u00eddo (TMIR); e\/ou<\/p>\n\n\n\n<p>que n\u00e3o atingirem os marcos intermedi\u00e1rios de integraliza\u00e7\u00e3o[2]&nbsp;definidos nos incisos I e II do art. 87 das NGG<\/p>\n\n\n\n<blockquote class=\"wp-block-quote is-layout-flow wp-block-quote-is-layout-flow\">\n<p><strong>ATEN\u00c7\u00c3O<\/strong><\/p>\n<\/blockquote>\n\n\n\n<p>Por economicidade,&nbsp;<strong><u>n\u00e3o<\/u>&nbsp;ser\u00e3o enviadas cartas registradas<\/strong>&nbsp;para comunica\u00e7\u00e3o da ocorr\u00eancia acad\u00eamica de desligamento.<\/p>\n\n\n\n<p><strong>A comunica\u00e7\u00e3o de desligamento \u00e9 feita pelo DRCA com mensagem encaminhada ao email<\/strong>&nbsp;cadastrado pelo discente quando se registrou na UFMG. O Colegiado n\u00e3o \u00e9 informado do desligamento.<\/p>\n\n\n\n<blockquote class=\"wp-block-quote is-layout-flow wp-block-quote-is-layout-flow\">\n<p><strong>ROTEIRO PARA REVIS\u00c3O DO DESLIGAMENTO<\/strong><\/p>\n\n\n\n<p><strong>Primeiro desligamento<\/strong><\/p>\n<\/blockquote>\n\n\n\n<p>Em caso de primeiro desligamento, o tr\u00e2mite deve ser feito da seguinte maneira:<\/p>\n\n\n\n<p>1 \u2013 O DRCA lan\u00e7a a notifica\u00e7\u00e3o de desligamento;<\/p>\n\n\n\n<p>2 \u2013 O discente deve entrar com um pedido de revis\u00e3o e envia uma justificativa e um novo plano de estudos,&nbsp;<strong><em>em at\u00e9 10 dias corridos<\/em>;<\/strong><\/p>\n\n\n\n<p>3 \u2013 Essa documenta\u00e7\u00e3o deve ser enviada pelo SIGA,&nbsp;por meio do portal MinhaUFMG, selecionar o m\u00f3dulo \u201cMeus&nbsp; Requerimentos de Ocorr\u00eancias\u201d, e criar um novo requerimento do tipo \u201cRevis\u00e3o de desligamento\u201d.<\/p>\n\n\n\n<p>4 \u2013 O Coordenador do Colegiado ir\u00e1 analisar o pedido e deferir\/indeferir pelo SIGA, onde o discente ser\u00e1 notificado do resultado.<\/p>\n\n\n\n<p>5 \u2013 O discente pode recorrer da decis\u00e3o entrando em contato pessoalmente com o Colegiado de Rela\u00e7\u00f5es P\u00fablicas.<\/p>\n\n\n\n<blockquote class=\"wp-block-quote is-layout-flow wp-block-quote-is-layout-flow\">\n<p><strong>Desligamento recorrente ou fora do prazo (solicita\u00e7\u00f5es extempor\u00e2neas)<\/strong><\/p>\n<\/blockquote>\n\n\n\n<p>Trata-se dos casos de&nbsp;<strong>desligamento recorrente (segunda vez ou mais)<\/strong>&nbsp;ou se o pedido for enviado&nbsp;<strong>fora do prazo de 10 dias corridos desde a notifica\u00e7\u00e3o.<\/strong><\/p>\n\n\n\n<p>De acordo com o inciso I do art. 90 das NGG, as solicita\u00e7\u00f5es de revis\u00e3o de desligamento apresentadas depois de 10 (dez) dias corridos, ap\u00f3s recebimento da comunica\u00e7\u00e3o de desligamento, devem ser julgadas pela C\u00e2mara de Gradua\u00e7\u00e3o, ouvido o respectivo Colegiado.<\/p>\n\n\n\n<p><strong>As solicita\u00e7\u00f5es extempor\u00e2neas dever\u00e3o ser protocoladas presencialmente nas secretarias dos Colegiados,<\/strong>&nbsp;seguindo os mesmos procedimentos at\u00e9 ent\u00e3o adotados em conformidade com art. 90 das NGG.<\/p>\n\n\n\n<p>O discente d<strong>eve preencher o requerimento<\/strong>&nbsp;de revis\u00e3o de desligamento, apresentar justificativa consubstanciada e apresentar novo plano de estudos. O documento a ser preenchido est\u00e1 dispon\u00edvel&nbsp;<a href=\"https:\/\/www.fafich.ufmg.br\/relacoespublicas\/wp-content\/uploads\/2024\/04\/REQUERIMENTO-DE-REVISA%CC%83O-DE-DESLIGAMENTO-E-PLANO-DE-ESTUDOS.pdf\">neste link.<\/a><\/p>\n\n\n\n<p>Uma vez que o Colegiado receba presencialmente esse documento, o pedido ser\u00e1 protocolado e encaminhado \u00e0 C\u00e2mara de Gradua\u00e7\u00e3o da UFMG. O discente ir\u00e1 acompanhar o processo pelo SEI UFMG.<\/p>\n","protected":false},"excerpt":{"rendered":"<p>O estudante que tenha sido desligado poder\u00e1 solicitar revis\u00e3o de desligamento e transforma\u00e7\u00e3o de matr\u00edculas regulares em matr\u00edculas isoladas. O roteiro de revis\u00e3o do desligamento elaborado pelo DRCA pode ser acessado&nbsp;aqui. Crit\u00e9rios para desligamento na UFMG: infrequentes&nbsp;em mais de 50% (cinquenta por cento) do total dos cr\u00e9ditos das atividades acad\u00eamicas curriculares em que estiveram matriculados(as) [&hellip;]<\/p>\n","protected":false},"author":2,"featured_media":0,"parent":0,"menu_order":0,"comment_status":"closed","ping_status":"closed","template":"","meta":{"_acf_changed":false,"footnotes":""},"class_list":["post-586","page","type-page","status-publish","hentry"],"acf":[],"_links":{"self":[{"href":"https:\/\/www.fafich.ufmg.br\/relacoespublicas\/index.php?rest_route=\/wp\/v2\/pages\/586"}],"collection":[{"href":"https:\/\/www.fafich.ufmg.br\/relacoespublicas\/index.php?rest_route=\/wp\/v2\/pages"}],"about":[{"href":"https:\/\/www.fafich.ufmg.br\/relacoespublicas\/index.php?rest_route=\/wp\/v2\/types\/page"}],"author":[{"embeddable":true,"href":"https:\/\/www.fafich.ufmg.br\/relacoespublicas\/index.php?rest_route=\/wp\/v2\/users\/2"}],"replies":[{"embeddable":true,"href":"https:\/\/www.fafich.ufmg.br\/relacoespublicas\/index.php?rest_route=%2Fwp%2Fv2%2Fcomments&post=586"}],"version-history":[{"count":4,"href":"https:\/\/www.fafich.ufmg.br\/relacoespublicas\/index.php?rest_route=\/wp\/v2\/pages\/586\/revisions"}],"predecessor-version":[{"id":1077,"href":"https:\/\/www.fafich.ufmg.br\/relacoespublicas\/index.php?rest_route=\/wp\/v2\/pages\/586\/revisions\/1077"}],"wp:attachment":[{"href":"https:\/\/www.fafich.ufmg.br\/relacoespublicas\/index.php?rest_route=%2Fwp%2Fv2%2Fmedia&parent=586"}],"curies":[{"name":"wp","href":"https:\/\/api.w.org\/{rel}","templated":true}]}}

Revisão de desligamento da UFMG

<p></p>



<p>O estudante que tenha sido desligado poderá solicitar revisão de desligamento e transformação de matrículas regulares em matrículas isoladas.</p>



<p>O roteiro de revisão do desligamento elaborado pelo DRCA pode ser acessado&nbsp;<a href="https://www.fafich.ufmg.br/relacoespublicas/wp-content/uploads/2024/04/roteiro_revisaodesligamento_estudante_rev-2.pdf">aqui.</a></p>



<blockquote class="wp-block-quote is-layout-flow wp-block-quote-is-layout-flow">
<p><strong>Critérios para desligamento na UFMG:</strong></p>
</blockquote>



<p>infrequentes&nbsp;em mais de 50% (cinquenta por cento) do total dos créditos das atividades acadêmicas curriculares em que estiveram matriculados(as) no segundo período letivo de 2019;</p>



<p>com indicador de&nbsp;desempenho&nbsp;(RSG ou NSG)&nbsp;insuficiente[1]&nbsp;em três períodos letivos, consecutivos ou não;</p>



<p>que excederam o tempo máximo de integralização atribuído (TMIR); e/ou</p>



<p>que não atingirem os marcos intermediários de integralização[2]&nbsp;definidos nos incisos I e II do art. 87 das NGG</p>



<blockquote class="wp-block-quote is-layout-flow wp-block-quote-is-layout-flow">
<p><strong>ATENÇÃO</strong></p>
</blockquote>



<p>Por economicidade,&nbsp;<strong><u>não</u>&nbsp;serão enviadas cartas registradas</strong>&nbsp;para comunicação da ocorrência acadêmica de desligamento.</p>



<p><strong>A comunicação de desligamento é feita pelo DRCA com mensagem encaminhada ao email</strong>&nbsp;cadastrado pelo discente quando se registrou na UFMG. O Colegiado não é informado do desligamento.</p>



<blockquote class="wp-block-quote is-layout-flow wp-block-quote-is-layout-flow">
<p><strong>ROTEIRO PARA REVISÃO DO DESLIGAMENTO</strong></p>



<p><strong>Primeiro desligamento</strong></p>
</blockquote>



<p>Em caso de primeiro desligamento, o trâmite deve ser feito da seguinte maneira:</p>



<p>1 – O DRCA lança a notificação de desligamento;</p>



<p>2 – O discente deve entrar com um pedido de revisão e envia uma justificativa e um novo plano de estudos,&nbsp;<strong><em>em até 10 dias corridos</em>;</strong></p>



<p>3 – Essa documentação deve ser enviada pelo SIGA,&nbsp;por meio do portal MinhaUFMG, selecionar o módulo “Meus&nbsp; Requerimentos de Ocorrências”, e criar um novo requerimento do tipo “Revisão de desligamento”.</p>



<p>4 – O Coordenador do Colegiado irá analisar o pedido e deferir/indeferir pelo SIGA, onde o discente será notificado do resultado.</p>



<p>5 – O discente pode recorrer da decisão entrando em contato pessoalmente com o Colegiado de Relações Públicas.</p>



<blockquote class="wp-block-quote is-layout-flow wp-block-quote-is-layout-flow">
<p><strong>Desligamento recorrente ou fora do prazo (solicitações extemporâneas)</strong></p>
</blockquote>



<p>Trata-se dos casos de&nbsp;<strong>desligamento recorrente (segunda vez ou mais)</strong>&nbsp;ou se o pedido for enviado&nbsp;<strong>fora do prazo de 10 dias corridos desde a notificação.</strong></p>



<p>De acordo com o inciso I do art. 90 das NGG, as solicitações de revisão de desligamento apresentadas depois de 10 (dez) dias corridos, após recebimento da comunicação de desligamento, devem ser julgadas pela Câmara de Graduação, ouvido o respectivo Colegiado.</p>



<p><strong>As solicitações extemporâneas deverão ser protocoladas presencialmente nas secretarias dos Colegiados,</strong>&nbsp;seguindo os mesmos procedimentos até então adotados em conformidade com art. 90 das NGG.</p>



<p>O discente d<strong>eve preencher o requerimento</strong>&nbsp;de revisão de desligamento, apresentar justificativa consubstanciada e apresentar novo plano de estudos. O documento a ser preenchido está disponível&nbsp;<a href="https://www.fafich.ufmg.br/relacoespublicas/wp-content/uploads/2024/04/REQUERIMENTO-DE-REVISA%CC%83O-DE-DESLIGAMENTO-E-PLANO-DE-ESTUDOS.pdf">neste link.</a></p>



<p>Uma vez que o Colegiado receba presencialmente esse documento, o pedido será protocolado e encaminhado à Câmara de Graduação da UFMG. O discente irá acompanhar o processo pelo SEI UFMG.</p>

<p>O estudante que tenha sido desligado poderá solicitar revisão de desligamento e transformação de matrículas regulares em matrículas isoladas. O roteiro de revisão do desligamento elaborado pelo DRCA pode ser acessado&nbsp;aqui. Critérios para desligamento na UFMG: infrequentes&nbsp;em mais de 50% (cinquenta por cento) do total dos créditos das atividades acadêmicas curriculares em que estiveram matriculados(as) [&hellip;]</p>
