{"id":592,"date":"2025-03-21T15:59:21","date_gmt":"2025-03-21T18:59:21","guid":{"rendered":"https:\/\/www.fafich.ufmg.br\/relacoespublicas\/?page_id=592"},"modified":"2026-03-04T11:26:08","modified_gmt":"2026-03-04T14:26:08","slug":"orientacoes","status":"publish","type":"page","link":"https:\/\/www.fafich.ufmg.br\/relacoespublicas\/?page_id=592","title":{"rendered":"Orienta\u00e7\u00f5es"},"content":{"rendered":"\n<p><\/p>\n\n\n\n<p><strong>ORIENTA\u00c7\u00d5ES PARA OS DISCENTES DO CURSO DE RELA\u00c7\u00d5ES P\u00daBLICAS<\/strong><\/p>\n\n\n\n<p><strong>1) O que \u00e9 a FCA<\/strong><\/p>\n\n\n\n<p>A&nbsp;<strong>Forma\u00e7\u00e3o Complementar Aberta<\/strong>&nbsp;\u00e9 um grupo de disciplinas que voc\u00ea realiza em&nbsp;<strong>outro curso de gradua\u00e7\u00e3o da UFMG<\/strong>. Esse grupo de disciplinas ir\u00e1 aparecer no seu hist\u00f3rico como uma forma\u00e7\u00e3o complementar.<\/p>\n\n\n\n<p>Para voc\u00ea ter direito a FCA voc\u00ea&nbsp;precisa cursar&nbsp;<strong>195 horas&nbsp;de disciplinas de outro curso<\/strong>.<\/p>\n\n\n\n<p>Caso voc\u00ea n\u00e3o queira ter a FCA, voc\u00ea precisar\u00e1 cumprir apenas a carga hor\u00e1ria de Forma\u00e7\u00e3o Livre (45horas)<\/p>\n\n\n\n<p><strong>2) Quero fazer FCA. O que preciso fazer?<\/strong><\/p>\n\n\n\n<p>O processo de inclus\u00e3o de FCA no percurso curricular ocorre&nbsp;<strong>uma vez a cada semestre<\/strong>, em calend\u00e1rio definido e divulgado pela UFMG.<\/p>\n\n\n\n<p>Nas datas divulgadas pela universidade e pelo Colegiado, o discente<strong>&nbsp;deve enviar pelo Moodle do Colegiado de RP<\/strong>&nbsp;o&nbsp;<a href=\"https:\/\/www.fafich.ufmg.br\/relacoespublicas\/wp-content\/uploads\/2022\/04\/Formula%CC%81rio-FCA-7.pdf\">formul\u00e1rio de solicita\u00e7\u00e3o de FCA<\/a>&nbsp;indicando as disciplinas que deseja cursar&nbsp;e o nome que deseja dar \u00e0 sua FCA.<\/p>\n\n\n\n<p>Em seguida, durante o per\u00edodo de mudan\u00e7a de&nbsp;<strong>plano de estudos<\/strong>&nbsp;divulgado pela universidade e pelo Colegiado, voc\u00ea deve incluir&nbsp;as disciplinas de FCA&nbsp;que voc\u00ea deseja cursar e que foram indicadas no formul\u00e1rio de solicita\u00e7\u00e3o.<\/p>\n\n\n\n<p>Com essa indica\u00e7\u00e3o das disciplinas no seu Plano de Estudos, voc\u00ea ter\u00e1 prioridade para conseguir a matr\u00edcula nessas disciplinas durante a 3\u00aa fase de matr\u00edcula online.<\/p>\n\n\n\n<p><strong>3) Como escolher a FCA?<\/strong><\/p>\n\n\n\n<p>Pense em:<\/p>\n\n\n\n<p>\u2013 \u00e1reas que voc\u00ea considera estrat\u00e9gicas de atua\u00e7\u00e3o junto com o&nbsp;campo de Rela\u00e7\u00f5es P\u00fablicas;<\/p>\n\n\n\n<p>\u2013 cursos que voc\u00ea tem interesse e curiosidade para aprender mais;<\/p>\n\n\n\n<p>\u2013 cursos que podem vir a ser uma op\u00e7\u00e3o caso deseje fazer continuidade de estudos ou Mestrado\/Especializa\u00e7\u00e3o.<\/p>\n\n\n\n<p>Uma vez definido o curso, consulte o&nbsp;<strong>Projeto Pedag\u00f3gico ou a matriz curricular dele<\/strong>&nbsp;e veja quais disciplinas voc\u00ea tem interesse. Se poss\u00edvel, entre em contato com a coordena\u00e7\u00e3o desse curso para ter mais informa\u00e7\u00f5es. Alguns cursos n\u00e3o liberam vagas de disciplinas obrigat\u00f3rias para alunos de FCA, ent\u00e3o&nbsp;<strong>consulte a coordena\u00e7\u00e3o desse curso para saber quais disciplinas est\u00e3o dispon\u00edveis para FCA<\/strong>.<\/p>\n\n\n\n<p>Qualquer d\u00favida, entre em contato com o colegiado de RP: relacoespublicas@fafich.ufmg.br<\/p>\n","protected":false},"excerpt":{"rendered":"<p>ORIENTA\u00c7\u00d5ES PARA OS DISCENTES DO CURSO DE RELA\u00c7\u00d5ES P\u00daBLICAS 1) O que \u00e9 a FCA A&nbsp;Forma\u00e7\u00e3o Complementar Aberta&nbsp;\u00e9 um grupo de disciplinas que voc\u00ea realiza em&nbsp;outro curso de gradua\u00e7\u00e3o da UFMG. Esse grupo de disciplinas ir\u00e1 aparecer no seu hist\u00f3rico como uma forma\u00e7\u00e3o complementar. Para voc\u00ea ter direito a FCA voc\u00ea&nbsp;precisa cursar&nbsp;195 horas&nbsp;de disciplinas de [&hellip;]<\/p>\n","protected":false},"author":2,"featured_media":0,"parent":0,"menu_order":0,"comment_status":"closed","ping_status":"closed","template":"","meta":{"_acf_changed":false,"footnotes":""},"class_list":["post-592","page","type-page","status-publish","hentry"],"acf":[],"_links":{"self":[{"href":"https:\/\/www.fafich.ufmg.br\/relacoespublicas\/index.php?rest_route=\/wp\/v2\/pages\/592"}],"collection":[{"href":"https:\/\/www.fafich.ufmg.br\/relacoespublicas\/index.php?rest_route=\/wp\/v2\/pages"}],"about":[{"href":"https:\/\/www.fafich.ufmg.br\/relacoespublicas\/index.php?rest_route=\/wp\/v2\/types\/page"}],"author":[{"embeddable":true,"href":"https:\/\/www.fafich.ufmg.br\/relacoespublicas\/index.php?rest_route=\/wp\/v2\/users\/2"}],"replies":[{"embeddable":true,"href":"https:\/\/www.fafich.ufmg.br\/relacoespublicas\/index.php?rest_route=%2Fwp%2Fv2%2Fcomments&post=592"}],"version-history":[{"count":4,"href":"https:\/\/www.fafich.ufmg.br\/relacoespublicas\/index.php?rest_route=\/wp\/v2\/pages\/592\/revisions"}],"predecessor-version":[{"id":1070,"href":"https:\/\/www.fafich.ufmg.br\/relacoespublicas\/index.php?rest_route=\/wp\/v2\/pages\/592\/revisions\/1070"}],"wp:attachment":[{"href":"https:\/\/www.fafich.ufmg.br\/relacoespublicas\/index.php?rest_route=%2Fwp%2Fv2%2Fmedia&parent=592"}],"curies":[{"name":"wp","href":"https:\/\/api.w.org\/{rel}","templated":true}]}}

Orientações

<p></p>



<p><strong>ORIENTAÇÕES PARA OS DISCENTES DO CURSO DE RELAÇÕES PÚBLICAS</strong></p>



<p><strong>1) O que é a FCA</strong></p>



<p>A&nbsp;<strong>Formação Complementar Aberta</strong>&nbsp;é um grupo de disciplinas que você realiza em&nbsp;<strong>outro curso de graduação da UFMG</strong>. Esse grupo de disciplinas irá aparecer no seu histórico como uma formação complementar.</p>



<p>Para você ter direito a FCA você&nbsp;precisa cursar&nbsp;<strong>195 horas&nbsp;de disciplinas de outro curso</strong>.</p>



<p>Caso você não queira ter a FCA, você precisará cumprir apenas a carga horária de Formação Livre (45horas)</p>



<p><strong>2) Quero fazer FCA. O que preciso fazer?</strong></p>



<p>O processo de inclusão de FCA no percurso curricular ocorre&nbsp;<strong>uma vez a cada semestre</strong>, em calendário definido e divulgado pela UFMG.</p>



<p>Nas datas divulgadas pela universidade e pelo Colegiado, o discente<strong>&nbsp;deve enviar pelo Moodle do Colegiado de RP</strong>&nbsp;o&nbsp;<a href="https://www.fafich.ufmg.br/relacoespublicas/wp-content/uploads/2022/04/Formula%CC%81rio-FCA-7.pdf">formulário de solicitação de FCA</a>&nbsp;indicando as disciplinas que deseja cursar&nbsp;e o nome que deseja dar à sua FCA.</p>



<p>Em seguida, durante o período de mudança de&nbsp;<strong>plano de estudos</strong>&nbsp;divulgado pela universidade e pelo Colegiado, você deve incluir&nbsp;as disciplinas de FCA&nbsp;que você deseja cursar e que foram indicadas no formulário de solicitação.</p>



<p>Com essa indicação das disciplinas no seu Plano de Estudos, você terá prioridade para conseguir a matrícula nessas disciplinas durante a 3ª fase de matrícula online.</p>



<p><strong>3) Como escolher a FCA?</strong></p>



<p>Pense em:</p>



<p>– áreas que você considera estratégicas de atuação junto com o&nbsp;campo de Relações Públicas;</p>



<p>– cursos que você tem interesse e curiosidade para aprender mais;</p>



<p>– cursos que podem vir a ser uma opção caso deseje fazer continuidade de estudos ou Mestrado/Especialização.</p>



<p>Uma vez definido o curso, consulte o&nbsp;<strong>Projeto Pedagógico ou a matriz curricular dele</strong>&nbsp;e veja quais disciplinas você tem interesse. Se possível, entre em contato com a coordenação desse curso para ter mais informações. Alguns cursos não liberam vagas de disciplinas obrigatórias para alunos de FCA, então&nbsp;<strong>consulte a coordenação desse curso para saber quais disciplinas estão disponíveis para FCA</strong>.</p>



<p>Qualquer dúvida, entre em contato com o colegiado de RP: relacoespublicas@fafich.ufmg.br</p>

<p>ORIENTAÇÕES PARA OS DISCENTES DO CURSO DE RELAÇÕES PÚBLICAS 1) O que é a FCA A&nbsp;Formação Complementar Aberta&nbsp;é um grupo de disciplinas que você realiza em&nbsp;outro curso de graduação da UFMG. Esse grupo de disciplinas irá aparecer no seu histórico como uma formação complementar. Para você ter direito a FCA você&nbsp;precisa cursar&nbsp;195 horas&nbsp;de disciplinas de [&hellip;]</p>
