{"id":594,"date":"2025-03-21T15:59:21","date_gmt":"2025-03-21T18:59:21","guid":{"rendered":"https:\/\/www.fafich.ufmg.br\/relacoespublicas\/?page_id=594"},"modified":"2026-03-04T11:20:20","modified_gmt":"2026-03-04T14:20:20","slug":"diploma","status":"publish","type":"page","link":"https:\/\/www.fafich.ufmg.br\/relacoespublicas\/?page_id=594","title":{"rendered":"Diploma"},"content":{"rendered":"\n<p><\/p>\n\n\n\n<p>Para solicitar a emiss\u00e3o da 1\u00aa via do Diploma,&nbsp; o ex-aluno deve&nbsp;enviar um e-mail para&nbsp;secretaria do Colegiado de Rela\u00e7\u00f5es P\u00fablicas (relacoespublicas@fafich.ufmg.br) com&nbsp;um&nbsp;arquivo em formato PDF com os seguintes documentos:<\/p>\n\n\n\n<p>1) Certid\u00e3o de Nascimento ou Casamento<\/p>\n\n\n\n<p>2) Identidade&nbsp;com CPF ou CNH<\/p>\n\n\n\n<p>3) Nada Consta da Biblioteca (pode ser solicitado na Biblioteca da FAFICH pelo e-mail referenciabiblioteca@fafich.ufmg.br)<\/p>\n\n\n\n<p><strong>D\u00favidas:<\/strong>&nbsp;relacoespublicas@fafich.ufmg.br<\/p>\n","protected":false},"excerpt":{"rendered":"<p>Para solicitar a emiss\u00e3o da 1\u00aa via do Diploma,&nbsp; o ex-aluno deve&nbsp;enviar um e-mail para&nbsp;secretaria do Colegiado de Rela\u00e7\u00f5es P\u00fablicas (relacoespublicas@fafich.ufmg.br) com&nbsp;um&nbsp;arquivo em formato PDF com os seguintes documentos: 1) Certid\u00e3o de Nascimento ou Casamento 2) Identidade&nbsp;com CPF ou CNH 3) Nada Consta da Biblioteca (pode ser solicitado na Biblioteca da FAFICH pelo e-mail referenciabiblioteca@fafich.ufmg.br) [&hellip;]<\/p>\n","protected":false},"author":2,"featured_media":0,"parent":0,"menu_order":0,"comment_status":"closed","ping_status":"closed","template":"","meta":{"_acf_changed":false,"footnotes":""},"class_list":["post-594","page","type-page","status-publish","hentry"],"acf":[],"_links":{"self":[{"href":"https:\/\/www.fafich.ufmg.br\/relacoespublicas\/index.php?rest_route=\/wp\/v2\/pages\/594"}],"collection":[{"href":"https:\/\/www.fafich.ufmg.br\/relacoespublicas\/index.php?rest_route=\/wp\/v2\/pages"}],"about":[{"href":"https:\/\/www.fafich.ufmg.br\/relacoespublicas\/index.php?rest_route=\/wp\/v2\/types\/page"}],"author":[{"embeddable":true,"href":"https:\/\/www.fafich.ufmg.br\/relacoespublicas\/index.php?rest_route=\/wp\/v2\/users\/2"}],"replies":[{"embeddable":true,"href":"https:\/\/www.fafich.ufmg.br\/relacoespublicas\/index.php?rest_route=%2Fwp%2Fv2%2Fcomments&post=594"}],"version-history":[{"count":3,"href":"https:\/\/www.fafich.ufmg.br\/relacoespublicas\/index.php?rest_route=\/wp\/v2\/pages\/594\/revisions"}],"predecessor-version":[{"id":1055,"href":"https:\/\/www.fafich.ufmg.br\/relacoespublicas\/index.php?rest_route=\/wp\/v2\/pages\/594\/revisions\/1055"}],"wp:attachment":[{"href":"https:\/\/www.fafich.ufmg.br\/relacoespublicas\/index.php?rest_route=%2Fwp%2Fv2%2Fmedia&parent=594"}],"curies":[{"name":"wp","href":"https:\/\/api.w.org\/{rel}","templated":true}]}}

<p></p>



<p>Para solicitar a emissão da 1ª via do Diploma,&nbsp; o ex-aluno deve&nbsp;enviar um e-mail para&nbsp;secretaria do Colegiado de Relações Públicas (relacoespublicas@fafich.ufmg.br) com&nbsp;um&nbsp;arquivo em formato PDF com os seguintes documentos:</p>



<p>1) Certidão de Nascimento ou Casamento</p>



<p>2) Identidade&nbsp;com CPF ou CNH</p>



<p>3) Nada Consta da Biblioteca (pode ser solicitado na Biblioteca da FAFICH pelo e-mail referenciabiblioteca@fafich.ufmg.br)</p>



<p><strong>Dúvidas:</strong>&nbsp;relacoespublicas@fafich.ufmg.br</p>

<p>Para solicitar a emissão da 1ª via do Diploma,&nbsp; o ex-aluno deve&nbsp;enviar um e-mail para&nbsp;secretaria do Colegiado de Relações Públicas (relacoespublicas@fafich.ufmg.br) com&nbsp;um&nbsp;arquivo em formato PDF com os seguintes documentos: 1) Certidão de Nascimento ou Casamento 2) Identidade&nbsp;com CPF ou CNH 3) Nada Consta da Biblioteca (pode ser solicitado na Biblioteca da FAFICH pelo e-mail referenciabiblioteca@fafich.ufmg.br) [&hellip;]</p>
