{"id":596,"date":"2025-03-21T15:59:21","date_gmt":"2025-03-21T18:59:21","guid":{"rendered":"https:\/\/www.fafich.ufmg.br\/relacoespublicas\/?page_id=596"},"modified":"2026-03-06T12:27:14","modified_gmt":"2026-03-06T15:27:14","slug":"atendimento","status":"publish","type":"page","link":"https:\/\/www.fafich.ufmg.br\/relacoespublicas\/?page_id=596","title":{"rendered":"Atendimento"},"content":{"rendered":"\n<p><\/p>\n\n\n\n<p><strong>C<\/strong><strong>oordena\u00e7\u00e3o \u2013\u00a0<\/strong>Presencialmente: \u00e0s\u00a0<strong>segundas-feiras<\/strong>, de\u00a0<strong>10h00 \u00e0s 12h30<\/strong>, sala 1038-C:<\/p>\n\n\n\n<p>Prof. Eduardo Ant\u00f4nio de Jesus&nbsp;<em>(coordenador)<br><\/em>Prof.&nbsp;Andr\u00e9 Guimar\u00e3es Brasil&nbsp;<em>(subcoordenador e professor orientador de est\u00e1gio)<\/em><\/p>\n\n\n\n<p><strong>Secre<\/strong><strong>taria do Colegiado \u2013\u00a0<\/strong>Presencialmente: \u00e0s\u00a0<strong>segundas-feiras, de 10h00 \u00e0s 12h30,<\/strong>\u00a0sala 1038-C<\/p>\n\n\n\n<p>\u2013 Aline Saborido<\/p>\n\n\n\n<p><strong>E-mail:<\/strong>&nbsp;relacoespublicas@fafich.ufmg.br<\/p>\n\n\n\n<p><strong>Telefone:<\/strong>&nbsp;3409-5043<\/p>\n\n\n\n<p><strong>* Pedidos&nbsp;realizados pelo Moodle de RP:<\/strong><\/p>\n\n\n\n<p>\u2013&nbsp;Aproveitamento de Estudos<br>\u2013 Aproveitamento de Atividades Extracurriculares Complementares<br>\u2013 Dispensa de Disciplina<br>\u2013 Solicita\u00e7\u00e3o de Cola\u00e7\u00e3o de Grau<br>\u2013 Formaliza\u00e7\u00e3o de Est\u00e1gio<br>\u2013 Solicita\u00e7\u00e3o de FCA<br>\u2013 Agendamento de Banca de TCC<\/p>\n\n\n\n<p><strong>* Pedidos&nbsp;realizados pelo e-mail de RP (relacoespublicas@fafich.ufmg.br):<\/strong><\/p>\n\n\n\n<p>\u2013 Regime especial<br>\u2013 Programas de Disciplinas<br>\u2013 Disciplinas Isoladas<br>\u2013 Solicita\u00e7\u00e3o de&nbsp;Emiss\u00e3o de Diploma<br>\u2013 Orienta\u00e7\u00e3o sobre normas e procedimentos acad\u00eamicos<br>\u2013 Atestados, declara\u00e7\u00f5es, certificados e hist\u00f3ricos<br>\u2013&nbsp;Declara\u00e7\u00e3o&nbsp;de matr\u00edcula<br>\u2013 Pedidos de per\u00edcias m\u00e9dicas<\/p>\n\n\n\n<p><strong>* Pedidos&nbsp;realizados pela Central de Atendimento dos Colegiados de Gradua\u00e7\u00e3o (atendimento presencial, de segunda a sexta-feira, de 8h \u00e0s 22h, sala 2033):<\/strong><\/p>\n\n\n\n<p>\u2013 Hist\u00f3rico Escolar;<br>\u2013 Comprovante de Matr\u00edcula e Atestado de Frequ\u00eancia;<br>\u2013 Declara\u00e7\u00f5es;<br>\u2013 Retirada de Carteirinhas<br>\u2013 Regime Especial.<\/p>\n","protected":false},"excerpt":{"rendered":"<p>Coordena\u00e7\u00e3o \u2013\u00a0Presencialmente: \u00e0s\u00a0segundas-feiras, de\u00a010h00 \u00e0s 12h30, sala 1038-C: Prof. Eduardo Ant\u00f4nio de Jesus&nbsp;(coordenador)Prof.&nbsp;Andr\u00e9 Guimar\u00e3es Brasil&nbsp;(subcoordenador e professor orientador de est\u00e1gio) Secretaria do Colegiado \u2013\u00a0Presencialmente: \u00e0s\u00a0segundas-feiras, de 10h00 \u00e0s 12h30,\u00a0sala 1038-C \u2013 Aline Saborido E-mail:&nbsp;relacoespublicas@fafich.ufmg.br Telefone:&nbsp;3409-5043 * Pedidos&nbsp;realizados pelo Moodle de RP: \u2013&nbsp;Aproveitamento de Estudos\u2013 Aproveitamento de Atividades Extracurriculares Complementares\u2013 Dispensa de Disciplina\u2013 Solicita\u00e7\u00e3o de Cola\u00e7\u00e3o [&hellip;]<\/p>\n","protected":false},"author":2,"featured_media":0,"parent":0,"menu_order":0,"comment_status":"closed","ping_status":"closed","template":"","meta":{"_acf_changed":false,"footnotes":""},"class_list":["post-596","page","type-page","status-publish","hentry"],"acf":[],"_links":{"self":[{"href":"https:\/\/www.fafich.ufmg.br\/relacoespublicas\/index.php?rest_route=\/wp\/v2\/pages\/596"}],"collection":[{"href":"https:\/\/www.fafich.ufmg.br\/relacoespublicas\/index.php?rest_route=\/wp\/v2\/pages"}],"about":[{"href":"https:\/\/www.fafich.ufmg.br\/relacoespublicas\/index.php?rest_route=\/wp\/v2\/types\/page"}],"author":[{"embeddable":true,"href":"https:\/\/www.fafich.ufmg.br\/relacoespublicas\/index.php?rest_route=\/wp\/v2\/users\/2"}],"replies":[{"embeddable":true,"href":"https:\/\/www.fafich.ufmg.br\/relacoespublicas\/index.php?rest_route=%2Fwp%2Fv2%2Fcomments&post=596"}],"version-history":[{"count":5,"href":"https:\/\/www.fafich.ufmg.br\/relacoespublicas\/index.php?rest_route=\/wp\/v2\/pages\/596\/revisions"}],"predecessor-version":[{"id":1096,"href":"https:\/\/www.fafich.ufmg.br\/relacoespublicas\/index.php?rest_route=\/wp\/v2\/pages\/596\/revisions\/1096"}],"wp:attachment":[{"href":"https:\/\/www.fafich.ufmg.br\/relacoespublicas\/index.php?rest_route=%2Fwp%2Fv2%2Fmedia&parent=596"}],"curies":[{"name":"wp","href":"https:\/\/api.w.org\/{rel}","templated":true}]}}