{"id":598,"date":"2025-03-21T15:59:21","date_gmt":"2025-03-21T18:59:21","guid":{"rendered":"https:\/\/www.fafich.ufmg.br\/relacoespublicas\/?page_id=598"},"modified":"2026-03-06T13:50:34","modified_gmt":"2026-03-06T16:50:34","slug":"datas-importantes-calendario-do-semestre-atual","status":"publish","type":"page","link":"https:\/\/www.fafich.ufmg.br\/relacoespublicas\/?page_id=598","title":{"rendered":"Datas importantes:"},"content":{"rendered":"\n<p><\/p>\n\n\n\n<p>Quer saber os prazos para requerimentos da universidade? Fique atento ao&nbsp;<a href=\"https:\/\/www.ufmg.br\/a-universidade\/calendario-escolar\/\" target=\"_blank\" rel=\"noreferrer noopener\">Calend\u00e1rio Acad\u00eamico Geral da UFMG<br><\/a>Para baix\u00e1-lo, clique&nbsp;<a href=\"https:\/\/www.ufmg.br\/\/app\/uploads\/2026\/02\/Calendario-Escolar-2026.pdf\" target=\"_blank\" rel=\"noreferrer noopener\">aqui<\/a>.<\/p>\n\n\n\n<p>Calend\u00e1rio do Curso de Rela\u00e7\u00f5es P\u00fablicas \u2013&nbsp;<strong>Semestre 2026\/1<\/strong><\/p>\n\n\n\n<figure data-wp-context=\"{&quot;uploadedSrc&quot;:&quot;https:\\\/\\\/www.fafich.ufmg.br\\\/relacoespublicas\\\/wp-content\\\/uploads\\\/2026\\\/03\\\/Desenho-sem-titulo-1.png&quot;,&quot;figureClassNames&quot;:&quot;wp-block-image size-full is-resized&quot;,&quot;figureStyles&quot;:null,&quot;imgClassNames&quot;:&quot;wp-image-1107&quot;,&quot;imgStyles&quot;:&quot;width:800px;height:auto&quot;,&quot;targetWidth&quot;:539,&quot;targetHeight&quot;:670,&quot;scaleAttr&quot;:false,&quot;ariaLabel&quot;:&quot;Aumentar imagem&quot;,&quot;alt&quot;:&quot;&quot;}\" data-wp-interactive=\"core\/image\" class=\"wp-block-image size-full is-resized wp-lightbox-container\"><img loading=\"lazy\" decoding=\"async\" width=\"539\" height=\"670\" data-wp-init=\"callbacks.setButtonStyles\" data-wp-on-async--click=\"actions.showLightbox\" data-wp-on-async--load=\"callbacks.setButtonStyles\" data-wp-on-async-window--resize=\"callbacks.setButtonStyles\" src=\"https:\/\/www.fafich.ufmg.br\/relacoespublicas\/wp-content\/uploads\/2026\/03\/Desenho-sem-titulo-1.png\" alt=\"\" class=\"wp-image-1107\" style=\"width:800px;height:auto\" srcset=\"https:\/\/www.fafich.ufmg.br\/relacoespublicas\/wp-content\/uploads\/2026\/03\/Desenho-sem-titulo-1.png 539w, https:\/\/www.fafich.ufmg.br\/relacoespublicas\/wp-content\/uploads\/2026\/03\/Desenho-sem-titulo-1-241x300.png 241w\" sizes=\"(max-width: 539px) 100vw, 539px\" \/><button\n\t\t\tclass=\"lightbox-trigger\"\n\t\t\ttype=\"button\"\n\t\t\taria-haspopup=\"dialog\"\n\t\t\taria-label=\"Aumentar imagem\"\n\t\t\tdata-wp-init=\"callbacks.initTriggerButton\"\n\t\t\tdata-wp-on-async--click=\"actions.showLightbox\"\n\t\t\tdata-wp-style--right=\"context.imageButtonRight\"\n\t\t\tdata-wp-style--top=\"context.imageButtonTop\"\n\t\t>\n\t\t\t<svg xmlns=\"http:\/\/www.w3.org\/2000\/svg\" width=\"12\" height=\"12\" fill=\"none\" viewBox=\"0 0 12 12\">\n\t\t\t\t<path fill=\"#fff\" d=\"M2 0a2 2 0 0 0-2 2v2h1.5V2a.5.5 0 0 1 .5-.5h2V0H2Zm2 10.5H2a.5.5 0 0 1-.5-.5V8H0v2a2 2 0 0 0 2 2h2v-1.5ZM8 12v-1.5h2a.5.5 0 0 0 .5-.5V8H12v2a2 2 0 0 1-2 2H8Zm2-12a2 2 0 0 1 2 2v2h-1.5V2a.5.5 0 0 0-.5-.5H8V0h2Z\" \/>\n\t\t\t<\/svg>\n\t\t<\/button><\/figure>\n","protected":false},"excerpt":{"rendered":"<p>Quer saber os prazos para requerimentos da universidade? Fique atento ao&nbsp;Calend\u00e1rio Acad\u00eamico Geral da UFMGPara baix\u00e1-lo, clique&nbsp;aqui. Calend\u00e1rio do Curso de Rela\u00e7\u00f5es P\u00fablicas \u2013&nbsp;Semestre 2026\/1<\/p>\n","protected":false},"author":2,"featured_media":0,"parent":0,"menu_order":0,"comment_status":"closed","ping_status":"closed","template":"","meta":{"_acf_changed":false,"footnotes":""},"class_list":["post-598","page","type-page","status-publish","hentry"],"acf":[],"_links":{"self":[{"href":"https:\/\/www.fafich.ufmg.br\/relacoespublicas\/index.php?rest_route=\/wp\/v2\/pages\/598"}],"collection":[{"href":"https:\/\/www.fafich.ufmg.br\/relacoespublicas\/index.php?rest_route=\/wp\/v2\/pages"}],"about":[{"href":"https:\/\/www.fafich.ufmg.br\/relacoespublicas\/index.php?rest_route=\/wp\/v2\/types\/page"}],"author":[{"embeddable":true,"href":"https:\/\/www.fafich.ufmg.br\/relacoespublicas\/index.php?rest_route=\/wp\/v2\/users\/2"}],"replies":[{"embeddable":true,"href":"https:\/\/www.fafich.ufmg.br\/relacoespublicas\/index.php?rest_route=%2Fwp%2Fv2%2Fcomments&post=598"}],"version-history":[{"count":9,"href":"https:\/\/www.fafich.ufmg.br\/relacoespublicas\/index.php?rest_route=\/wp\/v2\/pages\/598\/revisions"}],"predecessor-version":[{"id":1108,"href":"https:\/\/www.fafich.ufmg.br\/relacoespublicas\/index.php?rest_route=\/wp\/v2\/pages\/598\/revisions\/1108"}],"wp:attachment":[{"href":"https:\/\/www.fafich.ufmg.br\/relacoespublicas\/index.php?rest_route=%2Fwp%2Fv2%2Fmedia&parent=598"}],"curies":[{"name":"wp","href":"https:\/\/api.w.org\/{rel}","templated":true}]}}

<p></p>



<p>Quer saber os prazos para requerimentos da universidade? Fique atento ao&nbsp;<a href="https://www.ufmg.br/a-universidade/calendario-escolar/" target="_blank" rel="noreferrer noopener">Calendário Acadêmico Geral da UFMG<br></a>Para baixá-lo, clique&nbsp;<a href="https://www.ufmg.br//app/uploads/2026/02/Calendario-Escolar-2026.pdf" target="_blank" rel="noreferrer noopener">aqui</a>.</p>



<p>Calendário do Curso de Relações Públicas –&nbsp;<strong>Semestre 2026/1</strong></p>



<figure data-wp-context="{&quot;uploadedSrc&quot;:&quot;https:\/\/www.fafich.ufmg.br\/relacoespublicas\/wp-content\/uploads\/2026\/03\/Desenho-sem-titulo-1.png&quot;,&quot;figureClassNames&quot;:&quot;wp-block-image size-full is-resized&quot;,&quot;figureStyles&quot;:null,&quot;imgClassNames&quot;:&quot;wp-image-1107&quot;,&quot;imgStyles&quot;:&quot;width:800px;height:auto&quot;,&quot;targetWidth&quot;:539,&quot;targetHeight&quot;:670,&quot;scaleAttr&quot;:false,&quot;ariaLabel&quot;:&quot;Aumentar imagem&quot;,&quot;alt&quot;:&quot;&quot;}" data-wp-interactive="core/image" class="wp-block-image size-full is-resized wp-lightbox-container"><img loading="lazy" decoding="async" width="539" height="670" data-wp-init="callbacks.setButtonStyles" data-wp-on-async--click="actions.showLightbox" data-wp-on-async--load="callbacks.setButtonStyles" data-wp-on-async-window--resize="callbacks.setButtonStyles" src="https://www.fafich.ufmg.br/relacoespublicas/wp-content/uploads/2026/03/Desenho-sem-titulo-1.png" alt="" class="wp-image-1107" style="width:800px;height:auto" srcset="https://www.fafich.ufmg.br/relacoespublicas/wp-content/uploads/2026/03/Desenho-sem-titulo-1.png 539w, https://www.fafich.ufmg.br/relacoespublicas/wp-content/uploads/2026/03/Desenho-sem-titulo-1-241x300.png 241w" sizes="(max-width: 539px) 100vw, 539px" /><button
			class="lightbox-trigger"
			type="button"
			aria-haspopup="dialog"
			aria-label="Aumentar imagem"
			data-wp-init="callbacks.initTriggerButton"
			data-wp-on-async--click="actions.showLightbox"
			data-wp-style--right="context.imageButtonRight"
			data-wp-style--top="context.imageButtonTop"
		>
			<svg xmlns="http://www.w3.org/2000/svg" width="12" height="12" fill="none" viewBox="0 0 12 12">
				<path fill="#fff" d="M2 0a2 2 0 0 0-2 2v2h1.5V2a.5.5 0 0 1 .5-.5h2V0H2Zm2 10.5H2a.5.5 0 0 1-.5-.5V8H0v2a2 2 0 0 0 2 2h2v-1.5ZM8 12v-1.5h2a.5.5 0 0 0 .5-.5V8H12v2a2 2 0 0 1-2 2H8Zm2-12a2 2 0 0 1 2 2v2h-1.5V2a.5.5 0 0 0-.5-.5H8V0h2Z" />
			</svg>
		</button></figure>

<p>Quer saber os prazos para requerimentos da universidade? Fique atento ao&nbsp;Calendário Acadêmico Geral da UFMGPara baixá-lo, clique&nbsp;aqui. Calendário do Curso de Relações Públicas –&nbsp;Semestre 2026/1</p>
