{"id":80,"date":"2017-04-18T09:24:28","date_gmt":"2017-04-18T12:24:28","guid":{"rendered":"http:\/\/www.fafich.ufmg.br\/socioambientais\/?page_id=80"},"modified":"2025-04-04T14:56:16","modified_gmt":"2025-04-04T17:56:16","slug":"coordenacao","status":"publish","type":"page","link":"https:\/\/www.fafich.ufmg.br\/socioambientais\/coordenacao\/","title":{"rendered":"Coordena\u00e7\u00e3o"},"content":{"rendered":"\n<p class=\"has-text-align-center\"><span style=\"color: #008000;\"><strong>Coordenador<\/strong><\/span><br> Prof. Dr. Gilvan Ramalho Guedes <br> E-mail: csocioambientais @fafich.ufmg.br<\/p>\n\n\n\n<div class=\"wp-block-media-text alignwide is-stacked-on-mobile\"><figure class=\"wp-block-media-text__media\"><img loading=\"lazy\" width=\"1024\" height=\"768\" src=\"https:\/\/www.fafich.ufmg.br\/socioambientais\/wp-content\/uploads\/2025\/04\/WhatsApp-Image-2025-04-04-at-15.35.02-1024x768.jpeg\" alt=\"\" class=\"wp-image-1214\" srcset=\"https:\/\/www.fafich.ufmg.br\/socioambientais\/wp-content\/uploads\/2025\/04\/WhatsApp-Image-2025-04-04-at-15.35.02-1024x768.jpeg 1024w, https:\/\/www.fafich.ufmg.br\/socioambientais\/wp-content\/uploads\/2025\/04\/WhatsApp-Image-2025-04-04-at-15.35.02-300x225.jpeg 300w, https:\/\/www.fafich.ufmg.br\/socioambientais\/wp-content\/uploads\/2025\/04\/WhatsApp-Image-2025-04-04-at-15.35.02-768x576.jpeg 768w, https:\/\/www.fafich.ufmg.br\/socioambientais\/wp-content\/uploads\/2025\/04\/WhatsApp-Image-2025-04-04-at-15.35.02.jpeg 1280w\" sizes=\"(max-width: 767px) 89vw, (max-width: 1000px) 54vw, (max-width: 1071px) 543px, 580px\" \/><\/figure><div class=\"wp-block-media-text__content\">\nPossui gradua\u00e7\u00e3o em Ci\u00eancias Econ\u00f4micas (2003), especializa\u00e7\u00e3o em Finan\u00e7as (2005), Doutorado (2010) e P\u00f3s-Doutorado (2011 e 2016) em Demografia. Atualmente \u00e9 vice-coordenador do Programa de P\u00f3s-Gradua\u00e7\u00e3o em Demografia, Professor Associado do Departamento de Demografia e Pesquisador do Centro de Desenvolvimento e Planejamento Regional (CEDEPLAR) da Universidade Federal de Minas Gerais. Coordenou o Curso de Gradua\u00e7\u00e3o em Ci\u00eancias Socioambientais da UFMG entre 2015 e 2016, e foi sub-coordenador do curso de P\u00f3s-Gradua\u00e7\u00e3o em Demografia no mesmo per\u00edodo. \u00c9 cientista colaborador no CASEL \/ Indiana University Bloomington desde 2010. Tem experi\u00eancia na \u00e1rea de Demografia, com \u00eanfase em M\u00e9todos de An\u00e1lise de Popula\u00e7\u00e3o, Demografia Econ\u00f4mica Micro e Demografia do Meio-Ambiente (especialmente em pesquisas de campo na Amaz\u00f4nia e \u00e1reas com enchentes e secas), atuando principalmente nos seguintes temas: microeconomia da fam\u00edlia, economia rural, demografia da sa\u00fade, pobreza e desigualdade, an\u00e1lise e modelagem de redes sociais e abordagens quali-quanti. Nos \u00faltimos anos envolveu-se com pesquisas nacionais e internacionais sobre din\u00e2mica do uso do solo e mudan\u00e7as demogr\u00e1ficas em fronteiras agr\u00edcolas da Amaz\u00f4nia, financiados pelo CNPq, FAPEMIG, IAI\/NSF e NIH, al\u00e9m de pesquisas sobre Zika Virus financiadas pelo CNPq, FAPEMIG e NIH. Tamb\u00e9m coordena pesquisas de campo sobre enchentes e comportamento ambiental financiadas pela FAPEMIG, CNPq e Rede Clima. \u00c9 l\u00edder do Grupo CNPq de Pesquisa &#8220;Demografia de Fronteiras&#8221; e coordenador da &#8220;Sub-rede Cidades&#8221;, da Rede Clima (MCTI\/Governo Federal). Fundou e coordena, juntamente com o Professor Alisson Barbieri (UFMG) o Grupo de Estudos em Popula\u00e7\u00e3o, Economia e Ambiente (EPOPEA\/UFMG). Recentemente, tem atuado como colaborador do GEESC\/UFMG. \u00c9 revisor ad hoc de per\u00edodicos nacionais e internacionais, como REN, REBEP, Nova Economia, Ruris, Human Ecology, Remote Sensing, Demographic Research, Social Science Research, Papeles de Poblaci\u00f3n e Cadernos de Sa\u00fade P\u00fablica. Atuou como membro do corpo editorial do peri\u00f3dico &#8220;IAFOR Journal of Sustainability, Energy and The Environment&#8221; e colaborador permanente da Revista Econ\u00f4mica do Nordeste. Foi co-Editor da Revista Brasileira de Estudos de Popula\u00e7\u00e3o entre 2017 e 2018. Em 2018 assumiu a presid\u00eancia do Comit\u00ea Assessor de Ci\u00eancias Sociais Aplicadas, junto \u00e0 Pro-reitoria de Pesquisa da UFMG.\n\n\n\n<p><\/p>\n<\/div><\/div>\n\n\n\n<hr class=\"wp-block-separator\"\/>\n\n\n\n<p class=\"has-text-align-center\"><strong><span style=\"color: #008000;\">Subcoordenadora<\/span> <\/strong><br> Prof<sub>a<\/sub>. Dr<sub>a<\/sub>.\u00a0  Gisela  Zapata P. Ara\u00fajo<br> E-mail: csocioambientais@fafich.ufmg.br<\/p>\n\n\n\n<div class=\"wp-block-media-text alignwide is-stacked-on-mobile\"><figure class=\"wp-block-media-text__media\"><img loading=\"lazy\" width=\"717\" height=\"1024\" src=\"https:\/\/www.fafich.ufmg.br\/socioambientais\/wp-content\/uploads\/2025\/04\/Profile-photo-2018-e1580149951158-717x1024.jpeg\" alt=\"\" class=\"wp-image-1215\" srcset=\"https:\/\/www.fafich.ufmg.br\/socioambientais\/wp-content\/uploads\/2025\/04\/Profile-photo-2018-e1580149951158-717x1024.jpeg 717w, https:\/\/www.fafich.ufmg.br\/socioambientais\/wp-content\/uploads\/2025\/04\/Profile-photo-2018-e1580149951158-210x300.jpeg 210w, https:\/\/www.fafich.ufmg.br\/socioambientais\/wp-content\/uploads\/2025\/04\/Profile-photo-2018-e1580149951158-768x1096.jpeg 768w, https:\/\/www.fafich.ufmg.br\/socioambientais\/wp-content\/uploads\/2025\/04\/Profile-photo-2018-e1580149951158.jpeg 854w\" sizes=\"(max-width: 717px) 100vw, 717px\" \/><\/figure><div class=\"wp-block-media-text__content\">\nPossui doutorado em Geografia Humana (Newcastle University, Reino Unido, 2011), mestrado em Economia (North Carolina State University, EUA, 2003) e gradua\u00e7\u00e3o em Economia (Universidad EAFIT, Col\u00f4mbia, 2000). Atualmente, \u00e9 Professora Adjunta do Departamento de Demografia e pesquisadora do Centro de Desenvolvimento e Planejamento Regional (CEDEPLAR) da Universidade Federal de Minas Gerais (UFMG). \u00c9 membro-fundadora do Grupo de Pesquisa &#8220;Comparative Analysis on International Migration and Displacement in the Americas&#8221; [CAMINAR] e membro do Grupo de Estudos em Popula\u00e7\u00e3o, Economia e Ambiente (EPOPEA\/UFMG). Atuou como professora nos programas de gradua\u00e7\u00e3o e p\u00f3s gradua\u00e7\u00e3o do Centre for Urban and Regional Development Studies (CURDS) e da School of Geography, Politics and Sociology da Newcastle University. Atua principalmente nos temas de migra\u00e7\u00e3o transnacional, deslocamento for\u00e7ado e ref\u00fagio, remessas e o nexo migra\u00e7\u00e3o-desenvolvimento na Am\u00e9rica Latina. Escreve e fala Espanhol, Ingl\u00eas e Portugu\u00eas fluentemente. Bolsista de Produtividade em Pesquisa (PQ-2) do CNPq.\n<\/div><\/div>\n\n\n\n\n\n<p><\/p>\n","protected":false},"excerpt":{"rendered":"<p>Coordenador Prof. Dr. Gilvan Ramalho Guedes E-mail: csocioambientais @fafich.ufmg.br Possui gradua\u00e7\u00e3o em Ci\u00eancias Econ\u00f4micas (2003), especializa\u00e7\u00e3o em Finan\u00e7as (2005), Doutorado (2010) e P\u00f3s-Doutorado (2011 e 2016) em Demografia. Atualmente \u00e9 vice-coordenador do Programa de P\u00f3s-Gradua\u00e7\u00e3o em Demografia, Professor Associado do Departamento de Demografia e Pesquisador do Centro de Desenvolvimento e Planejamento Regional (CEDEPLAR) da Universidade &hellip; <\/p>\n<p class=\"link-more\"><a href=\"https:\/\/www.fafich.ufmg.br\/socioambientais\/coordenacao\/\" class=\"more-link\">Continue lendo<span class=\"screen-reader-text\"> &#8220;Coordena\u00e7\u00e3o&#8221;<\/span><\/a><\/p>\n","protected":false},"author":1,"featured_media":0,"parent":0,"menu_order":0,"comment_status":"closed","ping_status":"closed","template":"","meta":[],"_links":{"self":[{"href":"https:\/\/www.fafich.ufmg.br\/socioambientais\/wp-json\/wp\/v2\/pages\/80"}],"collection":[{"href":"https:\/\/www.fafich.ufmg.br\/socioambientais\/wp-json\/wp\/v2\/pages"}],"about":[{"href":"https:\/\/www.fafich.ufmg.br\/socioambientais\/wp-json\/wp\/v2\/types\/page"}],"author":[{"embeddable":true,"href":"https:\/\/www.fafich.ufmg.br\/socioambientais\/wp-json\/wp\/v2\/users\/1"}],"replies":[{"embeddable":true,"href":"https:\/\/www.fafich.ufmg.br\/socioambientais\/wp-json\/wp\/v2\/comments?post=80"}],"version-history":[{"count":12,"href":"https:\/\/www.fafich.ufmg.br\/socioambientais\/wp-json\/wp\/v2\/pages\/80\/revisions"}],"predecessor-version":[{"id":1216,"href":"https:\/\/www.fafich.ufmg.br\/socioambientais\/wp-json\/wp\/v2\/pages\/80\/revisions\/1216"}],"wp:attachment":[{"href":"https:\/\/www.fafich.ufmg.br\/socioambientais\/wp-json\/wp\/v2\/media?parent=80"}],"curies":[{"name":"wp","href":"https:\/\/api.w.org\/{rel}","templated":true}]}}