{"id":83,"date":"2017-04-18T09:24:47","date_gmt":"2017-04-18T12:24:47","guid":{"rendered":"http:\/\/www.fafich.ufmg.br\/socioambientais\/?page_id=83"},"modified":"2023-11-01T12:40:44","modified_gmt":"2023-11-01T15:40:44","slug":"integrantes","status":"publish","type":"page","link":"https:\/\/www.fafich.ufmg.br\/socioambientais\/coordenacao\/integrantes\/","title":{"rendered":"Integrantes"},"content":{"rendered":"<table style=\"height: 1080px;\" width=\"496\">\n<tbody>\n<tr>\n<td style=\"text-align: left;\" width=\"284\"><strong>Nome<\/strong><\/td>\n<td width=\"142\"><strong>Departamento<\/strong><\/td>\n<td width=\"189\"><strong>Mandato<\/strong><\/td>\n<\/tr>\n<tr>\n<td width=\"284\">Prof. Dra. Raquel Oliveira Santos Teixeira (coordenadora)<\/td>\n<td width=\"142\">Sociologia<\/td>\n<td width=\"189\">2022 a 2024<\/td>\n<\/tr>\n<tr>\n<td width=\"284\">Prof. Dra. Ana Beatriz Vianna Mendes (subcoordenadora)<\/td>\n<td width=\"142\">Antropologia e<br \/>Arqueologia<\/td>\n<td width=\"189\">2022 a 2024<\/td>\n<\/tr>\n<tr>\n<td width=\"284\">Prof. Aderval Costa Filho (Titular)\n<p>\u00a0<\/p>\n<p>Prof. Rubens Alves da Silva (Suplente)<\/p>\n<\/td>\n<td width=\"142\">Antropologia e<br \/>Arqueologia<\/td>\n<td width=\"189\">2022 a 2024<\/td>\n<\/tr>\n<tr>\n<td width=\"284\">Prof. Gilvan Ramalho Guedes ( titular)\n<p>\u00a0<\/p>\n<p>Jos\u00e9 Irineu Rangel Rigotti (suplente)<\/p>\n<\/td>\n<td width=\"142\">Demografia<\/td>\n<td width=\"189\">2022 a 2024<\/td>\n<\/tr>\n<tr>\n<td width=\"284\">Flavio Rodrigues (titular)<\/td>\n<td width=\"142\">Gen\u00e9tica, Ecologia, Evolu\u00e7\u00e3o<\/td>\n<td width=\"189\">2022 a 2024<\/td>\n<\/tr>\n<tr>\n<td width=\"284\">Klemens Augustinus Laschefski ( Titular)\n<p>\u00a0<\/p>\n<p>Maria Giovana Parisi ( suplente)<\/p>\n<\/td>\n<td width=\"142\">Geologia<\/td>\n<td width=\"189\">2022 a 2024<\/td>\n<\/tr>\n<tr>\n<td width=\"284\">Uende Aparecida Figueiredo Gomes (titular)\n<p>\u00a0<\/p>\n<p>Prof. Valter L\u00facio de P\u00e1dua (suplente)<\/p>\n<\/td>\n<td width=\"142\">Engenharia Sanit\u00e1ria e Ambienta<\/td>\n<td width=\"189\">2022 a 2024<\/td>\n<\/tr>\n<tr>\n<td width=\"284\">Vit\u00f3ria Elisa\n<p>\u00a0<\/p>\n<p>Isadora Jammal<\/p>\n<\/td>\n<td width=\"142\">Discentes<\/td>\n<td width=\"189\">20\/10\/2022\u00a0 a 20\/10\/2023<\/td>\n<\/tr>\n<tr>\n<td width=\"284\">Marina Paula Pereira Neves<\/td>\n<td width=\"142\">Secret\u00e1ria<\/td>\n<td width=\"189\">\u00a0<\/td>\n<\/tr>\n<tr>\n<td width=\"284\">\u00a0<\/td>\n<td width=\"142\">\u00a0<\/td>\n<td width=\"189\">\u00a0<\/td>\n<\/tr>\n<\/tbody>\n<\/table>\n\n\n<p><\/p>\n","protected":false},"excerpt":{"rendered":"<p>Nome Departamento Mandato Prof. Dra. Raquel Oliveira Santos Teixeira (coordenadora) Sociologia 2022 a 2024 Prof. Dra. Ana Beatriz Vianna Mendes (subcoordenadora) Antropologia eArqueologia 2022 a 2024 Prof. Aderval Costa Filho (Titular) \u00a0 Prof. Rubens Alves da Silva (Suplente) Antropologia eArqueologia 2022 a 2024 Prof. Gilvan Ramalho Guedes ( titular) \u00a0 Jos\u00e9 Irineu Rangel Rigotti (suplente) &hellip; <\/p>\n<p class=\"link-more\"><a href=\"https:\/\/www.fafich.ufmg.br\/socioambientais\/coordenacao\/integrantes\/\" class=\"more-link\">Continue lendo<span class=\"screen-reader-text\"> &#8220;Integrantes&#8221;<\/span><\/a><\/p>\n","protected":false},"author":1,"featured_media":0,"parent":80,"menu_order":0,"comment_status":"closed","ping_status":"closed","template":"","meta":[],"_links":{"self":[{"href":"https:\/\/www.fafich.ufmg.br\/socioambientais\/wp-json\/wp\/v2\/pages\/83"}],"collection":[{"href":"https:\/\/www.fafich.ufmg.br\/socioambientais\/wp-json\/wp\/v2\/pages"}],"about":[{"href":"https:\/\/www.fafich.ufmg.br\/socioambientais\/wp-json\/wp\/v2\/types\/page"}],"author":[{"embeddable":true,"href":"https:\/\/www.fafich.ufmg.br\/socioambientais\/wp-json\/wp\/v2\/users\/1"}],"replies":[{"embeddable":true,"href":"https:\/\/www.fafich.ufmg.br\/socioambientais\/wp-json\/wp\/v2\/comments?post=83"}],"version-history":[{"count":8,"href":"https:\/\/www.fafich.ufmg.br\/socioambientais\/wp-json\/wp\/v2\/pages\/83\/revisions"}],"predecessor-version":[{"id":829,"href":"https:\/\/www.fafich.ufmg.br\/socioambientais\/wp-json\/wp\/v2\/pages\/83\/revisions\/829"}],"up":[{"embeddable":true,"href":"https:\/\/www.fafich.ufmg.br\/socioambientais\/wp-json\/wp\/v2\/pages\/80"}],"wp:attachment":[{"href":"https:\/\/www.fafich.ufmg.br\/socioambientais\/wp-json\/wp\/v2\/media?parent=83"}],"curies":[{"name":"wp","href":"https:\/\/api.w.org\/{rel}","templated":true}]}}