{"id":893,"date":"2024-03-04T13:48:32","date_gmt":"2024-03-04T16:48:32","guid":{"rendered":"http:\/\/www.fafich.ufmg.br\/socioambientais\/?page_id=893"},"modified":"2024-03-04T13:48:32","modified_gmt":"2024-03-04T16:48:32","slug":"diploma","status":"publish","type":"page","link":"https:\/\/www.fafich.ufmg.br\/socioambientais\/diploma\/","title":{"rendered":"Diploma"},"content":{"rendered":"\n<p style=\"text-align: justify\">Informamos que as solicita\u00e7\u00f5es de diplomas e documentos diversos devem ser encaminhadas para a secretaria:<br> <a rel=\"noreferrer noopener\" href=\"mailto:csocioambientais@fafich.ufmg.br\" target=\"_blank\">csocioambientais@fafich.ufmg.br<\/a><br><br>Para requerimento de diploma \u00e9&nbsp;necess\u00e1rio o envio de :&nbsp;<br><\/p>\n\n\n\n<ul><li>1 c\u00f3pia digitalizada&nbsp; da carteira de identidade ou CNH<\/li><li>1 c\u00f3pia&nbsp; digitalizada da certid\u00e3o de nascimento ou&nbsp;casamento<\/li><li>Nada consta da biblioteca , que deve ser requerido pelo email&nbsp;<a rel=\"noreferrer noopener\" href=\"mailto:referenciabiblioteca@fafich.ufmg.br\" target=\"_blank\">referenciabiblioteca@fafich.ufmg.br<\/a><\/li><\/ul>\n\n\n\n<p><\/p>\n","protected":false},"excerpt":{"rendered":"<p>Informamos que as solicita\u00e7\u00f5es de diplomas e documentos diversos devem ser encaminhadas para a secretaria: csocioambientais@fafich.ufmg.br Para requerimento de diploma \u00e9&nbsp;necess\u00e1rio o envio de :&nbsp; 1 c\u00f3pia digitalizada&nbsp; da carteira de identidade ou CNH 1 c\u00f3pia&nbsp; digitalizada da certid\u00e3o de nascimento ou&nbsp;casamento Nada consta da biblioteca , que deve ser requerido pelo email&nbsp;referenciabiblioteca@fafich.ufmg.br<\/p>\n","protected":false},"author":1,"featured_media":0,"parent":0,"menu_order":0,"comment_status":"closed","ping_status":"closed","template":"","meta":[],"_links":{"self":[{"href":"https:\/\/www.fafich.ufmg.br\/socioambientais\/wp-json\/wp\/v2\/pages\/893"}],"collection":[{"href":"https:\/\/www.fafich.ufmg.br\/socioambientais\/wp-json\/wp\/v2\/pages"}],"about":[{"href":"https:\/\/www.fafich.ufmg.br\/socioambientais\/wp-json\/wp\/v2\/types\/page"}],"author":[{"embeddable":true,"href":"https:\/\/www.fafich.ufmg.br\/socioambientais\/wp-json\/wp\/v2\/users\/1"}],"replies":[{"embeddable":true,"href":"https:\/\/www.fafich.ufmg.br\/socioambientais\/wp-json\/wp\/v2\/comments?post=893"}],"version-history":[{"count":6,"href":"https:\/\/www.fafich.ufmg.br\/socioambientais\/wp-json\/wp\/v2\/pages\/893\/revisions"}],"predecessor-version":[{"id":1034,"href":"https:\/\/www.fafich.ufmg.br\/socioambientais\/wp-json\/wp\/v2\/pages\/893\/revisions\/1034"}],"wp:attachment":[{"href":"https:\/\/www.fafich.ufmg.br\/socioambientais\/wp-json\/wp\/v2\/media?parent=893"}],"curies":[{"name":"wp","href":"https:\/\/api.w.org\/{rel}","templated":true}]}}